000
CXUS54 KLZK 011130
CF6CCA
PRELIMINARY LOCAL CLIMATOLOGICAL DATA (WS FORM: F-6)

                                          STATION:   Clinton
                                          MONTH:     JULY
                                          YEAR:      2015
                                          LATITUDE:   35 32 N
                                          LONGITUDE:  92 22 W

  TEMPERATURE IN F:       :PCPN:    SNOW:  WIND      :SUNSHINE: SKY     :PK WND
================================================================================
1   2   3   4   5  6A  6B    7    8   9   10  11  12  13   14  15   16   17  18
                                     12Z  AVG MX 2MIN
DY MAX MIN AVG DEP HDD CDD  WTR  SNW DPTH SPD SPD DIR MIN PSBL S-S WX    SPD DR
================================================================================

 1  88  68  78   M   0  13 0.00  0.0    0  1.3  8 190   M    M   1 1       M  M
 2  90  72  81   M   0  16 0.48  0.0    0  2.2 10 220   M    M   3 13      M  M
 3  82  68  75   M   0  10 1.68  0.0    0  1.3  9 220   M    M   6 13      M  M
 4  84  66  75   M   0  10 0.00  0.0    0  0.9  7 130   M    M   5 1       M  M
 5  86  72  79   M   0  14 0.00  0.0    0  2.4  8 190   M    M   6 1       M  M
 6  86  68  77   M   0  12 0.16  0.0    0  1.9  8 180   M    M   5 128     M  M
 7  88  72  80   M   0  15 0.61  0.0    0  2.7 13 230   M    M   3 13     18 250
 8  86  72  79   M   0  14 0.75  0.0    0  4.3 15 200   M    M   5 13     18 200
 9  90  70  80   M   0  15 0.00  0.0    0  2.6 10 220   M    M   2 1       M  M
10  91  72  82   M   0  17 0.00  0.0    0  1.6  8 220   M    M   0 1       M  M
11  91  70  81   M   0  16 0.00  0.0    0  1.2  6 150   M    M   1 1       M  M
12  91  72  82   M   0  17 0.00  0.0    0  1.9  8 210   M    M   3 12      M  M
13  95  72  84   M   0  19 0.00  0.0    0  2.7  8 200   M    M   1 1       M  M
14  97  72  85   M   0  20 0.00  0.0    0  2.2  8 200   M    M   1 1       M  M
15  95  72  84   M   0  19 0.69  0.0    0  1.4  9 150   M    M   3 13      M  M
16  93  70  82   M   0  17 0.00  0.0    0  1.7  7 180   M    M   0 1       M  M
17  93  70  82   M   0  17 0.00  0.0    0  2.1  8 240   M    M   0 1       M  M
18  93  72  83   M   0  18 0.00  0.0    0  2.5  8 250   M    M   0 1       M  M
19  95  72  84   M   0  19 0.00  0.0    0  1.7  7 220   M    M   0 1       M  M
20  95  72  84   M   0  19 0.51  0.0    0  3.4 10 230   M    M   1 13      M  M
21  88  73  81   M   0  16 0.00  0.0    0  0.8  5  70   M    M   3 13      M  M
22  86  72  79   M   0  14 1.41  0.0    0  0.9  6 190   M    M   4 13      M  M
23  91  73  82   M   0  17 0.00  0.0    0  0.1  4 210   M    M   5 1       M  M
24  97  75  86   M   0  21 0.00  0.0    0  0.5  5 150   M    M   4 13      M  M
25  95  72  84   M   0  19 0.00  0.0    0  1.5  8 330   M    M   0 1       M  M
26  95  73  84   M   0  19 0.00  0.0    0  1.4  6 120   M    M   1 1       M  M
27  95  73  84   M   0  19 0.00  0.0    0  1.1  5 110   M    M   1 1       M  M
28  95  73  84   M   0  19 0.00  0.0    0  1.2  6 210   M    M   1 1       M  M
29  97  73  85   M   0  20 0.00  0.0    0  1.5  8 310   M    M   0 1       M  M
30  90  68  79   M   0  14 0.00  0.0    0  1.2  6  80   M    M   0         M  M
31  91  64  78   M   0  13 0.00  0.0    0  0.8  5  90   M    M   0         M  M
================================================================================
SM 2829 2203         0 508  6.29     0.0  53.0          M       65
================================================================================
AV 91.3 71.1                               1.7 FASTST   M    M   2    MAX(MPH)
                                 MISC ---->  # 15 200                 18    M
================================================================================
NOTES:
# LAST OF SEVERAL OCCURRENCES

COLUMN 17 PEAK WIND IN M.P.H.

PRELIMINARY LOCAL CLIMATOLOGICAL DATA (WS FORM: F-6) , PAGE 2

                                          STATION:  Clinton
                                          MONTH:    JULY
                                          YEAR:     2015
                                          LATITUDE:   35 32 N
                                          LONGITUDE:  92 22 W

[TEMPERATURE DATA]      [PRECIPITATION DATA]       SYMBOLS USED IN COLUMN 16

AVERAGE MONTHLY: 81.2   TOTAL FOR MONTH:   6.29    1 = FOG OR MIST
DPTR FM NORMAL:     M   DPTR FM NORMAL:       M    2 = FOG REDUCING VISIBILITY
HIGHEST:    97 ON 29,24 GRTST 24HR  1.68 ON  3- 3      TO 1/4 MILE OR LESS
LOWEST:     64 ON 31                               3 = THUNDER
                        SNOW, ICE PELLETS, HAIL    4 = ICE PELLETS
                        TOTAL MONTH:   0.0 INCH    5 = HAIL
                        GRTST 24HR     0.0         6 = FREEZING RAIN OR DRIZZLE
                        GRTST DEPTH:   0           7 = DUSTSTORM OR SANDSTORM:
                                                       VSBY 1/2 MILE OR LESS
                                                   8 = SMOKE OR HAZE
[NO. OF DAYS WITH]      [WEATHER - DAYS WITH]      9 = BLOWING SNOW
                                                   X = TORNADO
MAX 32 OR BELOW:   0    0.01 INCH OR MORE:   8
MAX 90 OR ABOVE:  22    0.10 INCH OR MORE:   8
MIN 32 OR BELOW:   0    0.50 INCH OR MORE:   6
MIN  0 OR BELOW:   0    1.00 INCH OR MORE:   2

[HDD (BASE 65) ]
TOTAL THIS MO.     0    CLEAR  (SCALE 0-3)  22
DPTR FM NORMAL     M    PTCLDY (SCALE 4-7)   9
TOTAL FM JUL 1     0    CLOUDY (SCALE 8-10)  0
DPTR FM NORMAL     M

[CDD (BASE 65) ]
TOTAL THIS MO.   508
DPTR FM NORMAL     M    [PRESSURE DATA]
TOTAL FM JAN 1  1049    HIGHEST SLP M ON M
DPTR FM NORMAL     M    LOWEST  SLP M ON M

[REMARKS]
#FINAL-07-15#
#FINAL-07-15#
