000
CXUS53 KARX 280900
CF6CCY
PRELIMINARY LOCAL CLIMATOLOGICAL DATA (WS FORM: F-6)
STATION: CHARLES_CITY IA
MONTH: MARCH
YEAR: 2024
LATITUDE: 43 4 N
LONGITUDE: 92 37 W
TEMPERATURE IN F: :PCPN: SNOW: WIND :SUNSHINE: SKY :PK WND
================================================================================
1 2 3 4 5 6A 6B 7 8 9 10 11 12 13 14 15 16 17 18
12Z AVG MX 2MIN
DY MAX MIN AVG DEP HDD CDD WTR SNW DPTH SPD SPD DIR MIN PSBL S-S WX SPD DR
================================================================================
1 54 30 42 14 23 0 0.00 0.0 0 17.7 25 170 M M 0 32 170
2 64 32 48 20 17 0 0.00 0.0 0 15.4 23 160 M M 0 31 180
3 75 36 56 28 9 0 0.00 0.0 0 20.4 31 270 M M 1 41 190
4 43 32 38 9 27 0 0.05 0.0 0 9.8 16 20 M M 9 23 30
5 52 25 39 10 26 0 0.00 0.0 0 7.2 14 60 M M 0 14 100
6 55 28 42 12 23 0 0.00 0.0 0 11.5 17 130 M M 3 23 130
7 54 30 42 12 23 0 0.00 0.0 0 8.9 17 140 M M 6 27 140
8 45 27 36 5 29 0 0.03 M M 15.6 21 350 M M 6 1 27 350
9 41 18 30 -1 35 0 M M M 13.4 23 340 M M 0 30 340
10 50 16 33 1 32 0 0.00 0.0 0 7.0 13 160 M M 0 15 200
11 75 32 54 22 11 0 0.00 0.0 0 12.6 17 220 M M 0 29 220
12 68 41 55 23 10 0 0.00 0.0 0 9.0 14 270 M M 0 16 290
13 70 36 53 20 12 0 0.00 0.0 0 10.9 18 110 M M 3 8 23 110
14 54 43 49 15 16 0 0.31 0.0 0 10.7 17 30 M M 6 21 60
15 55 30 43 9 22 0 0.00 0.0 0 11.1 17 280 M M 1 24 280
16 48 34 41 7 24 0 M M 0 19.6 30 290 M M 4 40 290
17 34 21 28 -7 37 0 M M 0 17.8 24 350 M M 7 37 310
18 36 21 29 -6 36 0 M M 0 14.0 20 340 M M 6 23 340
19 59 28 44 8 21 0 0.00 0.0 0 18.2 29 310 M M 1 40 310
20 36 21 29 -7 36 0 0.00 0.0 0 14.9 22 330 M M 3 31 340
21 36 27 32 -5 33 0 M M 0 8.1 16 60 M M 9 20 90
22 32 19 26 -11 39 0 M M M 13.0 21 350 M M 8 28 350
23 36 16 26 -12 39 0 M M M 7.8 12 100 M M 3 1 16 140
24 39 28 34 -4 31 0 0.52 M M 18.2 24 110 M M 9 12 36 120
25 54 37 46 7 19 0 0.96 M M 11.4 17 90 M M 9 1 23 110
26 50 23 37 -2 28 0 0.61 M M 19.1 30 290 M M 10 1 44 290
27 34 19 27 -13 38 0 M M M 14.0 18 280 M M 5 29 260
================================================================================
SM 1349 750 696 0 2.48 0.0 357.3 M 109
================================================================================
AV 50.0 27.8 13.2 FASTST M M 4 MAX(MPH)
MISC ----> 31 270 44 290
================================================================================
NOTES:
# LAST OF SEVERAL OCCURRENCES
COLUMN 17 PEAK WIND IN M.P.H.
PRELIMINARY LOCAL CLIMATOLOGICAL DATA (WS FORM: F-6) , PAGE 2
STATION: CHARLES_CITY IA
MONTH: MARCH
YEAR: 2024
LATITUDE: 43 4 N
LONGITUDE: 92 37 W
[TEMPERATURE DATA] [PRECIPITATION DATA] SYMBOLS USED IN COLUMN 16
AVERAGE MONTHLY: 38.9 TOTAL FOR MONTH: 2.48 1 = FOG OR MIST
DPTR FM NORMAL: 5.4 DPTR FM NORMAL: 0.93 2 = FOG REDUCING VISIBILITY
HIGHEST: 75 ON 11, 3 GRTST 24HR 0.96 ON 25-25 TO 1/4 MILE OR LESS
LOWEST: 16 ON 23,10 3 = THUNDER
SNOW, ICE PELLETS, HAIL 4 = ICE PELLETS
TOTAL MONTH: 0.0 INCH 5 = HAIL
GRTST 24HR 0.0 6 = FREEZING RAIN OR DRIZZLE
GRTST DEPTH: 0 7 = DUSTSTORM OR SANDSTORM:
VSBY 1/2 MILE OR LESS
8 = SMOKE OR HAZE
[NO. OF DAYS WITH] [WEATHER - DAYS WITH] 9 = BLOWING SNOW
X = TORNADO
MAX 32 OR BELOW: 1 0.01 INCH OR MORE: 6
MAX 90 OR ABOVE: 0 0.10 INCH OR MORE: 4
MIN 32 OR BELOW: 21 0.50 INCH OR MORE: 3
MIN 0 OR BELOW: 0 1.00 INCH OR MORE: 0
[HDD (BASE 65) ]
TOTAL THIS MO. 696 CLEAR (SCALE 0-3) 13
DPTR FM NORMAL -155 PTCLDY (SCALE 4-7) 9
TOTAL FM JUL 1 5211 CLOUDY (SCALE 8-10) 5
DPTR FM NORMAL -1280
[CDD (BASE 65) ]
TOTAL THIS MO. 0
DPTR FM NORMAL 0 [PRESSURE DATA]
TOTAL FM JAN 1 0 HIGHEST SLP M ON M
DPTR FM NORMAL 0 LOWEST SLP M ON M
[REMARKS]