645
CXUS55 KEAX 010736
CF6CDJ
PRELIMINARY LOCAL CLIMATOLOGICAL DATA (WS FORM: F-6)

                                          STATION:   CHILLICOTHE MO
                                          MONTH:     APRIL
                                          YEAR:      2016
                                          LATITUDE:   39 49 N
                                          LONGITUDE:  93 35 W

  TEMPERATURE IN F:       :PCPN:    SNOW:  WIND      :SUNSHINE: SKY     :PK WND
================================================================================
1   2   3   4   5  6A  6B    7    8   9   10  11  12  13   14  15   16   17  18
                                     12Z  AVG MX 2MIN
DY MAX MIN AVG DEP HDD CDD  WTR  SNW DPTH SPD SPD DIR MIN PSBL S-S WX    SPD DR
================================================================================

 1  50  36  43  -6  22   0 0.10    M    M  7.0 18 310   M    M   0        26 300
 2  60  33  47  -2  18   0 0.00    M    M  8.2 25 310   M    M   0        37 300
 3  81  35  58   8   7   0 0.00    M    M 10.8 22 230   M    M   0        36 230
 4  65  45  55   5  10   0 0.00    M    M  6.7 16  20   M    M   0        23 360
 5  66  39  53   3  12   0 0.03    M    M 12.1 24 140   M    M   0        35 150
 6  60  42  51   0  14   0 0.34    M    M  9.1 22 300   M    M   0        32 300
 7  61  38  50  -1  15   0 0.01    M    M  9.5 25 330   M    M   0        41 320
 8  59  34  47  -5  18   0 0.00    M    M 10.8 24 300   M    M   0        36 320
 9  55  25  40 -12  25   0 0.00    M    M  8.2 18 150   M    M   0        24 150
10  63  50  57   5   8   0 0.18    M    M  4.4 13 360   M    M   0        19 360
11  59  34  47  -5  18   0 0.00    M    M  7.2 17  10   M    M   0        27 350
12  59  27  43 -10  22   0 0.00    M    M  3.6 12 100   M    M   0        15  90
13  71  33  52  -1  13   0 0.00    M    M  5.3 15 180   M    M   0        21 170
14  73  39  56   3   9   0 0.00    M    M  5.4 14 100   M    M   0        20 120
15  76  52  64  10   1   0 0.00    M    M  8.1 17 130   M    M   0        26 140
16  79  57  68  14   0   3 0.00    M    M  8.2 20 150   M    M   0        28 150
17  79  56  68  14   0   3 0.00    M    M  8.2 20 140   M    M   0        27 140
18  70  60  65  10   0   0 0.35    M    M  5.7 15 180   M    M   0        20 160
19  70  56  63   8   2   0 0.00    M    M  3.5  7  30   M    M   0        11 310
20  68  52  60   5   5   0 0.20    M    M  5.8 15 190   M    M   0        23 230
21  65  48  57   1   8   0 0.01    M    M  6.3 17 310   M    M   0        25 310
22  63  46  55  -1  10   0 0.00    M    M  4.2 12  10   M    M   0        15  20
23  78  42  60   4   5   0 0.00    M    M  5.5 16 140   M    M   0        23 140
24  81  56  69  13   0   4 0.06    M    M 10.6 22 180   M    M   0        30 170
25  80  58  69  12   0   4 0.03    M    M  7.6 20 190   M    M   0        33 200
26  71  56  64   7   1   0 0.44    M    M  7.5 26  40   M    M   0 3      42  30
27  73  46  60   3   5   0 0.65    M    M  6.9 23 230   M    M   0 3      41 220
28  58  45  52  -6  13   0 0.00    M    M  5.0 13 280   M    M   0        20 220
29  57  47  52  -6  13   0 0.16    M    M  7.7 15  60   M    M   0        23  70
30  73  51  62   4   3   0 0.21    M    M  4.9 17  70   M    M   0 3      27  60
================================================================================
SM 2023 1338       277  14  2.77    M    214.0          M        0
================================================================================
AV 67.4 44.6                               7.1 FASTST   M    M   0    MAX(MPH)
                                 MISC ---->  # 26  40               # 42   30
================================================================================
NOTES:
# LAST OF SEVERAL OCCURRENCES

COLUMN 17 PEAK WIND IN M.P.H.

PRELIMINARY LOCAL CLIMATOLOGICAL DATA (WS FORM: F-6) , PAGE 2

                                          STATION:  CHILLICOTHE MO
                                          MONTH:    APRIL
                                          YEAR:     2016
                                          LATITUDE:   39 49 N
                                          LONGITUDE:  93 35 W

[TEMPERATURE DATA]      [PRECIPITATION DATA]       SYMBOLS USED IN COLUMN 16

AVERAGE MONTHLY: 56.0   TOTAL FOR MONTH:   2.77    1 = FOG OR MIST
DPTR FM NORMAL:   2.3   DPTR FM NORMAL:   -0.80    2 = FOG REDUCING VISIBILITY
HIGHEST:    81 ON 24, 3 GRTST 24HR  0.65 ON 27-27      TO 1/4 MILE OR LESS
LOWEST:     25 ON  9                               3 = THUNDER
                        SNOW, ICE PELLETS, HAIL    4 = ICE PELLETS
                        TOTAL MONTH:    M          5 = HAIL
                        GRTST 24HR    M  ON   M    6 = FREEZING RAIN OR DRIZZLE
                        GRTST DEPTH:  M  ON   M    7 = DUSTSTORM OR SANDSTORM:
                                                       VSBY 1/2 MILE OR LESS
                                                   8 = SMOKE OR HAZE
[NO. OF DAYS WITH]      [WEATHER - DAYS WITH]      9 = BLOWING SNOW
                                                   X = TORNADO
MAX 32 OR BELOW:   0    0.01 INCH OR MORE:  14
MAX 90 OR ABOVE:   0    0.10 INCH OR MORE:   9
MIN 32 OR BELOW:   2    0.50 INCH OR MORE:   1
MIN  0 OR BELOW:   0    1.00 INCH OR MORE:   0

[HDD (BASE 65) ]
TOTAL THIS MO.   277    CLEAR  (SCALE 0-3)  30
DPTR FM NORMAL   -73    PTCLDY (SCALE 4-7)   0
TOTAL FM JUL 1  4177    CLOUDY (SCALE 8-10)  0
DPTR FM NORMAL -1194

[CDD (BASE 65) ]
TOTAL THIS MO.    14
DPTR FM NORMAL     2    [PRESSURE DATA]
TOTAL FM JAN 1    14    HIGHEST SLP  0.00 ON M
DPTR FM NORMAL     0    LOWEST  SLP  0.00 ON M

[REMARKS]
#FINAL-04-16#
