424
CXUS55 KEAX 240736
CF6CDJ
PRELIMINARY LOCAL CLIMATOLOGICAL DATA (WS FORM: F-6)

                                          STATION:   CHILLICOTHE
                                          MONTH:     APRIL
                                          YEAR:      2017
                                          LATITUDE:   39 49 N
                                          LONGITUDE:  93 35 W

  TEMPERATURE IN F:       :PCPN:    SNOW:  WIND      :SUNSHINE: SKY     :PK WND
================================================================================
1   2   3   4   5  6A  6B    7    8   9   10  11  12  13   14  15   16   17  18
                                     12Z  AVG MX 2MIN
DY MAX MIN AVG DEP HDD CDD  WTR  SNW DPTH SPD SPD DIR MIN PSBL S-S WX    SPD DR
================================================================================

 1  56  42  49   0  16   0 0.00    M    M  5.6 14 110   M    M   0        18 100
 2  62  49  56   7   9   0 0.08    M    M  6.2 13 130   M    M   0        17 150
 3  58  53  56   6   9   0 0.52    M    M  5.0 14 300   M    M   0        21 310
 4  56  47  52   2  13   0 0.86    M    M  6.6 18  30   M    M   0        26  30
 5  50  38  44  -6  21   0 1.80    M    M 13.5 30  10   M    M   0        42  20
 6  59  36  48  -3  17   0 0.00    M    M  6.8 20 310   M    M   0        27 310
 7  61  30  46  -5  19   0 0.00    M    M  4.1 10 180   M    M   0        17 200
 8  77  49  63  11   2   0 0.00    M    M 11.4 21 190   M    M   0        33 180
 9  78  61  70  18   0   5 0.00    M    M 12.2 25 200   M    M   0        34 190
10  71  44  58   6   7   0 0.00    M    M 10.0 18 300   M    M   0        31 270
11  66  41  54   2  11   0 0.00    M    M  4.9 14 310   M    M   0        19 310
12  76  39  58   5   7   0 0.00    M    M  6.3 16 180   M    M   0        22 210
13  79  57  68  15   0   3 0.00    M    M  5.4 15 180   M    M   0        20 190
14  78  60  69  16   0   4 0.00    M    M  9.0 23 190   M    M   0        32 180
15  82  64  73  19   0   8 0.05    M    M 13.6 24 200   M    M   0        35 200
16  76  56  66  12   0   1 0.05    M    M  6.7 28 200   M    M   0        35 200
17  73  48  61   7   4   0 0.00    M    M  3.5 10 130   M    M   0        15 140
18  74  52  63   8   2   0 0.00    M    M  6.9 18 200   M    M   0        23 190
19  83  62  73  18   0   8 0.00    M    M 10.0 25 190   M    M   0        35 180
20  72  46  59   4   6   0 0.10    M    M  7.0 18 310   M    M   0        26 300
21  59  43  51  -5  14   0 0.00    M    M  7.5 17  40   M    M   0        25  40
22  66  41  54  -2  11   0 0.00    M    M  8.4 20  30   M    M   0        30  30
23  73  35  54  -2  11   0 0.00    M    M  1.8  9 180   M    M   0        13 150
================================================================================
SM 1585 1093       179  29  3.46    M    172.4          M        0
================================================================================
AV 68.9 47.5                               7.5 FASTST   M    M   0    MAX(MPH)
                                 MISC ---->  # 30  10               # 42   20
================================================================================
NOTES:
# LAST OF SEVERAL OCCURRENCES

COLUMN 17 PEAK WIND IN M.P.H.

PRELIMINARY LOCAL CLIMATOLOGICAL DATA (WS FORM: F-6) , PAGE 2

                                          STATION:  CHILLICOTHE
                                          MONTH:    APRIL
                                          YEAR:     2017
                                          LATITUDE:   39 49 N
                                          LONGITUDE:  93 35 W

[TEMPERATURE DATA]      [PRECIPITATION DATA]       SYMBOLS USED IN COLUMN 16

AVERAGE MONTHLY: 58.2   TOTAL FOR MONTH:   3.46    1 = FOG OR MIST
DPTR FM NORMAL:   5.5   DPTR FM NORMAL:    1.14    2 = FOG REDUCING VISIBILITY
HIGHEST:    83 ON 19    GRTST 24HR  2.66 ON  4- 5      TO 1/4 MILE OR LESS
LOWEST:     30 ON  7                               3 = THUNDER
                        SNOW, ICE PELLETS, HAIL    4 = ICE PELLETS
                        TOTAL MONTH:    M          5 = HAIL
                        GRTST 24HR    M  ON   M    6 = FREEZING RAIN OR DRIZZLE
                        GRTST DEPTH:  M  ON   M    7 = DUSTSTORM OR SANDSTORM:
                                                       VSBY 1/2 MILE OR LESS
                                                   8 = SMOKE OR HAZE
[NO. OF DAYS WITH]      [WEATHER - DAYS WITH]      9 = BLOWING SNOW
                                                   X = TORNADO
MAX 32 OR BELOW:   0    0.01 INCH OR MORE:   7
MAX 90 OR ABOVE:   0    0.10 INCH OR MORE:   4
MIN 32 OR BELOW:   1    0.50 INCH OR MORE:   3
MIN  0 OR BELOW:   0    1.00 INCH OR MORE:   1

[HDD (BASE 65) ]
TOTAL THIS MO.   179    CLEAR  (SCALE 0-3)  23
DPTR FM NORMAL  -112    PTCLDY (SCALE 4-7)   0
TOTAL FM JUL 1  4075    CLOUDY (SCALE 8-10)  0
DPTR FM NORMAL -1237

[CDD (BASE 65) ]
TOTAL THIS MO.    29
DPTR FM NORMAL    29    [PRESSURE DATA]
TOTAL FM JAN 1    30    HIGHEST SLP  0.00 ON M
DPTR FM NORMAL    28    LOWEST  SLP  0.00 ON M

[REMARKS]
