000
CXUS55 KCYS 211000
CF6CDR
PRELIMINARY LOCAL CLIMATOLOGICAL DATA (WS FORM: F-6)

                                          STATION:   CHADRON NEBRASKA AIRPORT
                                          MONTH:     OCTOBER
                                          YEAR:      2014
                                          LATITUDE:   42 50 N
                                          LONGITUDE: 103  6 W

  TEMPERATURE IN F:       :PCPN:    SNOW:  WIND      :SUNSHINE: SKY     :PK WND
================================================================================
1   2   3   4   5  6A  6B    7    8   9   10  11  12  13   14  15   16   17  18
                                     12Z  AVG MX 2MIN
DY MAX MIN AVG DEP HDD CDD  WTR  SNW DPTH SPD SPD DIR MIN PSBL S-S WX    SPD DR
================================================================================

 1  63  44  54   0  11   0    T    M    M  7.2 20 310   M    M   6        24 320
 2  65  37  51  -2  14   0 0.07    M    M 11.1 32  30   M    M   3 1      44  20
 3  53  31  42 -11  23   0 0.00    M    M 14.2 30 310   M    M   1        38 310
 4  65  30  48  -4  17   0    T    M    M  9.2 22 320   M    M   5        28 320
 5  66  50  58   6   7   0 0.02    M    M 13.1 35 320   M    M   3        50 310
 6  74  47  61   9   4   0 0.00    M    M 12.0 32 300   M    M   4        42 300
 7  69  41  55   4  10   0    T    M    M  6.9 16 280   M    M   7        20 280
 8  77  37  57   6   8   0 0.00    M    M  4.8 21 190   M    M   0 8      26 180
 9  58  34  46  -4  19   0 0.00    M    M  4.8 13  50   M    M   1        16  40
10  66  43  55   5  10   0 0.00    M    M  6.8 17 160   M    M   5        22 180
11  77  44  61  11   4   0 0.00    M    M 10.0 23 180   M    M   0 8      27 190
12  57  42  50   1  15   0 0.27    M    M 10.7 30 360   M    M   7 1      38 360
13  61  33  47  -2  18   0 0.00    M    M 10.7 20 310   M    M   0 18     27 300
14  71  30  51   3  14   0 0.00    M    M  4.3  9 250   M    M   0 8      11 240
15  85  37  61  13   4   0 0.00    M    M  7.4 20 190   M    M   0 8      23 180
16  65  42  54   6  11   0 0.00    M    M 13.5 28 300   M    M   0        38 300
17  60  31  46  -1  19   0 0.00    M    M  3.8 10  60   M    M   0 1      13  60
18  74  29  52   5  13   0 0.00    M    M  9.0 23 190   M    M   0 1      29 210
19  74  36  55   9  10   0 0.00    M    M  3.4 10 230   M    M   0        11 230
20  80  32  56  10   9   0 0.00    M    M 10.1 24 190   M    M   0 8      29 180
================================================================================
SM 1360  750       240   0  0.36    M    173.0          M       42
================================================================================
AV 68.0 37.5                               8.7 FASTST   M    M   2    MAX(MPH)
                                 MISC ---->  # 35 320               # 50  310
================================================================================
NOTES:
# LAST OF SEVERAL OCCURRENCES

COLUMN 17 PEAK WIND IN M.P.H.

PRELIMINARY LOCAL CLIMATOLOGICAL DATA (WS FORM: F-6) , PAGE 2

                                          STATION:  CHADRON NEBRASKA AIRPORT
                                          MONTH:    OCTOBER
                                          YEAR:     2014
                                          LATITUDE:   42 50 N
                                          LONGITUDE: 103  6 W

[TEMPERATURE DATA]      [PRECIPITATION DATA]       SYMBOLS USED IN COLUMN 16

AVERAGE MONTHLY: 52.8   TOTAL FOR MONTH:   0.36    1 = FOG OR MIST
DPTR FM NORMAL:   3.0   DPTR FM NORMAL:   -0.58    2 = FOG REDUCING VISIBILITY
HIGHEST:    85 ON 15    GRTST 24HR  0.46 ON 30- 1      TO 1/4 MILE OR LESS
LOWEST:     29 ON 18                               3 = THUNDER
                        SNOW, ICE PELLETS, HAIL    4 = ICE PELLETS
                        TOTAL MONTH:    M          5 = HAIL
                        GRTST 24HR    M  ON   M    6 = FREEZING RAIN OR DRIZZLE
                        GRTST DEPTH:  M  ON   M    7 = DUSTSTORM OR SANDSTORM:
                                                       VSBY 1/2 MILE OR LESS
                                                   8 = SMOKE OR HAZE
[NO. OF DAYS WITH]      [WEATHER - DAYS WITH]      9 = BLOWING SNOW
                                                   X = TORNADO
MAX 32 OR BELOW:   0    0.01 INCH OR MORE:   3
MAX 90 OR ABOVE:   0    0.10 INCH OR MORE:   1
MIN 32 OR BELOW:   6    0.50 INCH OR MORE:   0
MIN  0 OR BELOW:   0    1.00 INCH OR MORE:   0

[HDD (BASE 65) ]
TOTAL THIS MO.   240    CLEAR  (SCALE 0-3)  13
DPTR FM NORMAL   -67    PTCLDY (SCALE 4-7)   7
TOTAL FM JUL 1   404    CLOUDY (SCALE 8-10)  0
DPTR FM NORMAL  -114

[CDD (BASE 65) ]
TOTAL THIS MO.     0
DPTR FM NORMAL     0    [PRESSURE DATA]
TOTAL FM JAN 1   647    HIGHEST SLP  0.00 ON  2
DPTR FM NORMAL   -63    LOWEST  SLP 29.53 ON 12

[REMARKS]
