668
CXUS55 KCYS 231000
CF6CDR
PRELIMINARY LOCAL CLIMATOLOGICAL DATA (WS FORM: F-6)

                                          STATION:   CHADRON NEBRASKA AIRPORT
                                          MONTH:     MAY
                                          YEAR:      2016
                                          LATITUDE:   42 50 N
                                          LONGITUDE: 103  6 W

  TEMPERATURE IN F:       :PCPN:    SNOW:  WIND      :SUNSHINE: SKY     :PK WND
================================================================================
1   2   3   4   5  6A  6B    7    8   9   10  11  12  13   14  15   16   17  18
                                     12Z  AVG MX 2MIN
DY MAX MIN AVG DEP HDD CDD  WTR  SNW DPTH SPD SPD DIR MIN PSBL S-S WX    SPD DR
================================================================================

 1  57  32  45  -5  20   0 0.00    M    M  8.2 20  30   M    M   4        25  40
 2  66  28  47  -4  18   0    T    M    M  8.6 18 280   M    M   3        24 300
 3  74  33  54   3  11   0 0.00    M    M  7.2 16 360   M    M   0        21 340
 4  78  37  58   6   7   0 0.00    M    M  5.1 14 150   M    M   0        16 150
 5  87  46  67  15   0   2 0.00    M    M  4.6 14 210   M    M   0 8      16 210
 6  85  48  67  15   0   2 0.15    M    M 10.4 29  20   M    M   1 18     36  30
 7  65  47  56   3   9   0 0.20    M    M 15.1 36  50   M    M   5 138    43  40
 8  67  43  55   2  10   0 0.03    M    M  7.2 24 230   M    M   5 138    31 240
 9  65  41  53  -1  12   0 0.01    M    M  4.7 13  30   M    M   2 18     15  30
10  62  35  49  -5  16   0 0.00    M    M 12.6 28 300   M    M   3        36 320
11  58  30  44 -10  21   0 0.00    M    M 13.8 33 300   M    M   4        45 310
12  72  29  51  -4  14   0 0.00    M    M  7.9 17 270   M    M   0 8      23 280
13  53  33  43 -12  22   0 0.00    M    M 10.8 29  20   M    M   8        37  10
14  57  25  41 -14  24   0 0.00    M    M  3.8  9 120   M    M   2        13 280
15  53  35  44 -12  21   0 0.05    M    M  9.2 20 160   M    M   9 1      24 140
16  49  31  40 -16  25   0 0.14    M    M  5.9 14  70   M    M   8 1      17  40
17  64  28  46 -10  19   0 0.00    M    M  3.4 10 170   M    M   3 8      13 200
18  69  31  50  -7  15   0 0.00    M    M 13.8 29 180   M    M   3        37 180
19  79  47  63   6   2   0    T    M    M 19.2 37 170   M    M   1 3      48 170
20  81  49  65   8   0   0 0.02    M    M 16.7 33 170   M    M   2        41 170
21  68  58  63   5   2   0    T    M    M 19.1 39 160   M    M   8        50 150
22  79  51  65   7   0   0    T    M    M 11.4 36 310   M    M   4        46 300
================================================================================
SM 1488  837       268   4  0.60    M    218.7          M       75
================================================================================
AV 67.6 38.0                               9.9 FASTST   M    M   3    MAX(MPH)
                                 MISC ---->  # 39 160               # 50  150
================================================================================
NOTES:
# LAST OF SEVERAL OCCURRENCES

COLUMN 17 PEAK WIND IN M.P.H.

PRELIMINARY LOCAL CLIMATOLOGICAL DATA (WS FORM: F-6) , PAGE 2

                                          STATION:  CHADRON NEBRASKA AIRPORT
                                          MONTH:    MAY
                                          YEAR:     2016
                                          LATITUDE:   42 50 N
                                          LONGITUDE: 103  6 W

[TEMPERATURE DATA]      [PRECIPITATION DATA]       SYMBOLS USED IN COLUMN 16

AVERAGE MONTHLY: 52.8   TOTAL FOR MONTH:   0.60    1 = FOG OR MIST
DPTR FM NORMAL:  -1.5   DPTR FM NORMAL:   -1.27    2 = FOG REDUCING VISIBILITY
HIGHEST:    87 ON  5    GRTST 24HR  0.54 ON 30- 1      TO 1/4 MILE OR LESS
LOWEST:     25 ON 14                               3 = THUNDER
                        SNOW, ICE PELLETS, HAIL    4 = ICE PELLETS
                        TOTAL MONTH:    M          5 = HAIL
                        GRTST 24HR    M  ON   M    6 = FREEZING RAIN OR DRIZZLE
                        GRTST DEPTH:  M  ON   M    7 = DUSTSTORM OR SANDSTORM:
                                                       VSBY 1/2 MILE OR LESS
                                                   8 = SMOKE OR HAZE
[NO. OF DAYS WITH]      [WEATHER - DAYS WITH]      9 = BLOWING SNOW
                                                   X = TORNADO
MAX 32 OR BELOW:   0    0.01 INCH OR MORE:   7
MAX 90 OR ABOVE:   0    0.10 INCH OR MORE:   3
MIN 32 OR BELOW:   8    0.50 INCH OR MORE:   0
MIN  0 OR BELOW:   0    1.00 INCH OR MORE:   0

[HDD (BASE 65) ]
TOTAL THIS MO.   268    CLEAR  (SCALE 0-3)  10
DPTR FM NORMAL    22    PTCLDY (SCALE 4-7)  11
TOTAL FM JUL 1  6215    CLOUDY (SCALE 8-10)  1
DPTR FM NORMAL  -794

[CDD (BASE 65) ]
TOTAL THIS MO.     4
DPTR FM NORMAL    -2    [PRESSURE DATA]
TOTAL FM JAN 1     6    HIGHEST SLP  0.00 ON 22
DPTR FM NORMAL    -2    LOWEST  SLP 29.46 ON  9

[REMARKS]
