000
CXUS56 KEKA 161230
CF6CEC
PRELIMINARY LOCAL CLIMATOLOGICAL DATA (WS FORM: F-6)

                                          STATION:   CRESCENT CITY CA
                                          MONTH:     JANUARY
                                          YEAR:      2017
                                          LATITUDE:   41 46 N
                                          LONGITUDE: 124 14 W

  TEMPERATURE IN F:       :PCPN:    SNOW:  WIND      :SUNSHINE: SKY     :PK WND
================================================================================
1   2   3   4   5  6A  6B    7    8   9   10  11  12  13   14  15   16   17  18
                                     12Z  AVG MX 2MIN
DY MAX MIN AVG DEP HDD CDD  WTR  SNW DPTH SPD SPD DIR MIN PSBL S-S WX    SPD DR
================================================================================

 1  47  34  41  -7  24   0 0.35    M    0 10.7 28 280   M    M   9 18     36 270
 2  43  35  39  -9  26   0 0.57    M    0 11.6 31 230   M    M   8 13     41 230
 3  41  37  39  -9  26   0 0.86    M    0  7.4 21 150   M    M  10 1      25 190
 4  48  35  42  -6  23   0 0.09    M    0  6.3 21 280   M    M   6 1      26 270
 5  47  32  40  -8  25   0 0.00  0.0    0  6.2 10  70   M    M   0        15  80
 6  49  32  41  -7  24   0    T    M    0  7.3 16 160   M    M   3        22 160
 7  56  39  48   0  17   0 0.99    M    0 14.1 38 160   M    M   9 1      48 170
 8  60  46  53   5  12   0 1.89    M    0 18.7 43 180   M    M  10 1      53 180
 9  51  44  48   0  17   0 1.06    M    0 19.3 35 180   M    M  10 13     46 180
10  56  45  51   3  14   0 1.23    M    0 22.7 40 180   M    M   9 18     50 180
11  49  39  44  -4  21   0 0.18  0.0    0  6.0 22 280   M    M   8 1      26 280
12  50  35  43  -5  22   0 0.00  0.0    0  6.7 15 350   M    M   1        19  60
13  52  38  45  -3  20   0 0.00  0.0    0  6.7 15  80   M    M   0        20  80
14  52  39  46  -2  19   0 0.00  0.0    0  4.0  9 260   M    M   0        14  70
15  51  36  44  -4  21   0 0.00  0.0    0  3.8  9 250   M    M   1 18     11 190
================================================================================
SM  752  566       311   0  7.22     0.0 151.5          M       84
================================================================================
AV 50.1 37.7                              10.1 FASTST   M    M   6    MAX(MPH)
                                 MISC ---->  # 43 180               # 53  180
================================================================================
NOTES:
# LAST OF SEVERAL OCCURRENCES

COLUMN 17 PEAK WIND IN M.P.H.

PRELIMINARY LOCAL CLIMATOLOGICAL DATA (WS FORM: F-6) , PAGE 2

                                          STATION:  CRESCENT CITY CA
                                          MONTH:    JANUARY
                                          YEAR:     2017
                                          LATITUDE:   41 46 N
                                          LONGITUDE: 124 14 W

[TEMPERATURE DATA]      [PRECIPITATION DATA]       SYMBOLS USED IN COLUMN 16

AVERAGE MONTHLY: 43.9   TOTAL FOR MONTH:   7.22    1 = FOG OR MIST
DPTR FM NORMAL:  -4.1   DPTR FM NORMAL:    1.23    2 = FOG REDUCING VISIBILITY
HIGHEST:    60 ON  8    GRTST 24HR  2.11 ON  8- 9      TO 1/4 MILE OR LESS
LOWEST:     32 ON  6, 5                            3 = THUNDER
                        SNOW, ICE PELLETS, HAIL    4 = ICE PELLETS
                        TOTAL MONTH:   0.0 INCH    5 = HAIL
                        GRTST 24HR     0.0         6 = FREEZING RAIN OR DRIZZLE
                        GRTST DEPTH:   0           7 = DUSTSTORM OR SANDSTORM:
                                                       VSBY 1/2 MILE OR LESS
                                                   8 = SMOKE OR HAZE
[NO. OF DAYS WITH]      [WEATHER - DAYS WITH]      9 = BLOWING SNOW
                                                   X = TORNADO
MAX 32 OR BELOW:   0    0.01 INCH OR MORE:   9
MAX 90 OR ABOVE:   0    0.10 INCH OR MORE:   8
MIN 32 OR BELOW:   2    0.50 INCH OR MORE:   6
MIN  0 OR BELOW:   0    1.00 INCH OR MORE:   3

[HDD (BASE 65) ]
TOTAL THIS MO.   311    CLEAR  (SCALE 0-3)   6
DPTR FM NORMAL    56    PTCLDY (SCALE 4-7)   2
TOTAL FM JUL 1  2236    CLOUDY (SCALE 8-10)  7
DPTR FM NORMAL  -175

[CDD (BASE 65) ]
TOTAL THIS MO.     0
DPTR FM NORMAL     0    [PRESSURE DATA]
TOTAL FM JAN 1     0    HIGHEST SLP M ON M
DPTR FM NORMAL     0    LOWEST  SLP 29.39 ON 10

[REMARKS]
