000
CXUS56 KEKA 201230
CF6CEC
PRELIMINARY LOCAL CLIMATOLOGICAL DATA (WS FORM: F-6)

                                          STATION:   CRESCENT CITY CA
                                          MONTH:     NOVEMBER
                                          YEAR:      2017
                                          LATITUDE:   41 46 N
                                          LONGITUDE: 124 14 W

  TEMPERATURE IN F:       :PCPN:    SNOW:  WIND      :SUNSHINE: SKY     :PK WND
================================================================================
1   2   3   4   5  6A  6B    7    8   9   10  11  12  13   14  15   16   17  18
                                     12Z  AVG MX 2MIN
DY MAX MIN AVG DEP HDD CDD  WTR  SNW DPTH SPD SPD DIR MIN PSBL S-S WX    SPD DR
================================================================================

 1  50  48  49  -3  16   0 0.00  0.0    0  1.5  8 190   M    M  10 1      10 160
 2  53  48  51  -1  14   0 0.27    M    0  9.3 15 160   M    M   9 1      19 150
 3  52  40  46  -6  19   0 0.38    M    0  3.8 12 350   M    M   9 1      16 350
 4  52  35  44  -8  21   0 0.00  0.0    0  4.5  9 310   M    M   1        12 290
 5  53  40  47  -5  18   0 0.39    M    0 10.7 24 180   M    M   9 1      32 160
 6  53  40  47  -4  18   0 0.00  0.0    0  5.4 12 340   M    M   3        14 330
 7  56  40  48  -3  17   0 0.00  0.0    0  7.4 14 180   M    M   0 8      18 160
 8  56  49  53   2  12   0 0.89  0.0    0 19.1 35 190   M    M   9 1      40 190
 9  59  51  55   4  10   0 0.93  0.0    0 17.7 37 180   M    M   8 13     47 190
10  56  52  54   3  11   0 0.28  0.0    0 14.6 28 180   M    M  10 1      35 170
11  61  52  57   6   8   0    T  0.0    0 10.1 17 150   M    M   9        22 160
12  61  53  57   7   8   0 0.20  0.0    0 15.7 30 170   M    M   9 1      39 170
13  57  45  51   1  14   0 0.46    M    0 13.3 36 180   M    M   9 1      47 180
14  57  42  50   0  15   0 0.01    M    0 11.8 24 200   M    M   5        31 210
15  56  49  53   3  12   0 0.79    M    0 14.7 31 180   M    M   9 1      40 180
16  54  46  50   0  15   0 0.39    M    0  9.3 22 180   M    M   8 1      25 190
17  54  41  48  -2  17   0 0.07    M    0  5.5 10 160   M    M   1 1      12  50
18  53  38  46  -4  19   0 0.00  0.0    0  4.9  9  80   M    M   0        12  80
19  54  35  45  -4  20   0 0.39    M    0  9.0 24 160   M    M   2 1      30 160
================================================================================
SM 1047  844       284   0  5.45     0.0 188.3          M      120
================================================================================
AV 55.1 44.4                               9.9 FASTST   M    M   6    MAX(MPH)
                                 MISC ---->  # 37 180               # 47  190
================================================================================
NOTES:
# LAST OF SEVERAL OCCURRENCES

COLUMN 17 PEAK WIND IN M.P.H.

PRELIMINARY LOCAL CLIMATOLOGICAL DATA (WS FORM: F-6) , PAGE 2

                                          STATION:  CRESCENT CITY CA
                                          MONTH:    NOVEMBER
                                          YEAR:     2017
                                          LATITUDE:   41 46 N
                                          LONGITUDE: 124 14 W

[TEMPERATURE DATA]      [PRECIPITATION DATA]       SYMBOLS USED IN COLUMN 16

AVERAGE MONTHLY: 49.8   TOTAL FOR MONTH:   5.45    1 = FOG OR MIST
DPTR FM NORMAL:  -1.0   DPTR FM NORMAL:   -0.60    2 = FOG REDUCING VISIBILITY
HIGHEST:    61 ON 12,11 GRTST 24HR  0.93 ON  9- 9      TO 1/4 MILE OR LESS
LOWEST:     35 ON 19, 4                            3 = THUNDER
                        SNOW, ICE PELLETS, HAIL    4 = ICE PELLETS
                        TOTAL MONTH:   0.0 INCH    5 = HAIL
                        GRTST 24HR     0.0         6 = FREEZING RAIN OR DRIZZLE
                        GRTST DEPTH:   0           7 = DUSTSTORM OR SANDSTORM:
                                                       VSBY 1/2 MILE OR LESS
                                                   8 = SMOKE OR HAZE
[NO. OF DAYS WITH]      [WEATHER - DAYS WITH]      9 = BLOWING SNOW
                                                   X = TORNADO
MAX 32 OR BELOW:   0    0.01 INCH OR MORE:  13
MAX 90 OR ABOVE:   0    0.10 INCH OR MORE:  11
MIN 32 OR BELOW:   0    0.50 INCH OR MORE:   3
MIN  0 OR BELOW:   0    1.00 INCH OR MORE:   0

[HDD (BASE 65) ]
TOTAL THIS MO.   284    CLEAR  (SCALE 0-3)   6
DPTR FM NORMAL    12    PTCLDY (SCALE 4-7)   3
TOTAL FM JUL 1  1354    CLOUDY (SCALE 8-10) 10
DPTR FM NORMAL   -82

[CDD (BASE 65) ]
TOTAL THIS MO.     0
DPTR FM NORMAL     0    [PRESSURE DATA]
TOTAL FM JAN 1     6    HIGHEST SLP M ON M
DPTR FM NORMAL     6    LOWEST  SLP 29.64 ON 15

[REMARKS]
