000
CXUS55 KGJT 291000
CF6CEZ
PRELIMINARY LOCAL CLIMATOLOGICAL DATA (WS FORM: F-6)

                                          STATION:   CORTEZ CO
                                          MONTH:     JUNE
                                          YEAR:      2015
                                          LATITUDE:   37 17 N
                                          LONGITUDE: 108 38 W

  TEMPERATURE IN F:       :PCPN:    SNOW:  WIND      :SUNSHINE: SKY     :PK WND
================================================================================
1   2   3   4   5  6A  6B    7    8   9   10  11  12  13   14  15   16   17  18
                                     12Z  AVG MX 2MIN
DY MAX MIN AVG DEP HDD CDD  WTR  SNW DPTH SPD SPD DIR MIN PSBL S-S WX    SPD DR
================================================================================

 1  88  49  69   9   0   4    T    M    M  8.5 25 160   M    M   1        33 220
 2  85  47  66   6   0   1 0.00    M    M  8.2 21 190   M    M   0        25 200
 3  85  41  63   2   2   0 0.00    M    M  8.6 25 210   M    M   0        33 210
 4  85  38  62   1   3   0 0.00    M    M  8.8 24 210   M    M   0        31 180
 5  68  54  61   0   4   0 0.22    M    M  8.0 21 130   M    M   6 13     29 140
 6  67  49  58  -4   7   0 0.70    M    M  7.1 20  80   M    M   6 1      24  80
 7  75  44  60  -2   5   0 0.00    M    M  5.5 16 300   M    M   1        20 300
 8  81  40  61  -1   4   0 0.00    M    M  4.6 10  70   M    M   0        15 190
 9  83  44  64   2   1   0    T    M    M  5.2 20 220   M    M   4        25 210
10  73  54  64   1   1   0 0.30    M    M  3.7 22 290   M    M   8 13     28 280
11  70  48  59  -4   6   0 0.37    M    M  6.5 24 220   M    M   4 13     43 200
12  73  45  59  -4   6   0    T    M    M  4.8 15 310   M    M   3        20 310
13  77  50  64   0   1   0    T    M    M  4.3 20 160   M    M   3 3      23 160
14  84  46  65   1   0   0 0.00    M    M  6.8 22 160   M    M   1        27 150
15  86  47  67   3   0   2 0.00    M    M  4.2 14  80   M    M   0 3      20  80
16  88  55  72   7   0   7 0.02    M    M  7.6 21 150   M    M   3 3      26 150
17  89  48  69   4   0   4 0.00    M    M  6.1 18 310   M    M   0        24 280
18  92  44  68   3   0   3 0.00    M    M  5.9 20 290   M    M   0        25 300
19  93  48  71   5   0   6 0.00    M    M  6.3 18 200   M    M   0        24 190
20  95  44  70   4   0   5 0.00    M    M  6.3 17 290   M    M   0        22 280
21  96  46  71   5   0   6 0.00    M    M  6.2 17 290   M    M   0        22 300
22  93  46  70   4   0   5 0.00    M    M  6.3 14 310   M    M   0        18 310
23  95  46  71   4   0   6    T    M    M  5.2 25 140   M    M   0        33 140
24  92  58  75   8   0  10 0.02    M    M  5.4 31  20   M    M   0 3      40  20
25  93  52  73   6   0   8    T    M    M  5.3 20 360   M    M   0        28 360
26  96  50  73   5   0   8 0.00    M    M  5.7 16  20   M    M   0        24  10
27  94  52  73   5   0   8 0.00    M    M  5.4 18  20   M    M   0 3      24 170
28  94  52  73   5   0   8 0.00    M    M  7.6 29 140   M    M   0 3      38 150
================================================================================
SM 2390 1337        40  91  1.63    M    174.1          M       40
================================================================================
AV 85.4 47.8                               6.2 FASTST   M    M   1    MAX(MPH)
                                 MISC ---->  # 31  20               # 43  200
================================================================================
NOTES:
# LAST OF SEVERAL OCCURRENCES

COLUMN 17 PEAK WIND IN M.P.H.

PRELIMINARY LOCAL CLIMATOLOGICAL DATA (WS FORM: F-6) , PAGE 2

                                          STATION:  CORTEZ CO
                                          MONTH:    JUNE
                                          YEAR:     2015
                                          LATITUDE:   37 17 N
                                          LONGITUDE: 108 38 W

[TEMPERATURE DATA]      [PRECIPITATION DATA]       SYMBOLS USED IN COLUMN 16

AVERAGE MONTHLY: 66.6   TOTAL FOR MONTH:   1.63    1 = FOG OR MIST
DPTR FM NORMAL:   2.4   DPTR FM NORMAL:    1.18    2 = FOG REDUCING VISIBILITY
HIGHEST:    96 ON 26,21 GRTST 24HR  0.83 ON  5- 6      TO 1/4 MILE OR LESS
LOWEST:     38 ON  4                               3 = THUNDER
                        SNOW, ICE PELLETS, HAIL    4 = ICE PELLETS
                        TOTAL MONTH:    M          5 = HAIL
                        GRTST 24HR    M  ON   M    6 = FREEZING RAIN OR DRIZZLE
                        GRTST DEPTH:  M  ON   M    7 = DUSTSTORM OR SANDSTORM:
                                                       VSBY 1/2 MILE OR LESS
                                                   8 = SMOKE OR HAZE
[NO. OF DAYS WITH]      [WEATHER - DAYS WITH]      9 = BLOWING SNOW
                                                   X = TORNADO
MAX 32 OR BELOW:   0    0.01 INCH OR MORE:   6
MAX 90 OR ABOVE:  11    0.10 INCH OR MORE:   4
MIN 32 OR BELOW:   0    0.50 INCH OR MORE:   1
MIN  0 OR BELOW:   0    1.00 INCH OR MORE:   0

[HDD (BASE 65) ]
TOTAL THIS MO.    40    CLEAR  (SCALE 0-3)  22
DPTR FM NORMAL   -34    PTCLDY (SCALE 4-7)   6
TOTAL FM JUL 1  5600    CLOUDY (SCALE 8-10)  0
DPTR FM NORMAL  -841

[CDD (BASE 65) ]
TOTAL THIS MO.    91
DPTR FM NORMAL    40    [PRESSURE DATA]
TOTAL FM JAN 1    91    HIGHEST SLP M ON M
DPTR FM NORMAL    35    LOWEST  SLP 29.63 ON  3

[REMARKS]
