000
CXUS51 KLWX 160620
CF6CHO
PRELIMINARY LOCAL CLIMATOLOGICAL DATA (WS FORM: F-6)

                                          STATION:   CHARLOTTESVILLE VA
                                          MONTH:     APRIL
                                          YEAR:      2014
                                          LATITUDE:   38  7 N
                                          LONGITUDE:  78 27 W

  TEMPERATURE IN F:       :PCPN:    SNOW:  WIND      :SUNSHINE: SKY     :PK WND
================================================================================
1   2   3   4   5  6A  6B    7    8   9   10  11  12  13   14  15   16   17  18
                                     12Z  AVG MX 2MIN
DY MAX MIN AVG DEP HDD CDD  WTR  SNW DPTH SPD SPD DIR MIN PSBL S-S WX    SPD DR
================================================================================

 1  72  36  54   3  11   0 0.00    M    M  4.4 15 180   M    M   0 8      20 160
 2  75  42  59   7   6   0 0.01    M    M  5.3 14  60   M    M   1        18  40
 3  69  50  60   8   5   0 0.02    M    M  3.2 13 220   M    M   3        14 150
 4  65  49  57   5   8   0    T    M    M  4.8 13 340   M    M   5 8      20 330
 5  64  42  53   1  12   0 0.00    M    M  6.7 15 320   M    M   0        20 320
 6  61  34  48  -5  17   0 0.00    M    M  4.3 13 140   M    M   0        16 160
 7  50  39  45  -8  20   0 0.76    M    M  2.6 14  70   M    M  10 12     20  70
 8  66  45  56   3   9   0 0.00    M    M  8.7 17 300   M    M   5 1      27 310
 9  66  41  54   0  11   0 0.00    M    M  3.8 15 320   M    M   4        24 340
10  72  38  55   1  10   0 0.00    M    M  8.5 23 190   M    M   0        30 190
11  81  55  68  14   0   3    T    M    M  9.2 23 190   M    M   2        28 180
12  77  50  64  10   1   0 0.00    M    M  6.1 15 160   M    M   1        20 150
13  82  51  67  12   0   2 0.00    M    M  9.7 22 170   M    M   0        31 190
14  75  62  69  14   0   4    T    M    M 14.8 26 200   M    M   3        35 190
15  67  35  51  -4  14   0 1.41    M    0  9.3 22 170   M    M   9 1      31 330
================================================================================
SM 1042  669       124   9  2.20    M    101.4          M       43
================================================================================
AV 69.5 44.6                               6.8 FASTST   M    M   3    MAX(MPH)
                                 MISC ---->  # 26 200               # 35  190
================================================================================
NOTES:
# LAST OF SEVERAL OCCURRENCES

COLUMN 17 PEAK WIND IN M.P.H.

PRELIMINARY LOCAL CLIMATOLOGICAL DATA (WS FORM: F-6) , PAGE 2

                                          STATION:  CHARLOTTESVILLE VA
                                          MONTH:    APRIL
                                          YEAR:     2014
                                          LATITUDE:   38  7 N
                                          LONGITUDE:  78 27 W

[TEMPERATURE DATA]      [PRECIPITATION DATA]       SYMBOLS USED IN COLUMN 16

AVERAGE MONTHLY: 57.0   TOTAL FOR MONTH:   2.20    1 = FOG OR MIST
DPTR FM NORMAL:   3.8   DPTR FM NORMAL:    0.50    2 = FOG REDUCING VISIBILITY
HIGHEST:    82 ON 13    GRTST 24HR  1.41 ON 15-15      TO 1/4 MILE OR LESS
LOWEST:     34 ON  6                               3 = THUNDER
                        SNOW, ICE PELLETS, HAIL    4 = ICE PELLETS
                        TOTAL MONTH:    M          5 = HAIL
                        GRTST 24HR    M  ON   M    6 = FREEZING RAIN OR DRIZZLE
                        GRTST DEPTH:   0           7 = DUSTSTORM OR SANDSTORM:
                                                       VSBY 1/2 MILE OR LESS
                                                   8 = SMOKE OR HAZE
[NO. OF DAYS WITH]      [WEATHER - DAYS WITH]      9 = BLOWING SNOW
                                                   X = TORNADO
MAX 32 OR BELOW:   0    0.01 INCH OR MORE:   4
MAX 90 OR ABOVE:   0    0.10 INCH OR MORE:   2
MIN 32 OR BELOW:   0    0.50 INCH OR MORE:   2
MIN  0 OR BELOW:   0    1.00 INCH OR MORE:   1

[HDD (BASE 65) ]
TOTAL THIS MO.   124    CLEAR  (SCALE 0-3)   9
DPTR FM NORMAL   -58    PTCLDY (SCALE 4-7)   4
TOTAL FM JUL 1  4360    CLOUDY (SCALE 8-10)  2
DPTR FM NORMAL   174

[CDD (BASE 65) ]
TOTAL THIS MO.     9
DPTR FM NORMAL     2    [PRESSURE DATA]
TOTAL FM JAN 1     9    HIGHEST SLP M ON M
DPTR FM NORMAL     0    LOWEST  SLP 29.49 ON  8

[REMARKS]
