000
CXUS51 KLWX 200620
CF6CHO
PRELIMINARY LOCAL CLIMATOLOGICAL DATA (WS FORM: F-6)

                                          STATION:   CHARLOTTESVILLE VA
                                          MONTH:     DECEMBER
                                          YEAR:      2014
                                          LATITUDE:   38  7 N
                                          LONGITUDE:  78 27 W

  TEMPERATURE IN F:       :PCPN:    SNOW:  WIND      :SUNSHINE: SKY     :PK WND
================================================================================
1   2   3   4   5  6A  6B    7    8   9   10  11  12  13   14  15   16   17  18
                                     12Z  AVG MX 2MIN
DY MAX MIN AVG DEP HDD CDD  WTR  SNW DPTH SPD SPD DIR MIN PSBL S-S WX    SPD DR
================================================================================

 1  74  45  60  18   5   0    T    M    M  7.3 17  60   M    M   5        21  70
 2  45  36  41   0  24   0 0.39    M    M  5.9 13  30   M    M  10 1      17  70
 3  56  36  46   5  19   0 0.03    M    M  6.8 14 190   M    M   6 1      19 300
 4  45  32  39  -2  26   0 0.08    M    M  2.0  7  60   M    M   3 1      10 310
 5  41  37  39  -1  26   0 0.04    M    M  0.5  6 160   M    M   9 18      6 160
 6  50  41  46   6  19   0 0.45    M    M  6.2 13  20   M    M   8 1      19  20
 7  48  33  41   1  24   0 0.00    M    M  9.4 23  30   M    M   1        31  60
 8  39  31  35  -4  30   0 0.34    M    M  7.0 14  70   M    M   8 1      16  20
 9  49  33  41   2  24   0 0.13    M    M  4.6 15 340   M    M   8 1      23 350
10  48  35  42   3  23   0 0.00    M    M  8.9 20 330   M    M   4        27 320
11  46  30  38  -1  27   0 0.00    M    M  7.3 17 300   M    M   1        28 270
12  54  33  44   6  21   0 0.00    M    M  4.3 14 270   M    M   1        23 270
13  55  28  42   4  23   0 0.00    M    M  2.0  8 260   M    M   0        11 270
14  61  34  48  10  17   0 0.00    M    M  4.7 10 330   M    M   0        20 310
15  56  32  44   6  21   0 0.00    M    M  4.0 10 160   M    M   0        13 180
16  46  31  39   2  26   0 0.26    M    M  3.2  9 170   M    M   5 1      10 170
17  56  35  46   9  19   0 0.00    M    M  4.7 15 260   M    M   3        17 230
18  45  26  36  -1  29   0 0.00    M    M  3.5 10  50   M    M   3        14 350
19  45  26  36  -1  29   0 0.00    M    M  2.9 10  20   M    M   2        14  10
================================================================================
SM  959  634       432   0  1.72    M     95.2          M       77
================================================================================
AV 50.5 33.4                               5.0 FASTST   M    M   4    MAX(MPH)
                                 MISC ---->  # 23  30               # 31   60
================================================================================
NOTES:
# LAST OF SEVERAL OCCURRENCES

COLUMN 17 PEAK WIND IN M.P.H.

PRELIMINARY LOCAL CLIMATOLOGICAL DATA (WS FORM: F-6) , PAGE 2

                                          STATION:  CHARLOTTESVILLE VA
                                          MONTH:    DECEMBER
                                          YEAR:     2014
                                          LATITUDE:   38  7 N
                                          LONGITUDE:  78 27 W

[TEMPERATURE DATA]      [PRECIPITATION DATA]       SYMBOLS USED IN COLUMN 16

AVERAGE MONTHLY: 41.9   TOTAL FOR MONTH:   1.72    1 = FOG OR MIST
DPTR FM NORMAL:   2.9   DPTR FM NORMAL:   -0.44    2 = FOG REDUCING VISIBILITY
HIGHEST:    74 ON  1    GRTST 24HR  0.47 ON  8- 9      TO 1/4 MILE OR LESS
LOWEST:     26 ON 19,18                            3 = THUNDER
                        SNOW, ICE PELLETS, HAIL    4 = ICE PELLETS
                        TOTAL MONTH:    M          5 = HAIL
                        GRTST 24HR    M  ON   M    6 = FREEZING RAIN OR DRIZZLE
                        GRTST DEPTH:  M  ON   M    7 = DUSTSTORM OR SANDSTORM:
                                                       VSBY 1/2 MILE OR LESS
                                                   8 = SMOKE OR HAZE
[NO. OF DAYS WITH]      [WEATHER - DAYS WITH]      9 = BLOWING SNOW
                                                   X = TORNADO
MAX 32 OR BELOW:   0    0.01 INCH OR MORE:   8
MAX 90 OR ABOVE:   0    0.10 INCH OR MORE:   5
MIN 32 OR BELOW:   8    0.50 INCH OR MORE:   0
MIN  0 OR BELOW:   0    1.00 INCH OR MORE:   0

[HDD (BASE 65) ]
TOTAL THIS MO.   432    CLEAR  (SCALE 0-3)   9
DPTR FM NORMAL   -62    PTCLDY (SCALE 4-7)   7
TOTAL FM JUL 1  1286    CLOUDY (SCALE 8-10)  3
DPTR FM NORMAL   -99

[CDD (BASE 65) ]
TOTAL THIS MO.     0
DPTR FM NORMAL     0    [PRESSURE DATA]
TOTAL FM JAN 1  1096    HIGHEST SLP M ON M
DPTR FM NORMAL    61    LOWEST  SLP 29.81 ON 10

[REMARKS]
