000
CXUS52 KCHS 250915
CF6CHS
PRELIMINARY LOCAL CLIMATOLOGICAL DATA (WS FORM: F-6)

                                          STATION:   NORTH CHARLESTON SC
                                          MONTH:     NOVEMBER
                                          YEAR:      2014
                                          LATITUDE:   32 54 N
                                          LONGITUDE:  80  2 W

  TEMPERATURE IN F:       :PCPN:    SNOW:  WIND      :SUNSHINE: SKY     :PK WND
================================================================================
1   2   3   4   5  6A  6B    7    8   9   10  11  12  13   14  15   16   17  18
                                     12Z  AVG MX 2MIN
DY MAX MIN AVG DEP HDD CDD  WTR  SNW DPTH SPD SPD DIR MIN PSBL S-S WX    SPD DR
================================================================================

 1  55  40  48 -14  17   0 0.18  0.0    0 13.7 25 320   M    M   6 1      33 310
 2  58  37  48 -14  17   0 0.00  0.0    0  9.5 22 350   M    M   0        26 340
 3  66  35  51 -11  14   0 0.00  0.0    0  2.2 10  30   M    M   1        20 200
 4  73  37  55  -7  10   0 0.00  0.0    0  1.7  9 290   M    M   5         M 270
 5  79  53  66   5   0   1 0.00  0.0    0  2.5 10 210   M    M   8         M  M
 6  80  60  70   9   0   5 0.00  0.0    0  7.8 22 210   M    M   6        28 220
 7  67  44  56  -5   9   0 0.00  0.0    0  6.7 20 310   M    M   0        24 300
 8  70  40  55  -6  10   0 0.00  0.0    0  4.7 10  20   M    M   5        14  20
 9  69  50  60   0   5   0    T  0.0    0  5.4 12  30   M    M   6        15  30
10  65  49  57  -3   8   0    T    M    0  8.3 15  10   M    M   6        22  30
11  79  58  69   9   0   4 0.00  0.0    0  9.8 18 330   M    M   5        23 360
12  79  52  66   6   0   1 0.00  0.0    0  4.1 14 360   M    M   6        21 300
13  75  57  66   7   0   1 0.00  0.0    0  4.6 15 310   M    M   6 1      20 320
14  57  40  49 -10  16   0 0.00  0.0    0  9.2 16 350   M    M   7        21  20
15  54  32  43 -16  22   0 0.00  0.0    0  8.0 16  30   M    M   0        21  40
16  57  45  51  -8  14   0 0.24    M    0  6.6 12  20   M    M   9 12     16  30
17  79  48  64   6   1   0 0.01  0.0    0 11.8 31 210   M    M   8 12     40 220
18  51  30  41 -17  24   0 0.00  0.0    0 10.4 22 300   M    M   2        29 290
19  52  23  38 -20  27   0 0.00  0.0    0  3.9  9 170   M    M   1        12 200
20  66  33  50  -8  15   0 0.00  0.0    0  7.4 15 240   M    M   2        20 250
21  68  39  54  -3  11   0 0.00  0.0    0  6.3  M   M   M    M   1         M  M
22  66  35  51  -6  14   0    T    M    0  8.1 15  80   M    M   2        18  50
23  72  55  64   7   1   0 2.00  0.0    0 11.1 24 250   M    M  10 13     36 250
24  78  64  71  15   0   6 0.14  0.0    0  9.9 23 210   M    M   8 1       M  M
================================================================================
SM 1615 1056       235  18  2.57     0.0 173.7          M      110
================================================================================
AV 67.3 44.0                               7.2 FASTST   M    M   5    MAX(MPH)
                                 MISC ---->  # 31 210               # 40  220
================================================================================
NOTES:
# LAST OF SEVERAL OCCURRENCES

COLUMN 17 PEAK WIND IN M.P.H.

PRELIMINARY LOCAL CLIMATOLOGICAL DATA (WS FORM: F-6) , PAGE 2

                                          STATION:  NORTH CHARLESTON SC
                                          MONTH:    NOVEMBER
                                          YEAR:     2014
                                          LATITUDE:   32 54 N
                                          LONGITUDE:  80  2 W

[TEMPERATURE DATA]      [PRECIPITATION DATA]       SYMBOLS USED IN COLUMN 16

AVERAGE MONTHLY: 55.6   TOTAL FOR MONTH:   2.57    1 = FOG OR MIST
DPTR FM NORMAL:  -3.8   DPTR FM NORMAL:    0.63    2 = FOG REDUCING VISIBILITY
HIGHEST:    80 ON  6    GRTST 24HR  2.00 ON 23-23      TO 1/4 MILE OR LESS
LOWEST:     23 ON 19                               3 = THUNDER
                        SNOW, ICE PELLETS, HAIL    4 = ICE PELLETS
                        TOTAL MONTH:   0.0 INCH    5 = HAIL
                        GRTST 24HR     0.0         6 = FREEZING RAIN OR DRIZZLE
                        GRTST DEPTH:   0           7 = DUSTSTORM OR SANDSTORM:
                                                       VSBY 1/2 MILE OR LESS
                                                   8 = SMOKE OR HAZE
[NO. OF DAYS WITH]      [WEATHER - DAYS WITH]      9 = BLOWING SNOW
                                                   X = TORNADO
MAX 32 OR BELOW:   0    0.01 INCH OR MORE:   5
MAX 90 OR ABOVE:   0    0.10 INCH OR MORE:   4
MIN 32 OR BELOW:   3    0.50 INCH OR MORE:   1
MIN  0 OR BELOW:   0    1.00 INCH OR MORE:   1

[HDD (BASE 65) ]
TOTAL THIS MO.   235    CLEAR  (SCALE 0-3)   9
DPTR FM NORMAL    73    PTCLDY (SCALE 4-7)  13
TOTAL FM JUL 1   257    CLOUDY (SCALE 8-10)  2
DPTR FM NORMAL    26

[CDD (BASE 65) ]
TOTAL THIS MO.    18
DPTR FM NORMAL   -11    [PRESSURE DATA]
TOTAL FM JAN 1  2769    HIGHEST SLP M ON M
DPTR FM NORMAL   476    LOWEST  SLP 29.70 ON  1

[REMARKS]
