000
CXUS55 KDVN 281000
CF6CID
PRELIMINARY LOCAL CLIMATOLOGICAL DATA (WS FORM: F-6)
STATION: CEDAR RAPIDS IA
MONTH: MARCH
YEAR: 2024
LATITUDE: 41 52 N
LONGITUDE: 91 42 W
TEMPERATURE IN F: :PCPN: SNOW: WIND :SUNSHINE: SKY :PK WND
================================================================================
1 2 3 4 5 6A 6B 7 8 9 10 11 12 13 14 15 16 17 18
12Z AVG MX 2MIN
DY MAX MIN AVG DEP HDD CDD WTR SNW DPTH SPD SPD DIR MIN PSBL S-S WX SPD DR
================================================================================
1 52 29 41 11 24 0 0.00 M M 12.0 23 190 M M 1 32 190
2 65 30 48 18 17 0 0.00 M M 14.1 26 150 M M 0 35 160
3 80 47 64 33 1 0 0.00 M M 21.9 39 190 M M 1 1 50 200
4 55 39 47 16 18 0 0.03 M M 14.1 26 10 M M 8 135 35 360
5 55 36 46 14 19 0 0.00 M M 10.0 22 60 M M 6 8 30 40
6 55 31 43 11 22 0 0.00 M M 9.1 17 80 M M 0 24 60
7 52 33 43 11 22 0 0.14 M M 11.5 17 80 M M 7 1 22 80
8 45 32 39 6 26 0 0.33 M M 15.4 22 360 M M 9 1 28 10
9 44 23 34 1 31 0 0.00 M M 15.3 26 310 M M 0 38 300
10 50 19 35 1 30 0 0.00 M M 6.5 12 260 M M 0 16 320
11 75 36 56 22 9 0 0.00 M M 16.4 29 230 M M 0 38 220
12 69 44 57 22 8 0 0.00 M M 9.9 23 230 M M 0 29 240
13 72 37 55 20 10 0 0.00 M M 8.4 18 80 M M 1 8 24 80
14 55 45 50 14 15 0 0.46 M M 14.8 32 60 M M 9 138 43 50
15 59 33 46 10 19 0 0.00 M M 8.3 20 290 M M 1 28 300
16 55 29 42 5 23 0 0.00 M M 18.0 33 310 M M 3 46 300
17 35 17 26 -11 39 0 0.00 M M 16.9 28 340 M M 5 41 300
18 37 16 27 -11 38 0 0.00 M M 12.4 22 340 M M 2 37 270
19 63 25 44 6 21 0 0.00 M M 17.9 31 320 M M 0 40 300
20 41 26 34 -4 31 0 0.00 M M 13.9 24 350 M M 2 31 340
21 45 27 36 -3 29 0 T M M 9.4 16 130 M M 8 23 100
22 41 24 33 -6 32 0 0.75 M M 12.8 22 60 M M 10 1238 28 80
23 35 14 25 -15 40 0 T M M 7.5 18 100 M M 4 23 100
24 50 32 41 1 24 0 T M M 15.5 31 120 M M 9 41 130
25 60 48 54 13 11 0 0.01 M M 16.3 26 150 M M 8 1 36 150
26 51 27 39 -2 26 0 0.50 M M 20.5 30 280 M M 10 1 44 300
27 41 22 32 -9 33 0 0.00 M M 13.8 23 290 M M 3 32 310
================================================================================
SM 1437 821 618 0 2.22 M 362.6 M 107
================================================================================
AV 53.2 30.4 13.4 FASTST M M 4 MAX(MPH)
MISC ----> 39 190 50 200
================================================================================
NOTES:
# LAST OF SEVERAL OCCURRENCES
COLUMN 17 PEAK WIND IN M.P.H.
PRELIMINARY LOCAL CLIMATOLOGICAL DATA (WS FORM: F-6) , PAGE 2
STATION: CEDAR RAPIDS IA
MONTH: MARCH
YEAR: 2024
LATITUDE: 41 52 N
LONGITUDE: 91 42 W
[TEMPERATURE DATA] [PRECIPITATION DATA] SYMBOLS USED IN COLUMN 16
AVERAGE MONTHLY: 41.8 TOTAL FOR MONTH: 2.22 1 = FOG OR MIST
DPTR FM NORMAL: 6.1 DPTR FM NORMAL: 0.54 2 = FOG REDUCING VISIBILITY
HIGHEST: 80 ON 3 GRTST 24HR 0.75 ON 22-22 TO 1/4 MILE OR LESS
LOWEST: 14 ON 23 3 = THUNDER
SNOW, ICE PELLETS, HAIL 4 = ICE PELLETS
TOTAL MONTH: M 5 = HAIL
GRTST 24HR M ON M 6 = FREEZING RAIN OR DRIZZLE
GRTST DEPTH: M ON M 7 = DUSTSTORM OR SANDSTORM:
VSBY 1/2 MILE OR LESS
8 = SMOKE OR HAZE
[NO. OF DAYS WITH] [WEATHER - DAYS WITH] 9 = BLOWING SNOW
X = TORNADO
MAX 32 OR BELOW: 0 0.01 INCH OR MORE: 7
MAX 90 OR ABOVE: 0 0.10 INCH OR MORE: 5
MIN 32 OR BELOW: 17 0.50 INCH OR MORE: 2
MIN 0 OR BELOW: 0 1.00 INCH OR MORE: 0
[HDD (BASE 65) ]
TOTAL THIS MO. 618 CLEAR (SCALE 0-3) 15
DPTR FM NORMAL -174 PTCLDY (SCALE 4-7) 6
TOTAL FM JUL 1 4864 CLOUDY (SCALE 8-10) 6
DPTR FM NORMAL -1156
[CDD (BASE 65) ]
TOTAL THIS MO. 0
DPTR FM NORMAL 0 [PRESSURE DATA]
TOTAL FM JAN 1 0 HIGHEST SLP M ON M
DPTR FM NORMAL 0 LOWEST SLP 29.27 ON 26
[REMARKS]