000
CXUS55 KLOX 311155
CF6CMA
PRELIMINARY LOCAL CLIMATOLOGICAL DATA (WS FORM: F-6)

                                          STATION:   CAMARILLO AIRPORT CA
                                          MONTH:     MAY
                                          YEAR:      2016
                                          LATITUDE:   34 12 N
                                          LONGITUDE: 119  6 W

  TEMPERATURE IN F:       :PCPN:    SNOW:  WIND      :SUNSHINE: SKY     :PK WND
================================================================================
1   2   3   4   5  6A  6B    7    8   9   10  11  12  13   14  15   16   17  18
                                     12Z  AVG MX 2MIN
DY MAX MIN AVG DEP HDD CDD  WTR  SNW DPTH SPD SPD DIR MIN PSBL S-S WX    SPD DR
================================================================================

 1  69  48  59  -1   6   0 0.00  0.0    0  6.1 18 230   M    M   1        25 220
 2  68  53  61   1   4   0 0.00  0.0    0  4.3 14 250   M    M   5 18     19 250
 3  76  51  64   4   1   0 0.00  0.0    0  4.6 15 270   M    M   2        23 160
 4  66  56  61   1   4   0 0.00  0.0    0  5.7 15 210   M    M   7 18     18 210
 5  70  58  64   4   1   0    T  0.0    0  5.2 16 220   M    M   9        20 220
 6  69  57  63   3   2   0    T  0.0    0  6.4 16 210   M    M   8        22 230
 7  70  56  63   3   2   0    T  0.0    0  6.6 14 230   M    M   8        22 230
 8  69  52  61   0   4   0 0.00  0.0    0  6.9 17 220   M    M   5        22 220
 9  68  56  62   1   3   0 0.00  0.0    0  5.9 15 220   M    M   6        22 190
10  69  55  62   1   3   0 0.00  0.0    0  5.3 14 260   M    M   7        19 240
11  69  58  64   3   1   0 0.00  0.0    0  5.0 15 270   M    M   8 8      18 250
12  70  57  64   3   1   0 0.00  0.0    0  4.8 13 290   M    M   4 18     17 270
13  71  57  64   3   1   0 0.00  0.0    0  4.9 15 260   M    M   6 18     17 270
14  69  58  64   3   1   0 0.00  0.0    0  5.9 14 200   M    M   7 8      18 230
15  71  55  63   2   2   0 0.00  0.0    0  5.9 15 240   M    M   6        21 240
16  71  52  62   0   3   0 0.00  0.0    0  5.6 15 210   M    M   3        23 220
17  72  54  63   1   2   0 0.00  0.0    0  4.9 14 260   M    M   4        17 240
18  69  57  63   1   2   0 0.00  0.0    0  4.4 15 230   M    M   8 18     19 230
19  68  56  62   0   3   0 0.00  0.0    0  5.9 16 280   M    M   9 8      20 260
20  67  54  61  -1   4   0 0.00  0.0    0  9.1 22 270   M    M   3        30 300
21  68  50  59  -3   6   0 0.00  0.0    0  9.3 21 260   M    M   1        25 260
22  71  49  60  -2   5   0 0.00  0.0    0  6.8 17 260   M    M   0        25 240
23  69  51  60  -2   5   0 0.00  0.0    0  7.3 17 270   M    M   1        23 220
24  70  57  64   2   1   0 0.00  0.0    0  7.2 15 260   M    M   4        22 230
25  70  57  64   2   1   0 0.00  0.0    0  7.6 17 240   M    M   3        25 250
26  70  52  61  -1   4   0 0.00  0.0    0  5.9 16 230   M    M   1        21 230
27  71  51  61  -1   4   0 0.00  0.0    0  5.8 15 230   M    M   1 8      20 220
28  69  53  61  -2   4   0 0.00  0.0    0  6.4 16 230   M    M   8 8      21 210
29  68  58  63   0   2   0 0.00  0.0    0  5.4 14 240   M    M   8 8      28 240
30  70  58  64   1   1   0 0.00  0.0    0  6.8 15 240   M    M   8 8      20 210
================================================================================
SM 2087 1636        83   0    T      0.0 181.8          M      151
================================================================================
AV 69.6 54.5                               6.1 FASTST   M    M   5    MAX(MPH)
                                 MISC ---->    22   M                 30    M
================================================================================
NOTES:
# LAST OF SEVERAL OCCURRENCES

COLUMN 17 PEAK WIND IN M.P.H.

PRELIMINARY LOCAL CLIMATOLOGICAL DATA (WS FORM: F-6) , PAGE 2

                                          STATION:  CAMARILLO AIRPORT CA
                                          MONTH:    MAY
                                          YEAR:     2016
                                          LATITUDE:   34 12 N
                                          LONGITUDE: 119  6 W

[TEMPERATURE DATA]      [PRECIPITATION DATA]       SYMBOLS USED IN COLUMN 16

AVERAGE MONTHLY: 62.0   TOTAL FOR MONTH:      T    1 = FOG OR MIST
DPTR FM NORMAL:   0.7   DPTR FM NORMAL:   -0.31    2 = FOG REDUCING VISIBILITY
HIGHEST:    76 ON  3    GRTST 24HR    T  ON  7- 7      TO 1/4 MILE OR LESS
LOWEST:     48 ON  1                               3 = THUNDER
                        SNOW, ICE PELLETS, HAIL    4 = ICE PELLETS
                        TOTAL MONTH:   0.0 INCH    5 = HAIL
                        GRTST 24HR     0.0         6 = FREEZING RAIN OR DRIZZLE
                        GRTST DEPTH:   0           7 = DUSTSTORM OR SANDSTORM:
                                                       VSBY 1/2 MILE OR LESS
                                                   8 = SMOKE OR HAZE
[NO. OF DAYS WITH]      [WEATHER - DAYS WITH]      9 = BLOWING SNOW
                                                   X = TORNADO
MAX 32 OR BELOW:   0    0.01 INCH OR MORE:   0
MAX 90 OR ABOVE:   0    0.10 INCH OR MORE:   0
MIN 32 OR BELOW:   0    0.50 INCH OR MORE:   0
MIN  0 OR BELOW:   0    1.00 INCH OR MORE:   0

[HDD (BASE 65) ]
TOTAL THIS MO.    83    CLEAR  (SCALE 0-3)  10
DPTR FM NORMAL   -38    PTCLDY (SCALE 4-7)  15
TOTAL FM JUL 1  1194    CLOUDY (SCALE 8-10)  5
DPTR FM NORMAL  -747

[CDD (BASE 65) ]
TOTAL THIS MO.     0
DPTR FM NORMAL     0    [PRESSURE DATA]
TOTAL FM JAN 1    71    HIGHEST SLP M ON M
DPTR FM NORMAL    51    LOWEST  SLP 29.77 ON M

[REMARKS]
