000
CXUS55 KLOX 251655
CF6CMA
PRELIMINARY LOCAL CLIMATOLOGICAL DATA (WS FORM: F-6)

                                          STATION:   CAMARILLO AIRPORT CA
                                          MONTH:     FEBRUARY
                                          YEAR:      2017
                                          LATITUDE:   34 12 N
                                          LONGITUDE: 119  6 W

  TEMPERATURE IN F:       :PCPN:    SNOW:  WIND      :SUNSHINE: SKY     :PK WND
================================================================================
1   2   3   4   5  6A  6B    7    8   9   10  11  12  13   14  15   16   17  18
                                     12Z  AVG MX 2MIN
DY MAX MIN AVG DEP HDD CDD  WTR  SNW DPTH SPD SPD DIR MIN PSBL S-S WX    SPD DR
================================================================================

 1  66  41  54   0  11   0 0.00  0.0    0  4.0 14 240   M    M   2 18     17 210
 2  62  47  55   1  10   0 0.08    M    0  3.4  9  60   M    M   8 18     12  60
 3  64  57  61   7   4   0 0.16  0.0    0  3.7 10 200   M    M   7 1      13 230
 4  62  55  59   5   6   0 0.02  0.0    0  3.8 10 240   M    M   7 12     16 230
 5  61  48  55   1  10   0 0.05    M    0  3.9 13 200   M    M   8 1      15 210
 6  61  54  58   4   7   0 1.05  0.0    0  5.6 14  70   M    M  10 1      17  50
 7  64  57  61   7   4   0 0.13  0.0    0  3.9 12 210   M    M  10 1      16 230
 8  70  59  65  11   0   0 0.10  0.0    0  2.7 12 260   M    M   8 1      14 270
 9  66  56  61   7   4   0 0.00  0.0    0  3.9 12 280   M    M   7 12     13 280
10  63  58  61   7   4   0 0.38  0.0    0  4.8 16  70   M    M   8 18     20  60
11  64  53  59   5   6   0 0.03  0.0    0  6.2 21 270   M    M   6 1      26 300
12  71  46  59   5   6   0 0.00  0.0    0  5.9 17 270   M    M   0        19 270
13  73  46  60   6   5   0 0.00  0.0    0  5.6 14 270   M    M   0        17 270
14  66  48  57   3   8   0 0.00  0.0    0  4.1 14 240   M    M   0 1      17 240
15  78  45  62   8   3   0 0.00  0.0    0  3.5 20 230   M    M   1 128    24 240
16  63  45  54   0  11   0 0.03    M    0  4.8 15 270   M    M   5 1      17 270
17  60  53  57   3   8   0 2.85  0.0    0 11.1 33 140   M    M  10 1      46 150
18  60  49  55   1  10   0 0.60    M    0  8.4 20 270   M    M   6 1      25 260
19  63  47  55   1  10   0 0.20    M    0  4.6 13 230   M    M   7 1      17 200
20  60  53  57   3   8   0 0.17  0.0    0  3.5 12  40   M    M  10 18     14  40
21  62  57  60   6   5   0 0.07  0.0    0  2.6  9 260   M    M  10 1      11 260
22  64  45  55   1  10   0 0.00  0.0    0  7.3 25 270   M    M   3 1      29 270
23  60  40  50  -4  15   0 0.00  0.0    0  5.7 21 270   M    M   0        26 310
24  61  35  48  -6  17   0 0.00  0.0    0  5.2 16 260   M    M   0        18 260
================================================================================
SM 1544 1194       182   0  5.92     0.0 118.2          M      133
================================================================================
AV 64.3 49.8                               4.9 FASTST   M    M   6    MAX(MPH)
                                 MISC ---->  # 33 140               # 46  150
================================================================================
NOTES:
# LAST OF SEVERAL OCCURRENCES

COLUMN 17 PEAK WIND IN M.P.H.

PRELIMINARY LOCAL CLIMATOLOGICAL DATA (WS FORM: F-6) , PAGE 2

                                          STATION:  CAMARILLO AIRPORT CA
                                          MONTH:    FEBRUARY
                                          YEAR:     2017
                                          LATITUDE:   34 12 N
                                          LONGITUDE: 119  6 W

[TEMPERATURE DATA]      [PRECIPITATION DATA]       SYMBOLS USED IN COLUMN 16

AVERAGE MONTHLY: 57.0   TOTAL FOR MONTH:   5.92    1 = FOG OR MIST
DPTR FM NORMAL:   3.0   DPTR FM NORMAL:    2.73    2 = FOG REDUCING VISIBILITY
HIGHEST:    78 ON 15    GRTST 24HR  3.35 ON 17-18      TO 1/4 MILE OR LESS
LOWEST:     35 ON 24                               3 = THUNDER
                        SNOW, ICE PELLETS, HAIL    4 = ICE PELLETS
                        TOTAL MONTH:   0.0 INCH    5 = HAIL
                        GRTST 24HR     0.0         6 = FREEZING RAIN OR DRIZZLE
                        GRTST DEPTH:   0           7 = DUSTSTORM OR SANDSTORM:
                                                       VSBY 1/2 MILE OR LESS
                                                   8 = SMOKE OR HAZE
[NO. OF DAYS WITH]      [WEATHER - DAYS WITH]      9 = BLOWING SNOW
                                                   X = TORNADO
MAX 32 OR BELOW:   0    0.01 INCH OR MORE:  15
MAX 90 OR ABOVE:   0    0.10 INCH OR MORE:   9
MIN 32 OR BELOW:   0    0.50 INCH OR MORE:   3
MIN  0 OR BELOW:   0    1.00 INCH OR MORE:   2

[HDD (BASE 65) ]
TOTAL THIS MO.   182    CLEAR  (SCALE 0-3)   8
DPTR FM NORMAL   -92    PTCLDY (SCALE 4-7)   9
TOTAL FM JUL 1   931    CLOUDY (SCALE 8-10)  7
DPTR FM NORMAL  -362

[CDD (BASE 65) ]
TOTAL THIS MO.     0
DPTR FM NORMAL     0    [PRESSURE DATA]
TOTAL FM JAN 1     1    HIGHEST SLP M ON M
DPTR FM NORMAL    -6    LOWEST  SLP 29.72 ON 19

[REMARKS]
