000
CXUS51 KILN 300640
CF6CMH
PRELIMINARY LOCAL CLIMATOLOGICAL DATA (WS FORM: F-6)

                                          STATION:   COLUMBUS OH
                                          MONTH:     JUNE
                                          YEAR:      2015
                                          LATITUDE:   40  0 N
                                          LONGITUDE:  82 53 W

  TEMPERATURE IN F:       :PCPN:    SNOW:  WIND      :SUNSHINE: SKY     :PK WND
================================================================================
1   2   3   4   5  6A  6B    7    8   9   10  11  12  13   14  15   16   17  18
                                     12Z  AVG MX 2MIN
DY MAX MIN AVG DEP HDD CDD  WTR  SNW DPTH SPD SPD DIR MIN PSBL S-S WX    SPD DR
================================================================================

 1  56  49  53 -14  12   0 0.03  0.0    0  9.0 15  40   M    M  10        18  40
 2  66  52  59  -9   6   0 0.00  0.0    0  6.4 12 100   M    M   9        14 110
 3  73  59  66  -2   0   1 0.00  0.0    0  4.1  9  40   M    M   9        14  40
 4  81  60  71   3   0   6 0.00  0.0    0  5.0 10 120   M    M   6        14 130
 5  86  62  74   5   0   9 0.25  0.0    0  5.3 20 310   M    M   6 13     23 260
 6  79  61  70   1   0   5 0.00  0.0    0  7.5 17  10   M    M   7 18     21 360
 7  85  56  71   2   0   6 0.00  0.0    0  8.2 20 250   M    M   6        32 260
 8  79  61  70   0   0   5 0.09  0.0    0 10.0 29 310   M    M  10 13     37 300
 9  76  57  67  -3   0   2 0.03  0.0    0  6.1 15 290   M    M   5 18     18 300
10  91  58  75   5   0  10 0.00  0.0    0  7.8 20 250   M    M   4 18     25 250
11  92  67  80   9   0  15 0.00  0.0    0  6.0 15 180   M    M   8        20 170
12  93  70  82  11   0  17 0.04  0.0    0  7.6 37 290   M    M   7 8      47 290
13  90  69  80   9   0  15 0.17  0.0    0  5.2 24 250   M    M   8 138    29 150
14  91  69  80   9   0  15 0.10  0.0    0  7.9 22 230   M    M   8 13     29 210
15  87  71  79   7   0  14 0.44  0.0    0  6.6 22 210   M    M   9 138    37 200
16  83  71  77   5   0  12 0.87  0.0    0  7.3 15 360   M    M   8 138    18 360
17  72  61  67  -5   0   2 0.44  0.0    0  6.2 17  90   M    M   9 1      23  90
18  87  69  78   6   0  13    T  0.0    0  8.8 25 230   M    M   8 1      32 230
19  76  67  72  -1   0   7 0.01  0.0    0  5.9 13  40   M    M  10 18     16 300
20  73  67  70  -3   0   5 2.00  0.0    0  6.4 15  50   M    M  10 13     18  30
21  86  68  77   4   0  12    T  0.0    0  7.8 22 290   M    M   8 1      26 290
22  86  64  75   2   0  10    T  0.0    0  7.6 18 200   M    M   5 1      25 210
23  85  67  76   2   0  11    T  0.0    0 12.1 23 310   M    M   7        28 310
24  83  61  72  -2   0   7    T  0.0    0  3.7 13 270   M    M   6        15 290
25  77  66  72  -2   0   7 0.27  0.0    0  4.5 12 180   M    M   9 1      15 170
26  78  67  73  -1   0   8 0.65  0.0    0  5.8 14  90   M    M  10 1      17  90
27  71  58  65  -9   0   0 0.55  0.0    0 13.9 25 240   M    M   9 1      38 280
28  75  58  67  -7   0   2 0.03  0.0    0 10.1  6 150   M    M   8 1       7 350
29  66  60  63 -12   2   0 0.40  0.0    0  4.5 15 150   M    M   9 1      21 130
================================================================================
SM 2323 1825        20 216  6.37     0.0 207.3          M      228
================================================================================
AV 80.1 62.9                               7.1 FASTST   M    M   8    MAX(MPH)
                                 MISC ---->  # 37 290               # 47  290
================================================================================
NOTES:
# LAST OF SEVERAL OCCURRENCES

COLUMN 17 PEAK WIND IN M.P.H.

PRELIMINARY LOCAL CLIMATOLOGICAL DATA (WS FORM: F-6) , PAGE 2

                                          STATION:  COLUMBUS OH
                                          MONTH:    JUNE
                                          YEAR:     2015
                                          LATITUDE:   40  0 N
                                          LONGITUDE:  82 53 W

[TEMPERATURE DATA]      [PRECIPITATION DATA]       SYMBOLS USED IN COLUMN 16

AVERAGE MONTHLY: 71.5   TOTAL FOR MONTH:   6.37    1 = FOG OR MIST
DPTR FM NORMAL:   0.1   DPTR FM NORMAL:    2.49    2 = FOG REDUCING VISIBILITY
HIGHEST:    93 ON 12    GRTST 24HR  2.00 ON 20-20      TO 1/4 MILE OR LESS
LOWEST:     49 ON  1                               3 = THUNDER
                        SNOW, ICE PELLETS, HAIL    4 = ICE PELLETS
                        TOTAL MONTH:   0.0 INCH    5 = HAIL
                        GRTST 24HR     0.0         6 = FREEZING RAIN OR DRIZZLE
                        GRTST DEPTH:   0           7 = DUSTSTORM OR SANDSTORM:
                                                       VSBY 1/2 MILE OR LESS
                                                   8 = SMOKE OR HAZE
[NO. OF DAYS WITH]      [WEATHER - DAYS WITH]      9 = BLOWING SNOW
                                                   X = TORNADO
MAX 32 OR BELOW:   0    0.01 INCH OR MORE:  17
MAX 90 OR ABOVE:   5    0.10 INCH OR MORE:  11
MIN 32 OR BELOW:   0    0.50 INCH OR MORE:   4
MIN  0 OR BELOW:   0    1.00 INCH OR MORE:   1

[HDD (BASE 65) ]
TOTAL THIS MO.    20    CLEAR  (SCALE 0-3)   0
DPTR FM NORMAL     2    PTCLDY (SCALE 4-7)  15
TOTAL FM JUL 1  5840    CLOUDY (SCALE 8-10) 14
DPTR FM NORMAL   595

[CDD (BASE 65) ]
TOTAL THIS MO.   216
DPTR FM NORMAL    10    [PRESSURE DATA]
TOTAL FM JAN 1   369    HIGHEST SLP 30.17 ON  2
DPTR FM NORMAL    81    LOWEST  SLP 29.65 ON 27

[REMARKS]
