000
CXUS53 KARX 170930
CF6CMY
PRELIMINARY LOCAL CLIMATOLOGICAL DATA (WS FORM: F-6)

                                          STATION:   SPARTA - FORT MCCOY WI
                                          MONTH:     APRIL
                                          YEAR:      2014
                                          LATITUDE:   43 58 N
                                          LONGITUDE:  90 44 W

  TEMPERATURE IN F:       :PCPN:    SNOW:  WIND      :SUNSHINE: SKY     :PK WND
================================================================================
1   2   3   4   5  6A  6B    7    8   9   10  11  12  13   14  15   16   17  18
                                     12Z  AVG MX 2MIN
DY MAX MIN AVG DEP HDD CDD  WTR  SNW DPTH SPD SPD DIR MIN PSBL S-S WX    SPD DR
================================================================================

 1  39  24  32   M  33   0 0.00  0.0    0 11.1 20 270   M    M   6 1      30 270
 2  50  14  32   M  33   0 0.00  0.0    0  5.8 14  90   M    M   3        20  90
 3  39  32  36   M  29   0 0.21    T    0 12.5 20 100   M    M  10        29 100
 4  36  24  30   M  35   0 0.12    M    T  9.3 20 310   M    M   8 1      32 310
 5  52  18  35   M  30   0 0.00  0.0    0  4.0 12 260   M    M   0        20 180
 6  63  26  45   M  20   0 0.06  0.0    0  6.7 14 210   M    M   6 1      22 190
 7  60  34  47   M  18   0 0.00  0.0    0  3.4 10 330   M    M   6 1       M  M
 8  58  27  43   M  22   0 0.00  0.0    0  5.9 16 330   M    M   3        23 350
 9  66  20  43   M  22   0 0.00  0.0    0  6.5 16 190   M    M   1        29 190
10  64  31  48   M  17   0 0.00  0.0    0  9.1 18 310   M    M   1        25 310
11  66  26  46   M  19   0    T  0.0    0  4.6 14 300   M    M   3        24 230
12  52  42  47   M  18   0 1.33  0.0    0  7.3 23 120   M    M   9 13     31 120
13  46  33  40   M  25   0 1.27    M    0  7.7 18  10   M    M  10 1      25  10
14  35  17  26   M  39   0    M    M    M  9.6 15 330   M    M   8        23 320
15  36  11  24   M  41   0    M    M    M  3.0  9 240   M    M   4        22 270
16  52  28  40   M  25   0 0.00  0.0    0 10.8 16 150   M    M   8        27 160
================================================================================
SM  814  407       426   0  2.99    T    117.3          M       86
================================================================================
AV 50.9 25.4                               7.3 FASTST   M    M   5    MAX(MPH)
                                 MISC ---->  # 23 120                 32    M
================================================================================
NOTES:
# LAST OF SEVERAL OCCURRENCES

COLUMN 17 PEAK WIND IN M.P.H.

PRELIMINARY LOCAL CLIMATOLOGICAL DATA (WS FORM: F-6) , PAGE 2

                                          STATION:  SPARTA - FORT MCCOY WI
                                          MONTH:    APRIL
                                          YEAR:     2014
                                          LATITUDE:   43 58 N
                                          LONGITUDE:  90 44 W

[TEMPERATURE DATA]      [PRECIPITATION DATA]       SYMBOLS USED IN COLUMN 16

AVERAGE MONTHLY: 38.2   TOTAL FOR MONTH:   2.99    1 = FOG OR MIST
DPTR FM NORMAL:     M   DPTR FM NORMAL:       M    2 = FOG REDUCING VISIBILITY
HIGHEST:    66 ON 11, 9 GRTST 24HR  1.33 ON 12-12      TO 1/4 MILE OR LESS
LOWEST:     11 ON 15                               3 = THUNDER
                        SNOW, ICE PELLETS, HAIL    4 = ICE PELLETS
                        TOTAL MONTH:    T          5 = HAIL
                        GRTST 24HR    T  ON  3- 3  6 = FREEZING RAIN OR DRIZZLE
                        GRTST DEPTH:   T           7 = DUSTSTORM OR SANDSTORM:
                                                       VSBY 1/2 MILE OR LESS
                                                   8 = SMOKE OR HAZE
[NO. OF DAYS WITH]      [WEATHER - DAYS WITH]      9 = BLOWING SNOW
                                                   X = TORNADO
MAX 32 OR BELOW:   0    0.01 INCH OR MORE:   5
MAX 90 OR ABOVE:   0    0.10 INCH OR MORE:   4
MIN 32 OR BELOW:  13    0.50 INCH OR MORE:   2
MIN  0 OR BELOW:   0    1.00 INCH OR MORE:   2

[HDD (BASE 65) ]
TOTAL THIS MO.   426    CLEAR  (SCALE 0-3)   5
DPTR FM NORMAL     M    PTCLDY (SCALE 4-7)   6
TOTAL FM JUL 1  8480    CLOUDY (SCALE 8-10)  5
DPTR FM NORMAL     M

[CDD (BASE 65) ]
TOTAL THIS MO.     0
DPTR FM NORMAL     M    [PRESSURE DATA]
TOTAL FM JAN 1     0    HIGHEST SLP M ON M
DPTR FM NORMAL     M    LOWEST  SLP M ON M

[REMARKS]
