000
CXUS54 KMAF 241100
CF6CNM
PRELIMINARY LOCAL CLIMATOLOGICAL DATA (WS FORM: F-6)

                                          STATION:   Carlsbad
                                          MONTH:     JUNE
                                          YEAR:      2017
                                          LATITUDE:   32 20 N
                                          LONGITUDE: 104 15 W

  TEMPERATURE IN F:       :PCPN:    SNOW:  WIND      :SUNSHINE: SKY     :PK WND
================================================================================
1   2   3   4   5  6A  6B    7    8   9   10  11  12  13   14  15   16   17  18
                                     12Z  AVG MX 2MIN
DY MAX MIN AVG DEP HDD CDD  WTR  SNW DPTH SPD SPD DIR MIN PSBL S-S WX    SPD DR
================================================================================

 1  85  60  73  -4   0   8 0.00  0.0    0  7.9 24 270   M    M   3 3      30 280
 2  89  59  74  -4   0   9 0.06  0.0    0  6.3 24 340   M    M   1 3      30 330
 3  87  60  74  -4   0   9 0.00  0.0    0  4.6 21  60   M    M   2 3      29  20
 4  92  60  76  -2   0  11    T  0.0    0  6.1 29  10   M    M   1 3      36  10
 5  93  62  78   0   0  13 0.00  0.0    0  5.5 20  30   M    M   0        23  40
 6  91  66  79   0   0  14 0.16  0.0    0  8.7 46 330   M    M   1 13     55 330
 7  91  63  77  -2   0  12 0.09  0.0    0  9.3 40 350   M    M   1 3      48 340
 8  91  64  78  -1   0  13 0.17  0.0    0  7.9 29  50   M    M   1 13     37  40
 9 100  68  84   5   0  19 0.00  0.0    0 10.3 24  70   M    M   0        29  70
10 104  65  85   5   0  20 0.00  0.0    0  7.9 22 230   M    M   0        25 130
11 103  67  85   5   0  20 0.00  0.0    0 11.8 26 250   M    M   0        35 270
12 103  65  84   4   0  19 0.00  0.0    0  9.4 24 250   M    M   0        30 220
13 105  69  87   7   0  22 0.00  0.0    0 10.3 29 250   M    M   0        36 250
14 102  65  84   4   0  19 0.00  0.0    0  8.9 23 150   M    M   0        30 150
15 107  65  86   6   0  21 0.00  0.0    0  7.0 21 240   M    M   1        25 230
16 107  65  86   6   0  21 0.00  0.0    0  6.7 15 250   M    M   1        19 250
17 109  63  86   5   0  21 0.00  0.0    0  7.9 18 250   M    M   2        21  30
18  92  70  81   0   0  16 0.00  0.0    0 15.9 35 330   M    M   2        44 330
19  95  70  83   2   0  18 0.00  0.0    0  7.5 17 100   M    M   1        21 110
20  99  74  87   6   0  22 0.00  0.0    0  7.1 17 160   M    M   1        27 130
21 105  71  88   7   0  23 0.11  0.0    0 10.9 36 120   M    M   2 3      46 120
22 106  69  88   7   0  23    T  0.0    0  7.7 23 260   M    M   2 3      29 360
23 107  74  91  10   0  26 0.00  0.0    0  9.3 33  70   M    M   1 3      40  70
================================================================================
SM 2263 1514         0 399  0.59     0.0 194.9          M       23
================================================================================
AV 98.4 65.8                               8.5 FASTST   M    M   1    MAX(MPH)
                                 MISC ---->  # 46 330               # 55  330
================================================================================
NOTES:
# LAST OF SEVERAL OCCURRENCES

COLUMN 17 PEAK WIND IN M.P.H.

PRELIMINARY LOCAL CLIMATOLOGICAL DATA (WS FORM: F-6) , PAGE 2

                                          STATION:  Carlsbad
                                          MONTH:    JUNE
                                          YEAR:     2017
                                          LATITUDE:   32 20 N
                                          LONGITUDE: 104 15 W

[TEMPERATURE DATA]      [PRECIPITATION DATA]       SYMBOLS USED IN COLUMN 16

AVERAGE MONTHLY: 82.1   TOTAL FOR MONTH:   0.59    1 = FOG OR MIST
DPTR FM NORMAL:   2.5   DPTR FM NORMAL:   -0.70    2 = FOG REDUCING VISIBILITY
HIGHEST:   109 ON 17    GRTST 24HR  0.17 ON  8- 8      TO 1/4 MILE OR LESS
LOWEST:     59 ON  2                               3 = THUNDER
                        SNOW, ICE PELLETS, HAIL    4 = ICE PELLETS
                        TOTAL MONTH:   0.0 INCH    5 = HAIL
                        GRTST 24HR     0.0         6 = FREEZING RAIN OR DRIZZLE
                        GRTST DEPTH:   0           7 = DUSTSTORM OR SANDSTORM:
                                                       VSBY 1/2 MILE OR LESS
                                                   8 = SMOKE OR HAZE
[NO. OF DAYS WITH]      [WEATHER - DAYS WITH]      9 = BLOWING SNOW
                                                   X = TORNADO
MAX 32 OR BELOW:   0    0.01 INCH OR MORE:   5
MAX 90 OR ABOVE:  20    0.10 INCH OR MORE:   3
MIN 32 OR BELOW:   0    0.50 INCH OR MORE:   0
MIN  0 OR BELOW:   0    1.00 INCH OR MORE:   0

[HDD (BASE 65) ]
TOTAL THIS MO.     0    CLEAR  (SCALE 0-3)  23
DPTR FM NORMAL     0    PTCLDY (SCALE 4-7)   0
TOTAL FM JUL 1  2036    CLOUDY (SCALE 8-10)  0
DPTR FM NORMAL  -785

[CDD (BASE 65) ]
TOTAL THIS MO.   399
DPTR FM NORMAL    62    [PRESSURE DATA]
TOTAL FM JAN 1   756    HIGHEST SLP M ON M
DPTR FM NORMAL    92    LOWEST  SLP 29.52 ON M

[REMARKS]
