000
CXUS51 KGYX 240900
CF6CON
PRELIMINARY LOCAL CLIMATOLOGICAL DATA (WS FORM: F-6)

                                          STATION:   CONCORD NH
                                          MONTH:     MAY
                                          YEAR:      2017
                                          LATITUDE:   43 12 N
                                          LONGITUDE:  71 30 W

  TEMPERATURE IN F:       :PCPN:    SNOW:  WIND      :SUNSHINE: SKY     :PK WND
================================================================================
1   2   3   4   5  6A  6B    7    8   9   10  11  12  13   14  15   16   17  18
                                     12Z  AVG MX 2MIN
DY MAX MIN AVG DEP HDD CDD  WTR  SNW DPTH SPD SPD DIR MIN PSBL S-S WX    SPD DR
================================================================================

 1  49  42  46  -5  19   0 0.43  0.0    0  6.0 10 130   M    M  10 13     31 300
 2  69  43  56   5   9   0 0.68  0.0    0  4.1 18 280   M    M   8 13     25 290
 3  60  39  50  -2  15   0    T  0.0    0 10.0 32 310   M    M   4        41 320
 4  68  32  50  -2  15   0 0.00  0.0    0  5.4 16 150   M    M   2        22 180
 5  50  46  48  -4  17   0 0.84  0.0    0  7.3 16  80   M    M  10 1      24  90
 6  69  47  58   5   7   0 0.24  0.0    0  7.1 23 150   M    M   8 1      34 160
 7  67  48  58   5   7   0 0.13  0.0    0  9.5 22 170   M    M   8 1      30 180
 8  52  38  45  -8  20   0    T  0.0    0  9.4 20 290   M    M   7        24 290
 9  53  30  42 -12  23   0 0.00  0.0    0  3.3 12 330   M    M   6        15 310
10  60  35  48  -6  17   0 0.00  0.0    0  5.2 15 350   M    M   8        19 320
11  65  41  53  -1  12   0 0.00  0.0    0  4.8 16  40   M    M   8        20  40
12  62  37  50  -4  15   0 0.01  0.0    0  2.3 10 140   M    M   6 18     13 170
13  58  38  48  -7  17   0 0.27  0.0    0  4.4 14 150   M    M   6 12     18 130
14  50  40  45 -10  20   0 0.89  0.0    0  9.4 18 350   M    M  10 1      27 350
15  59  41  50  -6  15   0 0.35  0.0    0 10.1 28 330   M    M   8 1      37 320
16  79  41  60   4   5   0 0.00  0.0    0  8.2 22 290   M    M   0        29 280
17  93  53  73  17   0   8    T  0.0    0  5.9 18 250   M    M   2 8      26 260
18  95  57  76  20   0  11 0.03  0.0    0  7.0 23 250   M    M   0 3      34 260
19  86  53  70  13   0   5 0.00  0.0    0 11.2 25 290   M    M   2        34 290
20  73  43  58   1   7   0 0.00  0.0    0  5.4 14 310   M    M   0        19 310
21  73  36  55  -2  10   0    T  0.0    0  4.6 13 160   M    M   1        17 130
22  53  48  51  -7  14   0 0.49  0.0    0  2.9 16 180   M    M   9 1      23 160
23  71  49  60   2   5   0 0.00  0.0    0  4.4 15 310   M    M   3        21 360
================================================================================
SM 1514  977       269  24  4.36     0.0 147.9          M      126
================================================================================
AV 65.8 42.5                               6.4 FASTST   M    M   5    MAX(MPH)
                                 MISC ---->  # 32 310               # 41  320
================================================================================
NOTES:
# LAST OF SEVERAL OCCURRENCES

COLUMN 17 PEAK WIND IN M.P.H.

PRELIMINARY LOCAL CLIMATOLOGICAL DATA (WS FORM: F-6) , PAGE 2

                                          STATION:  CONCORD NH
                                          MONTH:    MAY
                                          YEAR:     2017
                                          LATITUDE:   43 12 N
                                          LONGITUDE:  71 30 W

[TEMPERATURE DATA]      [PRECIPITATION DATA]       SYMBOLS USED IN COLUMN 16

AVERAGE MONTHLY: 54.2   TOTAL FOR MONTH:   4.36    1 = FOG OR MIST
DPTR FM NORMAL:  -0.4   DPTR FM NORMAL:    1.72    2 = FOG REDUCING VISIBILITY
HIGHEST:    95 ON 18    GRTST 24HR  0.89 ON 14-14      TO 1/4 MILE OR LESS
LOWEST:     30 ON  9                               3 = THUNDER
                        SNOW, ICE PELLETS, HAIL    4 = ICE PELLETS
                        TOTAL MONTH:   0.0 INCH    5 = HAIL
                        GRTST 24HR     0.0         6 = FREEZING RAIN OR DRIZZLE
                        GRTST DEPTH:   0           7 = DUSTSTORM OR SANDSTORM:
                                                       VSBY 1/2 MILE OR LESS
                                                   8 = SMOKE OR HAZE
[NO. OF DAYS WITH]      [WEATHER - DAYS WITH]      9 = BLOWING SNOW
                                                   X = TORNADO
MAX 32 OR BELOW:   0    0.01 INCH OR MORE:  11
MAX 90 OR ABOVE:   2    0.10 INCH OR MORE:   9
MIN 32 OR BELOW:   2    0.50 INCH OR MORE:   3
MIN  0 OR BELOW:   0    1.00 INCH OR MORE:   0

[HDD (BASE 65) ]
TOTAL THIS MO.   269    CLEAR  (SCALE 0-3)   7
DPTR FM NORMAL    19    PTCLDY (SCALE 4-7)  11
TOTAL FM JUL 1  6341    CLOUDY (SCALE 8-10)  5
DPTR FM NORMAL  -756

[CDD (BASE 65) ]
TOTAL THIS MO.    24
DPTR FM NORMAL    18    [PRESSURE DATA]
TOTAL FM JAN 1    32    HIGHEST SLP M ON M
DPTR FM NORMAL    24    LOWEST  SLP 29.41 ON  6

[REMARKS]
