000
CXUS55 KPUB 291159
CF6COS
PRELIMINARY LOCAL CLIMATOLOGICAL DATA (WS FORM: F-6)

                                          STATION:   COLORADO SPRINGS CO
                                          MONTH:     JANUARY
                                          YEAR:      2015
                                          LATITUDE:   38 49 N
                                          LONGITUDE: 104 43 W

  TEMPERATURE IN F:       :PCPN:    SNOW:  WIND      :SUNSHINE: SKY     :PK WND
================================================================================
1   2   3   4   5  6A  6B    7    8   9   10  11  12  13   14  15   16   17  18
                                     12Z  AVG MX 2MIN
DY MAX MIN AVG DEP HDD CDD  WTR  SNW DPTH SPD SPD DIR MIN PSBL S-S WX    SPD DR
================================================================================

 1  24   2  13 -17  52   0 0.09  2.0    T  8.6 18 350   M    M   7 12     22  10
 2  36  12  24  -6  41   0 0.00  0.0    2  5.8 16  10   M    M   3        18  10
 3  41   9  25  -5  40   0    T    T    2 13.2 36 360   M    M   5        42 360
 4  30   3  17 -13  48   0    T    T    1  3.4 15  50   M    M   6 1      17  40
 5  61  19  40  10  25   0 0.00  0.0    0  9.6 33 290   M    M   7        46 300
 6  56  25  41  11  24   0 0.00  0.0    0  5.3 20  60   M    M   6        24  60
 7  37  14  26  -4  39   0 0.01  0.3    T 10.8 23 170   M    M   9 126    26 170
 8  59  14  37   7  28   0    T  0.0    T 12.7 29  50   M    M   5 16     35 310
 9  23  19  21  -9  44   0 0.01  0.1    0  8.1 20  50   M    M  10 126    23  50
10  54  21  38   8  27   0 0.00  0.0    T  8.3 16 160   M    M   6 12     18 160
11  54  25  40  10  25   0 0.43  5.0    0  9.0 24  50   M    M   7 1      28  50
12  29  18  24  -7  41   0 0.03  2.5    6  8.2 16 150   M    M  10 126    17 150
13  32  18  25  -6  40   0    T    T    7  7.2 24 330   M    M  10 126    34 320
14  29  18  24  -7  41   0    T    T    7  4.6 13 350   M    M   7 1      16 340
15  47  20  34   3  31   0 0.00  0.0    4  6.8 15 350   M    M   0        16 350
16  54  24  39   8  26   0 0.00  0.0    0  9.8 32 340   M    M   6        41 340
17  51  24  38   7  27   0 0.00  0.0    0 12.3 35 300   M    M   3        45 350
18  58  25  42  11  23   0 0.00  0.0    0  9.5 30 300   M    M   6        41 290
19  57  33  45  14  20   0 0.00  0.0    0 12.6 32 310   M    M   7        42 300
20  34  28  31   0  34   0    T    T    0  6.0 14 150   M    M   8 12     15 150
21  30  10  20 -11  45   0 0.23  4.5    1  7.0 16  50   M    M  10 1      20  50
22  27   2  15 -16  50   0 0.00  0.0    5  5.1 13  20   M    M   2        14  10
23  45  14  30   0  35   0 0.00  0.0    3 11.5 24  10   M    M   4        27  20
24  54  23  39   9  26   0 0.00  0.0    T  9.1 26  40   M    M   5        31  30
25  53  27  40  10  25   0 0.00  0.0    0  5.6 23  20   M    M   2        27  20
26  66  33  50  20  15   0 0.00  0.0    0  6.1 12  20   M    M   1        14 140
27  67  35  51  21  14   0 0.00  0.0    0  9.2 17  30   M    M   3        19 160
28  59  37  48  18  17   0 0.00  0.0    0 15.5 33 290   M    M   3        43 300
================================================================================
SM 1267  552       903   0  0.80    14.4 240.9          M      158
================================================================================
AV 45.2 19.7                               8.6 FASTST   M    M   6    MAX(MPH)
                                 MISC ---->  # 36 360               # 46  300
================================================================================
NOTES:
# LAST OF SEVERAL OCCURRENCES

COLUMN 17 PEAK WIND IN M.P.H.

PRELIMINARY LOCAL CLIMATOLOGICAL DATA (WS FORM: F-6) , PAGE 2

                                          STATION:  COLORADO SPRINGS CO
                                          MONTH:    JANUARY
                                          YEAR:     2015
                                          LATITUDE:   38 49 N
                                          LONGITUDE: 104 43 W

[TEMPERATURE DATA]      [PRECIPITATION DATA]       SYMBOLS USED IN COLUMN 16

AVERAGE MONTHLY: 32.5   TOTAL FOR MONTH:   0.80    1 = FOG OR MIST
DPTR FM NORMAL:   2.1   DPTR FM NORMAL:    0.51    2 = FOG REDUCING VISIBILITY
HIGHEST:    67 ON 27    GRTST 24HR  0.46 ON 11-12      TO 1/4 MILE OR LESS
LOWEST:      2 ON 22, 1                            3 = THUNDER
                        SNOW, ICE PELLETS, HAIL    4 = ICE PELLETS
                        TOTAL MONTH:  14.4 INCHES  5 = HAIL
                        GRTST 24HR   5.0 ON 11-11  6 = FREEZING RAIN OR DRIZZLE
                        GRTST DEPTH:   7 ON 14,13  7 = DUSTSTORM OR SANDSTORM:
                                                       VSBY 1/2 MILE OR LESS
                                                   8 = SMOKE OR HAZE
[NO. OF DAYS WITH]      [WEATHER - DAYS WITH]      9 = BLOWING SNOW
                                                   X = TORNADO
MAX 32 OR BELOW:   8    0.01 INCH OR MORE:   6
MAX 90 OR ABOVE:   0    0.10 INCH OR MORE:   2
MIN 32 OR BELOW:  24    0.50 INCH OR MORE:   0
MIN  0 OR BELOW:   0    1.00 INCH OR MORE:   0

[HDD (BASE 65) ]
TOTAL THIS MO.   903    CLEAR  (SCALE 0-3)   7
DPTR FM NORMAL   -61    PTCLDY (SCALE 4-7)  16
TOTAL FM JUL 1  3258    CLOUDY (SCALE 8-10)  5
DPTR FM NORMAL  -278

[CDD (BASE 65) ]
TOTAL THIS MO.     0
DPTR FM NORMAL     0    [PRESSURE DATA]
TOTAL FM JAN 1     0    HIGHEST SLP M ON M
DPTR FM NORMAL     0    LOWEST  SLP 29.99 ON  3

[REMARKS]
