000
CXUS54 KFWD 230730
CF6CPT
PRELIMINARY LOCAL CLIMATOLOGICAL DATA (WS FORM: F-6)

                                          STATION:   CLEBURNE
                                          MONTH:     APRIL
                                          YEAR:      2014
                                          LATITUDE:   32 20 N
                                          LONGITUDE:  97 24 W

  TEMPERATURE IN F:       :PCPN:    SNOW:  WIND      :SUNSHINE: SKY     :PK WND
================================================================================
1   2   3   4   5  6A  6B    7    8   9   10  11  12  13   14  15   16   17  18
                                     12Z  AVG MX 2MIN
DY MAX MIN AVG DEP HDD CDD  WTR  SNW DPTH SPD SPD DIR MIN PSBL S-S WX    SPD DR
================================================================================

 1  82  64  73  12   0   8 0.00  0.0    0 13.3 20 160   M    M   5        25 160
 2  81  68  75  14   0  10 0.00  0.0    0 13.3 20 180   M    M   6 1      30 180
 3  82  63  73  12   0   8 0.00  0.0    0 14.8 22 160   M    M   5 3      30 170
 4  66  43  55  -7  10   0 0.00  0.0    0 13.1 22  10   M    M   0 8      32  10
 5  55  48  52 -10  13   0 0.04  0.0    0  8.5 21 120   M    M   2         M  M
 6  52  46  49 -13  16   0 0.22  0.0    0 10.5 16  40   M    M  10 13     17  60
 7  68  48  58  -4   7   0 0.12  0.0    0  4.4 14 320   M    M   7 3      25  80
 8  70  46  58  -5   7   0 0.00  0.0    0 13.2 27 320   M    M   0        36 320
 9  82  48  65   2   0   0 0.00  0.0    0  9.3 15 160   M    M   0        21 190
10  86  55  71   8   0   6 0.00  0.0    0 16.2 23 170   M    M   0        30 170
11  82  57  70   6   0   5 0.00  0.0    0 14.0 18 170   M    M   0        28 180
12  84  64  74  10   0   9 0.00  0.0    0 18.3 25 170   M    M   3 8      35 170
13  75  66  71   7   0   6 0.25  0.0    0 14.3 20 160   M    M   5 13     31 180
14  68  39  54 -10  11   0 0.00  0.0    0 17.3 27 330   M    M   7        38 350
15  63  32  48 -17  17   0 0.00  0.0    0  5.7 10 150   M    M   0         M  M
16  66  39  53 -12  12   0 0.00  0.0    0 13.7 24 170   M    M   0 8      30 160
17  64  48  56  -9   9   0 0.08  0.0    0  8.4 14 130   M    M   7 1       M  M
18  73  52  63  -3   2   0 0.00  0.0    0  4.7 10  50   M    M   2 1       M  M
19  77  54  66   0   0   1 0.00  0.0    0  6.4 15 140   M    M   1        18 140
20  75  59  67   1   0   2 0.13  0.0    0  9.3 21 180   M    M   5 13     24 180
21  82  63  73   7   0   8 0.00  0.0    0  6.7 10 180   M    M   6 138     M  M
22  82  59  71   5   0   6 0.00  0.0    0  5.3 13  30   M    M   0 1       M  M
================================================================================
SM 1615 1161       104  69  0.84     0.0 240.7          M       71
================================================================================
AV 73.4 52.8                              10.9 FASTST   M    M   3    MAX(MPH)
                                 MISC ---->  # 27 320               # 38  350
================================================================================
NOTES:
# LAST OF SEVERAL OCCURRENCES

COLUMN 17 PEAK WIND IN M.P.H.

PRELIMINARY LOCAL CLIMATOLOGICAL DATA (WS FORM: F-6) , PAGE 2

                                          STATION:  CLEBURNE
                                          MONTH:    APRIL
                                          YEAR:     2014
                                          LATITUDE:   32 20 N
                                          LONGITUDE:  97 24 W

[TEMPERATURE DATA]      [PRECIPITATION DATA]       SYMBOLS USED IN COLUMN 16

AVERAGE MONTHLY: 63.1   TOTAL FOR MONTH:   0.84    1 = FOG OR MIST
DPTR FM NORMAL:  -0.6   DPTR FM NORMAL:   -1.18    2 = FOG REDUCING VISIBILITY
HIGHEST:    86 ON 10    GRTST 24HR  0.25 ON 13-13      TO 1/4 MILE OR LESS
LOWEST:     32 ON 15                               3 = THUNDER
                        SNOW, ICE PELLETS, HAIL    4 = ICE PELLETS
                        TOTAL MONTH:   0.0 INCH    5 = HAIL
                        GRTST 24HR     0.0         6 = FREEZING RAIN OR DRIZZLE
                        GRTST DEPTH:   0           7 = DUSTSTORM OR SANDSTORM:
                                                       VSBY 1/2 MILE OR LESS
                                                   8 = SMOKE OR HAZE
[NO. OF DAYS WITH]      [WEATHER - DAYS WITH]      9 = BLOWING SNOW
                                                   X = TORNADO
MAX 32 OR BELOW:   0    0.01 INCH OR MORE:   6
MAX 90 OR ABOVE:   0    0.10 INCH OR MORE:   4
MIN 32 OR BELOW:   1    0.50 INCH OR MORE:   0
MIN  0 OR BELOW:   0    1.00 INCH OR MORE:   0

[HDD (BASE 65) ]
TOTAL THIS MO.   104    CLEAR  (SCALE 0-3)  12
DPTR FM NORMAL    21    PTCLDY (SCALE 4-7)   9
TOTAL FM JUL 1  2687    CLOUDY (SCALE 8-10)  1
DPTR FM NORMAL   260

[CDD (BASE 65) ]
TOTAL THIS MO.    69
DPTR FM NORMAL    14    [PRESSURE DATA]
TOTAL FM JAN 1    87    HIGHEST SLP M ON M
DPTR FM NORMAL     9    LOWEST  SLP M ON M

[REMARKS]
