000
CXUS55 KLOX 281155
CF6CQT
PRELIMINARY LOCAL CLIMATOLOGICAL DATA (WS FORM: F-6)

                                          STATION:   DOWNTOWN LOS ANGELES (USC) CA
                                          MONTH:     AUGUST
                                          YEAR:      2015
                                          LATITUDE:   34  1 N
                                          LONGITUDE: 118 17 W

  TEMPERATURE IN F:       :PCPN:    SNOW:  WIND      :SUNSHINE: SKY     :PK WND
================================================================================
1   2   3   4   5  6A  6B    7    8   9   10  11  12  13   14  15   16   17  18
                                     12Z  AVG MX 2MIN
DY MAX MIN AVG DEP HDD CDD  WTR  SNW DPTH SPD SPD DIR MIN PSBL S-S WX    SPD DR
================================================================================

 1  83  67  75   1   0  10 0.00  0.0    0  2.0  9 270   M    M   4 1      14 270
 2  84  66  75   1   0  10 0.00  0.0    0  0.9  9 280   M    M   2        14 280
 3  84  67  76   2   0  11 0.00  0.0    0  0.9  9 280   M    M   1        16 280
 4  88  67  78   4   0  13 0.00  0.0    0  2.2 10 270   M    M   0        16 260
 5  88  67  78   4   0  13 0.00  0.0    0  1.3 10 270   M    M   0        16 270
 6  86  67  77   3   0  12 0.00  0.0    0  1.0  9 280   M    M   0        14 280
 7  81  66  74   0   0   9 0.00  0.0    0  1.4  9 130   M    M   4 8      16 270
 8  81  65  73  -1   0   8 0.00  0.0    0  1.6 10 270   M    M   4        17 280
 9  78  63  71  -3   0   6 0.00  0.0    0  1.6 10 270   M    M   2        17 280
10  78  63  71  -3   0   6 0.00  0.0    0  2.0  9 270   M    M   3 8      14 280
11  81  63  72  -2   0   7 0.00  0.0    0  1.2  9 280   M    M   4 8      15 270
12  85  63  74   0   0   9 0.00  0.0    0  1.3  9 270   M    M   0        15 270
13  91  68  80   6   0  15 0.00  0.0    0  1.1  8 270   M    M   0        14 270
14  91  68  80   6   0  15 0.00  0.0    0  1.6  8 270   M    M   0 8      14 280
15  96  71  84  10   0  19 0.00  0.0    0  1.1  8 280   M    M   0 8      13 260
16  95  68  82   8   0  17 0.00  0.0    0  1.4 10 270   M    M   0 8      15 280
17  88  69  79   5   0  14 0.00  0.0    0  2.3  9 130   M    M   2 8      14 180
18  86  68  77   3   0  12 0.00  0.0    0  1.8  8 270   M    M   4        13 280
19  82  67  75   1   0  10 0.00  0.0    0  2.3  8 260   M    M   4 18     16 270
20  81  67  74   0   0   9 0.00  0.0    0  2.3  9 270   M    M   5        14 280
21  80  67  74   0   0   9 0.00  0.0    0  0.9  8 270   M    M   5 8      14 280
22  83  68  76   2   0  11 0.00  0.0    0  2.1 10 270   M    M   5 8      16 270
23  83  66  75   1   0  10 0.00  0.0    0  1.6 10 280   M    M   1        14 270
24  87  67  77   3   0  12 0.00  0.0    0  1.0  9 280   M    M   1 8       M  M
25  87  71  79   5   0  14    T  0.0    0  1.3  9 280   M    M   0 8      14 280
26  92  73  83   9   0  18 0.00  0.0    0  1.8  9 280   M    M   0 8      14 270
27  93  71  82   8   0  17 0.00  0.0    0  0.9  9 270   M    M   0        14 270
================================================================================
SM 2312 1813         0 316    T      0.0  40.9          M       51
================================================================================
AV 85.6 67.1                               1.5 FASTST   M    M   2    MAX(MPH)
                                 MISC ---->  # 10 270               # 17  280
================================================================================
NOTES:
# LAST OF SEVERAL OCCURRENCES

COLUMN 17 PEAK WIND IN M.P.H.

PRELIMINARY LOCAL CLIMATOLOGICAL DATA (WS FORM: F-6) , PAGE 2

                                          STATION:  DOWNTOWN LOS ANGELES (USC) CA
                                          MONTH:    AUGUST
                                          YEAR:     2015
                                          LATITUDE:   34  1 N
                                          LONGITUDE: 118 17 W

[TEMPERATURE DATA]      [PRECIPITATION DATA]       SYMBOLS USED IN COLUMN 16

AVERAGE MONTHLY: 76.4   TOTAL FOR MONTH:      T    1 = FOG OR MIST
DPTR FM NORMAL:   2.4   DPTR FM NORMAL:   -0.03    2 = FOG REDUCING VISIBILITY
HIGHEST:    96 ON 15    GRTST 24HR    T  ON 25-25      TO 1/4 MILE OR LESS
LOWEST:     63 ON 12,11                            3 = THUNDER
                        SNOW, ICE PELLETS, HAIL    4 = ICE PELLETS
                        TOTAL MONTH:   0.0 INCH    5 = HAIL
                        GRTST 24HR     0.0         6 = FREEZING RAIN OR DRIZZLE
                        GRTST DEPTH:   0           7 = DUSTSTORM OR SANDSTORM:
                                                       VSBY 1/2 MILE OR LESS
                                                   8 = SMOKE OR HAZE
[NO. OF DAYS WITH]      [WEATHER - DAYS WITH]      9 = BLOWING SNOW
                                                   X = TORNADO
MAX 32 OR BELOW:   0    0.01 INCH OR MORE:   0
MAX 90 OR ABOVE:   6    0.10 INCH OR MORE:   0
MIN 32 OR BELOW:   0    0.50 INCH OR MORE:   0
MIN  0 OR BELOW:   0    1.00 INCH OR MORE:   0

[HDD (BASE 65) ]
TOTAL THIS MO.     0    CLEAR  (SCALE 0-3)  18
DPTR FM NORMAL     0    PTCLDY (SCALE 4-7)   9
TOTAL FM JUL 1     0    CLOUDY (SCALE 8-10)  0
DPTR FM NORMAL     0

[CDD (BASE 65) ]
TOTAL THIS MO.   316
DPTR FM NORMAL    73    [PRESSURE DATA]
TOTAL FM JAN 1  1054    HIGHEST SLP M ON M
DPTR FM NORMAL   264    LOWEST  SLP 29.75 ON 16

[REMARKS]
