000
CXUS52 KILM 281000
CF6CRE
PRELIMINARY LOCAL CLIMATOLOGICAL DATA (WS FORM: F-6)
STATION: N.MYRTLE BEACH SOUTH CAROLINA
MONTH: MARCH
YEAR: 2024
LATITUDE: 33 49 N
LONGITUDE: 78 43 W
TEMPERATURE IN F: :PCPN: SNOW: WIND :SUNSHINE: SKY :PK WND
================================================================================
1 2 3 4 5 6A 6B 7 8 9 10 11 12 13 14 15 16 17 18
12Z AVG MX 2MIN
DY MAX MIN AVG DEP HDD CDD WTR SNW DPTH SPD SPD DIR MIN PSBL S-S WX SPD DR
================================================================================
1 63 48 56 4 9 0 0.81 M M 12.4 21 80 M M 5 1 32 70
2 69 57 63 11 2 0 0.87 M M 6.4 15 210 M M 8 1 28 140
3 70 56 63 11 2 0 0.00 M M 4.1 13 110 M M 6 12 19 110
4 77 56 67 15 0 2 0.00 M M 7.0 17 30 M M 4 1 25 20
5 69 49 59 6 6 0 0.00 M M 4.3 15 160 M M 1 12 24 160
6 74 60 67 14 0 2 0.31 M M 7.0 21 220 M M 8 1238 31 200
7 72 54 63 10 2 0 T M M 5.4 17 50 M M 8 1 22 50
8 64 54 59 6 6 0 0.00 M M 10.6 21 110 M M 3 1 29 100
9 68 57 63 9 2 0 0.49 M M 11.6 23 200 M M 8 1 34 150
10 68 51 60 6 5 0 0.00 M M 9.3 20 270 M M 2 1 34 260
11 65 39 52 -2 13 0 0.00 M M 5.7 15 280 M M 0 25 350
12 66 39 53 -1 12 0 0.00 M M 8.3 20 200 M M 0 1 25 210
13 72 47 60 6 5 0 0.00 M M 7.0 20 210 M M 0 1 26 220
14 77 47 62 7 3 0 0.00 M M 6.0 14 220 M M 0 20 220
15 72 52 62 7 3 0 0.10 M M 6.9 20 220 M M 2 1 23 230
16 73 62 68 13 0 3 0.00 M M 7.7 18 110 M M 6 24 100
17 75 59 67 12 0 2 0.01 M M 8.8 18 220 M M 3 1 26 270
18 70 52 61 6 4 0 0.00 M M 7.5 21 340 M M 5 34 320
19 58 39 49 -7 16 0 0.00 M M 9.0 20 340 M M 1 33 350
20 64 48 56 0 9 0 0.00 M M 10.5 20 210 M M 0 28 220
21 68 46 57 1 8 0 0.00 M M 8.8 20 110 M M 0 28 110
22 67 53 60 4 5 0 0.59 M M 9.7 17 120 M M 5 1 26 110
23 76 59 68 12 0 3 0.47 M M 8.4 17 360 M M 8 1 27 110
24 61 43 52 -5 13 0 0.00 M M 12.7 26 40 M M 2 36 30
25 67 41 54 -3 11 0 0.00 M M 10.9 18 20 M M 2 29 20
26 63 46 55 -2 10 0 0.00 M M 9.9 17 100 M M 2 29 110
27 71 59 65 7 0 0 0.03 M M 8.2 17 160 M M 8 3 28 160
================================================================================
SM 1859 1373 146 12 3.68 M 224.1 M 97
================================================================================
AV 68.9 50.9 8.3 FASTST M M 4 MAX(MPH)
MISC ----> 26 40 36 30
================================================================================
NOTES:
# LAST OF SEVERAL OCCURRENCES
COLUMN 17 PEAK WIND IN M.P.H.
PRELIMINARY LOCAL CLIMATOLOGICAL DATA (WS FORM: F-6) , PAGE 2
STATION: N.MYRTLE BEACH SOUTH CAROLINA
MONTH: MARCH
YEAR: 2024
LATITUDE: 33 49 N
LONGITUDE: 78 43 W
[TEMPERATURE DATA] [PRECIPITATION DATA] SYMBOLS USED IN COLUMN 16
AVERAGE MONTHLY: 59.9 TOTAL FOR MONTH: 3.68 1 = FOG OR MIST
DPTR FM NORMAL: 5.3 DPTR FM NORMAL: 0.58 2 = FOG REDUCING VISIBILITY
HIGHEST: 77 ON 14, 4 GRTST 24HR 1.68 ON 1- 2 TO 1/4 MILE OR LESS
LOWEST: 39 ON 19,12 3 = THUNDER
SNOW, ICE PELLETS, HAIL 4 = ICE PELLETS
TOTAL MONTH: M 5 = HAIL
GRTST 24HR M ON M 6 = FREEZING RAIN OR DRIZZLE
GRTST DEPTH: M ON M 7 = DUSTSTORM OR SANDSTORM:
VSBY 1/2 MILE OR LESS
8 = SMOKE OR HAZE
[NO. OF DAYS WITH] [WEATHER - DAYS WITH] 9 = BLOWING SNOW
X = TORNADO
MAX 32 OR BELOW: 0 0.01 INCH OR MORE: 9
MAX 90 OR ABOVE: 0 0.10 INCH OR MORE: 7
MIN 32 OR BELOW: 0 0.50 INCH OR MORE: 3
MIN 0 OR BELOW: 0 1.00 INCH OR MORE: 0
[HDD (BASE 65) ]
TOTAL THIS MO. 146 CLEAR (SCALE 0-3) 15
DPTR FM NORMAL -141 PTCLDY (SCALE 4-7) 10
TOTAL FM JUL 1 1786 CLOUDY (SCALE 8-10) 2
DPTR FM NORMAL -383
[CDD (BASE 65) ]
TOTAL THIS MO. 12
DPTR FM NORMAL 12 [PRESSURE DATA]
TOTAL FM JAN 1 14 HIGHEST SLP M ON M
DPTR FM NORMAL 13 LOWEST SLP 29.64 ON 23
[REMARKS]