000
CXUS55 KOHX 221010
CF6CSV
PRELIMINARY LOCAL CLIMATOLOGICAL DATA (WS FORM: F-6)

                                          STATION:   CROSSVILLE
                                          MONTH:     JANUARY
                                          YEAR:      2017
                                          LATITUDE:   35 57 N
                                          LONGITUDE:  85  5 W

  TEMPERATURE IN F:       :PCPN:    SNOW:  WIND      :SUNSHINE: SKY     :PK WND
================================================================================
1   2   3   4   5  6A  6B    7    8   9   10  11  12  13   14  15   16   17  18
                                     12Z  AVG MX 2MIN
DY MAX MIN AVG DEP HDD CDD  WTR  SNW DPTH SPD SPD DIR MIN PSBL S-S WX    SPD DR
================================================================================

 1  53  39  46  10  19   0 0.14    M    M  4.9 12 180   M    M  10 1      19 190
 2  58  52  55  19  10   0 0.30    M    M  8.3 23 150   M    M  10 1      34 180
 3  58  45  52  16  13   0 0.43    M    M 10.2 21 280   M    M   9 1      27 280
 4  45  24  35  -1  30   0 0.00    M    M  8.0 16 320   M    M   4 12     23 340
 5  38  23  31  -5  34   0    T    M    M  5.8 13 360   M    M   9        16  10
 6  23  14  19 -17  46   0 0.04    M    M  8.9 14 340   M    M  10 1      19 360
 7  19   8  14 -22  51   0    T    M    M  8.7 17 340   M    M   3 8      24 360
 8  25   1  13 -23  52   0 0.00    M    M  1.9  9  10   M    M   1        12  30
 9  37  19  28  -8  37   0 0.00    M    M  7.9 17 170   M    M   3        26 200
10  50  35  43   7  22   0 0.36    M    0 10.9 21 190   M    M  10 18     34 180
11  59  48  54  18  11   0 0.61  0.0    0  8.8 18 180   0    0   9 1      29 190
12  62  56  59  23   6   0 0.04  0.0    0  7.1 17 190   M    M  10 1      27 180
13  60  52  56  20   9   0 0.02  0.0    0  3.4  9 270   M    M  10 12     13 270
14  64  54  59  23   6   0 0.02  0.0    0  6.0 18 270   M    M   9 12     24 270
15  64  50  57  21   8   0 0.01  0.0    0  2.1 10 270   M    M   8 1      13 270
16  61  47  54  18  11   0 0.00  0.0    0  5.0 15 180   M    M   7 12     25 170
17  61  51  56  20   9   0 0.56  0.0    0  9.5 18 260   M    M  10 1      29 250
18  54  41  48  12  17   0 0.00  0.0    0  4.0 14 280   M    M   5 1      19 280
19  59  40  50  14  15   0 0.51    M    0  3.6 13 170   M    M   8 1      21 190
20  63  53  58  22   7   0 0.42  0.0    0  5.7 15 270   M    M   5 1      23 160
21  60  45  53  17  12   0 0.08    M    0  3.7 20 140   M    M   3 12     28 140
================================================================================
SM 1073  797       425   0  3.54     0.0 134.4            0    153
================================================================================
AV 51.1 38.0                               6.4 FASTST    0   0   7    MAX(MPH)
                                 MISC ---->  # 23 150               # 34  180
================================================================================
NOTES:
# LAST OF SEVERAL OCCURRENCES

COLUMN 17 PEAK WIND IN M.P.H.

PRELIMINARY LOCAL CLIMATOLOGICAL DATA (WS FORM: F-6) , PAGE 2

                                          STATION:  CROSSVILLE
                                          MONTH:    JANUARY
                                          YEAR:     2017
                                          LATITUDE:   35 57 N
                                          LONGITUDE:  85  5 W

[TEMPERATURE DATA]      [PRECIPITATION DATA]       SYMBOLS USED IN COLUMN 16

AVERAGE MONTHLY: 44.5   TOTAL FOR MONTH:   3.54    1 = FOG OR MIST
DPTR FM NORMAL:   8.5   DPTR FM NORMAL:    0.30    2 = FOG REDUCING VISIBILITY
HIGHEST:    64 ON 15,14 GRTST 24HR  0.97 ON 10-11      TO 1/4 MILE OR LESS
LOWEST:      1 ON  8                               3 = THUNDER
                        SNOW, ICE PELLETS, HAIL    4 = ICE PELLETS
                        TOTAL MONTH:   0.0 INCH    5 = HAIL
                        GRTST 24HR     0.0         6 = FREEZING RAIN OR DRIZZLE
                        GRTST DEPTH:   0           7 = DUSTSTORM OR SANDSTORM:
                                                       VSBY 1/2 MILE OR LESS
                                                   8 = SMOKE OR HAZE
[NO. OF DAYS WITH]      [WEATHER - DAYS WITH]      9 = BLOWING SNOW
                                                   X = TORNADO
MAX 32 OR BELOW:   3    0.01 INCH OR MORE:  14
MAX 90 OR ABOVE:   0    0.10 INCH OR MORE:   8
MIN 32 OR BELOW:   6    0.50 INCH OR MORE:   3
MIN  0 OR BELOW:   0    1.00 INCH OR MORE:   0

[HDD (BASE 65) ]
TOTAL THIS MO.   425    CLEAR  (SCALE 0-3)   3
DPTR FM NORMAL  -189    PTCLDY (SCALE 4-7)   6
TOTAL FM JUL 1  1775    CLOUDY (SCALE 8-10) 12
DPTR FM NORMAL  -508

[CDD (BASE 65) ]
TOTAL THIS MO.     0
DPTR FM NORMAL     0    [PRESSURE DATA]
TOTAL FM JAN 1     0    HIGHEST SLP  0.00 ON 11
DPTR FM NORMAL     0    LOWEST  SLP 29.60 ON 21

[REMARKS]
