000
CXUS55 KCAE 301400
CF6CUB
PRELIMINARY LOCAL CLIMATOLOGICAL DATA (WS FORM: F-6)

                                          STATION:   HAMILTON - OWENS AIRPORT SC
                                          MONTH:     JUNE
                                          YEAR:      2015
                                          LATITUDE:   33 58 N
                                          LONGITUDE:  80 59 W

  TEMPERATURE IN F:       :PCPN:    SNOW:  WIND      :SUNSHINE: SKY     :PK WND
================================================================================
1   2   3   4   5  6A  6B    7    8   9   10  11  12  13   14  15   16   17  18
                                     12Z  AVG MX 2MIN
DY MAX MIN AVG DEP HDD CDD  WTR  SNW DPTH SPD SPD DIR MIN PSBL S-S WX    SPD DR
================================================================================

 1  88  70  79   3   0  14 1.60    M    M  2.2 22 250   M    M   4 13     27 170
 2  87  66  77   0   0  12 2.69    M    M  2.5 14 160   M    M   5 13     23 170
 3  80  67  74  -3   0   9 0.20    M    M  1.8  8  70   M    M   7 13     14  30
 4  82  65  74  -3   0   9 1.67    M    M  2.7 15 320   M    M   5 13     26 290
 5  85  65  75  -3   0  10 0.00    M    M  1.7  9 270   M    M   5 1      16  40
 6  92  68  80   2   0  15 0.00    M    M  1.8  9 290   M    M   1 1      13 330
 7  87  71  79   1   0  14 0.00    M    M  2.8 12 250   M    M   4 3      16 120
 8  90  68  79   1   0  14    T    M    M  4.0 14 190   M    M   3 1      19 170
 9  89  72  81   3   0  16    T    M    M  5.2 13 230   M    M   2        19 230
10  89  68  79   0   0  14    T    M    M  2.9 17 180   M    M   2 13     22 180
11  90  71  81   2   0  16 0.12    M    M  4.5 15 130   M    M   1 8      24 180
12  92  73  83   4   0  18 0.00    M    M  6.2 16 260   M    M   3        22 220
13  95  73  84   5   0  19 0.00    M    M  7.3 17 290   M    M   1        24 300
14  98  75  87   8   0  22 0.00    M    M  3.2 10 290   M    M   0        15 300
15 101  74  88   8   0  23 0.00    M    M  3.3  8 280   M    M   0        14 280
16 102  75  89   9   0  24 0.00    M    M  4.5 10 260   M    M   0        17 260
17 101  75  88   8   0  23 0.00    M    M  2.7 12 260   M    M   0        15 270
18 101  78  90  10   0  25 0.01    M    M  4.0 24 200   M    M   0 3      32 200
19  99  76  88   8   0  23 0.00    M    M  3.6 13 260   M    M   1 13     19 260
20 100  74  87   7   0  22 0.00    M    M  6.9 20 270   M    M   2        26 290
21  99  76  88   8   0  23 0.00    M    M  5.2 16 270   M    M   0        19 280
22 101  77  89   8   0  24 0.01    M    M  2.6 13 240   M    M   0 3      20 230
23  97  74  86   5   0  21 0.01    M    M  6.2 16 170   M    M   0 3      23 180
24  99  75  87   6   0  22 0.00    M    M  4.2 15 260   M    M   0 3      20 250
25  99  76  88   7   0  23 0.00    M    M  5.3 13 200   M    M   1 3      22 130
26 102  77  90   9   0  25    T    M    M  5.0 14 130   M    M   1        20 130
27  95  75  85   4   0  20 0.74    M    M  6.6 31 270   M    M   2 18     41 270
28  89  72  81  -1   0  16    T    M    M  4.7 13 270   M    M   5 1      20 240
29  90  66  78  -4   0  13 0.00    M    M  4.2 16 280   M    M   0        22 280
================================================================================
SM 2719 2092         0 529  7.05    M    117.8          M       55
================================================================================
AV 93.8 72.1                               4.1 FASTST   M    M   2    MAX(MPH)
                                 MISC ---->  # 31 270               # 41  270
================================================================================
NOTES:
# LAST OF SEVERAL OCCURRENCES

COLUMN 17 PEAK WIND IN M.P.H.

PRELIMINARY LOCAL CLIMATOLOGICAL DATA (WS FORM: F-6) , PAGE 2

                                          STATION:  HAMILTON - OWENS AIRPORT SC
                                          MONTH:    JUNE
                                          YEAR:     2015
                                          LATITUDE:   33 58 N
                                          LONGITUDE:  80 59 W

[TEMPERATURE DATA]      [PRECIPITATION DATA]       SYMBOLS USED IN COLUMN 16

AVERAGE MONTHLY: 82.9   TOTAL FOR MONTH:   7.05    1 = FOG OR MIST
DPTR FM NORMAL:   3.6   DPTR FM NORMAL:    2.32    2 = FOG REDUCING VISIBILITY
HIGHEST:   102 ON 26,16 GRTST 24HR  2.69 ON  2- 2      TO 1/4 MILE OR LESS
LOWEST:     65 ON  5, 4                            3 = THUNDER
                        SNOW, ICE PELLETS, HAIL    4 = ICE PELLETS
                        TOTAL MONTH:    M          5 = HAIL
                        GRTST 24HR    M  ON   M    6 = FREEZING RAIN OR DRIZZLE
                        GRTST DEPTH:  M  ON   M    7 = DUSTSTORM OR SANDSTORM:
                                                       VSBY 1/2 MILE OR LESS
                                                   8 = SMOKE OR HAZE
[NO. OF DAYS WITH]      [WEATHER - DAYS WITH]      9 = BLOWING SNOW
                                                   X = TORNADO
MAX 32 OR BELOW:   0    0.01 INCH OR MORE:   9
MAX 90 OR ABOVE:  20    0.10 INCH OR MORE:   6
MIN 32 OR BELOW:   0    0.50 INCH OR MORE:   4
MIN  0 OR BELOW:   0    1.00 INCH OR MORE:   3

[HDD (BASE 65) ]
TOTAL THIS MO.     0    CLEAR  (SCALE 0-3)  22
DPTR FM NORMAL     0    PTCLDY (SCALE 4-7)   7
TOTAL FM JUL 1  2381    CLOUDY (SCALE 8-10)  0
DPTR FM NORMAL    66

[CDD (BASE 65) ]
TOTAL THIS MO.   529
DPTR FM NORMAL   111    [PRESSURE DATA]
TOTAL FM JAN 1   958    HIGHEST SLP M ON M
DPTR FM NORMAL   204    LOWEST  SLP 29.76 ON 27

[REMARKS]
