193
CXUS53 KUNR 250945
CF6CUT
PRELIMINARY LOCAL CLIMATOLOGICAL DATA (WS FORM: F-6)

                                          STATION:   CUSTER COUNTY AIRPORT SD
                                          MONTH:     JULY
                                          YEAR:      2016
                                          LATITUDE:   43 43 N
                                          LONGITUDE: 103 37 W

  TEMPERATURE IN F:       :PCPN:    SNOW:  WIND      :SUNSHINE: SKY     :PK WND
================================================================================
1   2   3   4   5  6A  6B    7    8   9   10  11  12  13   14  15   16   17  18
                                     12Z  AVG MX 2MIN
DY MAX MIN AVG DEP HDD CDD  WTR  SNW DPTH SPD SPD DIR MIN PSBL S-S WX    SPD DR
================================================================================

 1  58  52  55  -9  10   0 0.63    M    M  6.9 16  90   M    M   9 12     24  80
 2  74  49  62  -2   3   0 0.00    M    M  4.3 12 100   M    M   1 12     16 130
 3  83  52  68   4   0   3 0.04    M    M  6.1 23  50   M    M   1 13     32  40
 4  86  57  72   8   0   7    T    M    M  6.4 31 270   M    M   2 3      43 280
 5  78  55  67   2   0   2    T    M    M  5.8 16 100   M    M   1        18 100
 6  80  53  67   2   0   2 0.04    M    M  7.0 26 280   M    M   2 3      35 280
 7  74  50  62  -3   3   0 0.00    M    M  6.0 15 270   M    M   2        20 270
 8  80  48  64  -1   1   0 0.00    M    M  5.6 14 110   M    M   1        18  90
 9  92  58  75  10   0  10 0.00    M    M  6.9 22  80   M    M   0 3      30  70
10  89  55  72   6   0   7 0.00    M    M  6.9 18 280   M    M   0        25 270
11  72  47  60  -6   5   0 0.00    M    M 13.3 30 280   M    M   0        42 270
12  78  42  60  -6   5   0 0.00    M    M  8.7 28 270   M    M   0        35 270
13  77  51  64  -2   1   0 0.00    M    M  7.1 17 270   M    M   2        28 280
14  75  50  63  -3   2   0    T    M    M  6.6 15 290   M    M   3        22 260
15  74  50  62  -4   3   0 0.00    M    M  7.0 15 180   M    M   3 3      23 200
16  87  54  71   5   0   6 0.03    M    M  6.1 24 270   M    M   1 3      36 250
17  75  49  62  -4   3   0 0.07    M    M  5.9 18  90   M    M   2 13     26  80
18  87  55  71   5   0   6 0.62    M    M  7.3 28 240   M    M   1 13     47 190
19  91  58  75   9   0  10 0.00    M    M  7.6 20  80   M    M   0        26  60
20  95  61  78  12   0  13 0.00    M    M  6.8 21  50   M    M   0        25  70
21  86  61  74   8   0   9 0.07    M    M  8.3 22  80   M    M   1 3      28  80
22  89  60  75   9   0  10    T    M    M  6.0 17 170   M    M   0 3      26 200
23  88  62  75   9   0  10 0.00    M    M  8.0 18  80   M    M   0        24  70
24  79  54  67   1   0   2 0.04    M    M  8.1 14 110   M    M   4 3      23 150
================================================================================
SM 1947 1283        36  97  1.54    M    168.7          M       36
================================================================================
AV 81.1 53.5                               7.0 FASTST   M    M   2    MAX(MPH)
                                 MISC ---->  # 31 270               # 47  190
================================================================================
NOTES:
# LAST OF SEVERAL OCCURRENCES

COLUMN 17 PEAK WIND IN M.P.H.

PRELIMINARY LOCAL CLIMATOLOGICAL DATA (WS FORM: F-6) , PAGE 2

                                          STATION:  CUSTER COUNTY AIRPORT SD
                                          MONTH:    JULY
                                          YEAR:     2016
                                          LATITUDE:   43 43 N
                                          LONGITUDE: 103 37 W

[TEMPERATURE DATA]      [PRECIPITATION DATA]       SYMBOLS USED IN COLUMN 16

AVERAGE MONTHLY: 67.3   TOTAL FOR MONTH:   1.54    1 = FOG OR MIST
DPTR FM NORMAL:   1.8   DPTR FM NORMAL:   -0.39    2 = FOG REDUCING VISIBILITY
HIGHEST:    95 ON 20    GRTST 24HR  0.69 ON 17-18      TO 1/4 MILE OR LESS
LOWEST:     42 ON 12                               3 = THUNDER
                        SNOW, ICE PELLETS, HAIL    4 = ICE PELLETS
                        TOTAL MONTH:    M          5 = HAIL
                        GRTST 24HR    M  ON   M    6 = FREEZING RAIN OR DRIZZLE
                        GRTST DEPTH:  M  ON   M    7 = DUSTSTORM OR SANDSTORM:
                                                       VSBY 1/2 MILE OR LESS
                                                   8 = SMOKE OR HAZE
[NO. OF DAYS WITH]      [WEATHER - DAYS WITH]      9 = BLOWING SNOW
                                                   X = TORNADO
MAX 32 OR BELOW:   0    0.01 INCH OR MORE:   8
MAX 90 OR ABOVE:   3    0.10 INCH OR MORE:   2
MIN 32 OR BELOW:   0    0.50 INCH OR MORE:   2
MIN  0 OR BELOW:   0    1.00 INCH OR MORE:   0

[HDD (BASE 65) ]
TOTAL THIS MO.    36    CLEAR  (SCALE 0-3)  20
DPTR FM NORMAL   -16    PTCLDY (SCALE 4-7)   3
TOTAL FM JUL 1    36    CLOUDY (SCALE 8-10)  1
DPTR FM NORMAL   -16

[CDD (BASE 65) ]
TOTAL THIS MO.    97
DPTR FM NORMAL    35    [PRESSURE DATA]
TOTAL FM JAN 1   174    HIGHEST SLP M ON M
DPTR FM NORMAL    86    LOWEST  SLP 29.20 ON 10

[REMARKS]
