000
CXUS51 KILN 260541
CF6CVG
PRELIMINARY LOCAL CLIMATOLOGICAL DATA (WS FORM: F-6)

                                          STATION:   CINCINNATI OH
                                          MONTH:     SEPTEMBER
                                          YEAR:      2016
                                          LATITUDE:   39  2 N
                                          LONGITUDE:  84 40 W

  TEMPERATURE IN F:       :PCPN:    SNOW:  WIND      :SUNSHINE: SKY     :PK WND
================================================================================
1   2   3   4   5  6A  6B    7    8   9   10  11  12  13   14  15   16   17  18
                                     12Z  AVG MX 2MIN
DY MAX MIN AVG DEP HDD CDD  WTR  SNW DPTH SPD SPD DIR MIN PSBL S-S WX    SPD DR
================================================================================

 1  79  67  73   0   0   8 0.00  0.0    0 11.8 17  20   M    M   6 1      28 360
 2  79  62  71  -1   0   6 0.00  0.0    0 13.3 22  40   M    M   2        29  50
 3  81  59  70  -2   0   5 0.00  0.0    0  7.3 16  50   M    M   2        22  70
 4  84  61  73   1   0   8 0.00  0.0    0  3.9 12 130   M    M   2        16 150
 5  89  64  77   5   0  12 0.00  0.0    0  3.7 10 190   M    M   2        14 190
 6  90  65  78   7   0  13 0.00  0.0    0  5.0 17 280   M    M   1 1      23 280
 7  90  69  80   9   0  15 0.00  0.0    0  5.9 14 210   M    M   1 1      17 200
 8  90  71  81  10   0  16 0.47  0.0    0  9.3 23 340   M    M   7 13     25 300
 9  86  72  79   9   0  14 0.06  0.0    0  4.1 10 190   M    M   8 1      14 220
10  88  64  76   6   0  11 0.52  0.0    0  9.0 43 280   M    M   6 13     53 290
11  78  55  67  -3   0   2 0.00  0.0    0  2.3  9  60   M    M   3        12  30
12  81  59  70   1   0   5 0.00  0.0    0  3.6 10 130   M    M   0        16 140
13  83  54  69   0   0   4 0.00  0.0    0  2.7 10 270   M    M   1 1      14 280
14  86  57  72   4   0   7 0.02  0.0    0  5.2 17  30   M    M   5 1      21  40
15  82  64  73   5   0   8 0.00  0.0    0  6.8 13  70   M    M   5        16  70
16  88  64  76   8   0  11 0.18  0.0    0  5.5 32 270   M    M   7 13     40 280
17  78  70  74   7   0   9 0.01  0.0    0 10.2 18 190   M    M   8 1      26 230
18  84  69  77  10   0  12 0.00  0.0    0  2.7  8 350   M    M   8 1       9 350
19  85  61  73   7   0   8 0.00  0.0    0  3.5  9 330   M    M   2        13 350
20  88  60  74   8   0   9 0.00  0.0    0  1.7  9  60   M    M   4 1      13  70
21  89  61  75  10   0  10 0.00  0.0    0  2.9 12  60   M    M   2        15 100
22  90  62  76  11   0  11 0.00  0.0    0  2.4  8  80   M    M   3 1      10  20
23  90  63  77  12   0  12 0.00  0.0    0  3.5 13 300   M    M   5        17 330
24  83  66  75  11   0  10 0.00  0.0    0  6.2 12  20   M    M   1 18     16  30
25  87  63  75  11   0  10 0.00  0.0    0  3.7 10  60   M    M   1        12  80
================================================================================
SM 2128 1582         0 236  1.26     0.0 136.2          M       92
================================================================================
AV 85.1 63.3                               5.4 FASTST   M    M   4    MAX(MPH)
                                 MISC ---->  # 43 280               # 53  290
================================================================================
NOTES:
# LAST OF SEVERAL OCCURRENCES

COLUMN 17 PEAK WIND IN M.P.H.

PRELIMINARY LOCAL CLIMATOLOGICAL DATA (WS FORM: F-6) , PAGE 2

                                          STATION:  CINCINNATI OH
                                          MONTH:    SEPTEMBER
                                          YEAR:     2016
                                          LATITUDE:   39  2 N
                                          LONGITUDE:  84 40 W

[TEMPERATURE DATA]      [PRECIPITATION DATA]       SYMBOLS USED IN COLUMN 16

AVERAGE MONTHLY: 74.2   TOTAL FOR MONTH:   1.26    1 = FOG OR MIST
DPTR FM NORMAL:   5.6   DPTR FM NORMAL:   -0.91    2 = FOG REDUCING VISIBILITY
HIGHEST:    90 ON 23,22 GRTST 24HR  0.53 ON  8- 9      TO 1/4 MILE OR LESS
LOWEST:     54 ON 13                               3 = THUNDER
                        SNOW, ICE PELLETS, HAIL    4 = ICE PELLETS
                        TOTAL MONTH:   0.0 INCH    5 = HAIL
                        GRTST 24HR     0.0         6 = FREEZING RAIN OR DRIZZLE
                        GRTST DEPTH:   0           7 = DUSTSTORM OR SANDSTORM:
                                                       VSBY 1/2 MILE OR LESS
                                                   8 = SMOKE OR HAZE
[NO. OF DAYS WITH]      [WEATHER - DAYS WITH]      9 = BLOWING SNOW
                                                   X = TORNADO
MAX 32 OR BELOW:   0    0.01 INCH OR MORE:   6
MAX 90 OR ABOVE:   5    0.10 INCH OR MORE:   3
MIN 32 OR BELOW:   0    0.50 INCH OR MORE:   1
MIN  0 OR BELOW:   0    1.00 INCH OR MORE:   0

[HDD (BASE 65) ]
TOTAL THIS MO.     0    CLEAR  (SCALE 0-3)  14
DPTR FM NORMAL   -35    PTCLDY (SCALE 4-7)  11
TOTAL FM JUL 1     0    CLOUDY (SCALE 8-10)  0
DPTR FM NORMAL   -35

[CDD (BASE 65) ]
TOTAL THIS MO.   236
DPTR FM NORMAL   109    [PRESSURE DATA]
TOTAL FM JAN 1  1411    HIGHEST SLP 30.22 ON 11
DPTR FM NORMAL   316    LOWEST  SLP 29.79 ON 10

[REMARKS]
