000
CXUS51 KILN 241442
CF6CVG
PRELIMINARY LOCAL CLIMATOLOGICAL DATA (WS FORM: F-6)

                                          STATION:   CINCINNATI OH
                                          MONTH:     MAY
                                          YEAR:      2017
                                          LATITUDE:   39  2 N
                                          LONGITUDE:  84 40 W

  TEMPERATURE IN F:       :PCPN:    SNOW:  WIND      :SUNSHINE: SKY     :PK WND
================================================================================
1   2   3   4   5  6A  6B    7    8   9   10  11  12  13   14  15   16   17  18
                                     12Z  AVG MX 2MIN
DY MAX MIN AVG DEP HDD CDD  WTR  SNW DPTH SPD SPD DIR MIN PSBL S-S WX    SPD DR
================================================================================

 1  71  50  61   2   4   0 0.55  0.0    0 16.1 30 260   M    M   9 13     41 200
 2  66  47  57  -3   8   0 0.01  0.0    0 15.4 30 270   M    M   6        40 240
 3  59  42  51  -9  14   0    T  0.0    0  9.7 24  70   M    M   6        29  80
 4  60  49  55  -5  10   0 0.46  0.0    0 11.1 20  50   M    M  10 1      25  50
 5  56  44  50 -10  15   0 1.00  0.0    0 16.0 29 350   M    M  10 13     36 360
 6  62  39  51 -10  14   0    T  0.0    0 10.5 23 310   M    M   6        29 310
 7  62  35  49 -12  16   0 0.00  0.0    0 12.3 24 290   M    M   2        29 280
 8  66  30  48 -13  17   0    T  0.0    0  4.8 16 310   M    M   3        20 300
 9  58  50  54  -8  11   0 1.00  0.0    0  5.7 17 120   M    M  10 13     21 110
10  84  53  69   7   0   4 0.00  0.0    0  5.7 14 230   M    M   8 12     20 230
11  73  57  65   3   0   0 0.15  0.0    0  8.9 26 260   M    M  10 13     33 280
12  64  54  59  -3   6   0    T  0.0    0  8.0 16  10   M    M   9        30 340
13  74  46  60  -3   5   0 0.00  0.0    0  5.1 13 280   M    M   1 1      26 330
14  83  57  70   7   0   5 0.00  0.0    0 10.1 22 280   M    M   2        26 280
15  82  56  69   6   0   4 0.00  0.0    0  4.8 14 100   M    M   2        16  90
16  84  58  71   8   0   6 0.00  0.0    0  8.4 17 220   M    M   2 1      23 210
17  83  62  73   9   0   8 0.00  0.0    0 11.9 26 190   M    M   6        35 190
18  83  69  76  12   0  11 0.08  0.0    0  8.7 18 220   M    M   8 13     25 240
19  84  64  74  10   0   9 0.22  0.0    0  7.4 21 300   M    M   8 13     27 300
20  79  62  71   6   0   6 0.67  0.0    0  9.0 29 260   M    M   9 1238   37 260
21  76  61  69   4   0   4 0.19  0.0    0  9.6 18 300   M    M   7 13     25 300
22  69  47  58  -7   7   0 0.00  0.0    0  5.9 20 310   M    M   7        25 320
23  75  48  62  -3   3   0 0.00  0.0    0  6.1 15 130   M    M   8        19 130
================================================================================
SM 1653 1180       130  57  4.33     0.0 211.2          M      149
================================================================================
AV 71.9 51.3                               9.2 FASTST   M    M   6    MAX(MPH)
                                 MISC ---->  # 30 260               # 41  200
================================================================================
NOTES:
# LAST OF SEVERAL OCCURRENCES

COLUMN 17 PEAK WIND IN M.P.H.

PRELIMINARY LOCAL CLIMATOLOGICAL DATA (WS FORM: F-6) , PAGE 2

                                          STATION:  CINCINNATI OH
                                          MONTH:    MAY
                                          YEAR:     2017
                                          LATITUDE:   39  2 N
                                          LONGITUDE:  84 40 W

[TEMPERATURE DATA]      [PRECIPITATION DATA]       SYMBOLS USED IN COLUMN 16

AVERAGE MONTHLY: 61.6   TOTAL FOR MONTH:   4.33    1 = FOG OR MIST
DPTR FM NORMAL:  -0.8   DPTR FM NORMAL:    0.68    2 = FOG REDUCING VISIBILITY
HIGHEST:    84 ON 19,16 GRTST 24HR  1.00 ON  9- 9      TO 1/4 MILE OR LESS
LOWEST:     30 ON  8                               3 = THUNDER
                        SNOW, ICE PELLETS, HAIL    4 = ICE PELLETS
                        TOTAL MONTH:   0.0 INCH    5 = HAIL
                        GRTST 24HR     0.0         6 = FREEZING RAIN OR DRIZZLE
                        GRTST DEPTH:   0           7 = DUSTSTORM OR SANDSTORM:
                                                       VSBY 1/2 MILE OR LESS
                                                   8 = SMOKE OR HAZE
[NO. OF DAYS WITH]      [WEATHER - DAYS WITH]      9 = BLOWING SNOW
                                                   X = TORNADO
MAX 32 OR BELOW:   0    0.01 INCH OR MORE:  10
MAX 90 OR ABOVE:   0    0.10 INCH OR MORE:   8
MIN 32 OR BELOW:   1    0.50 INCH OR MORE:   4
MIN  0 OR BELOW:   0    1.00 INCH OR MORE:   2

[HDD (BASE 65) ]
TOTAL THIS MO.   130    CLEAR  (SCALE 0-3)   6
DPTR FM NORMAL    22    PTCLDY (SCALE 4-7)   8
TOTAL FM JUL 1  4002    CLOUDY (SCALE 8-10)  9
DPTR FM NORMAL  -940

[CDD (BASE 65) ]
TOTAL THIS MO.    57
DPTR FM NORMAL    12    [PRESSURE DATA]
TOTAL FM JAN 1   109    HIGHEST SLP 30.18 ON  3
DPTR FM NORMAL    46    LOWEST  SLP 29.42 ON  5

[REMARKS]
