000
CXUS52 KCHS 250915
CF6CXM
PRELIMINARY LOCAL CLIMATOLOGICAL DATA (WS FORM: F-6)

                                          STATION:   DOWNTOWN CHARLESTON SC
                                          MONTH:     JANUARY
                                          YEAR:      2015
                                          LATITUDE:   32 46 N
                                          LONGITUDE:  79 56 W

  TEMPERATURE IN F:       :PCPN:    SNOW:  WIND      :SUNSHINE: SKY     :PK WND
================================================================================
1   2   3   4   5  6A  6B    7    8   9   10  11  12  13   14  15   16   17  18
                                     12Z  AVG MX 2MIN
DY MAX MIN AVG DEP HDD CDD  WTR  SNW DPTH SPD SPD DIR MIN PSBL S-S WX    SPD DR
================================================================================

 1  59  41  50   0  15   0 0.00  0.0    M   M   9  20   M    M   M        12  20
 2  64  52  58   8   7   0 0.00    M    M   M  11  20   M    M   M        14  50
 3  67  54  61  11   4   0 0.11    M    M   M  13  20   M    M   M        16  20
 4  72  63  68  18   0   3 0.03    M    M   M  20 200   M    M   M        29 220
 5  65  48  57   7   8   0 0.00    M    M   M  13  10   M    M   M        22 280
 6  63  45  54   4  11   0 0.00    M    M   M  12 270   M    M   M        20 280
 7  57  36  47  -3  18   0 0.00    M    M   M   M   M   M    M   M         M  M
 8  36  22  29 -21  36   0 0.00    M    M   M   M   M   M    M   M         M  M
 9  56  31  44  -5  21   0 0.00    M    M   M  15 360   M    M   M        19  10
10  53  38  46  -3  19   0 0.00    M    M   M  18  40   M    M   M        23  30
11  59  41  50   1  15   0 0.03    M    M   M  22  50   M    M   M        25  40
12  64  52  58   9   7   0 1.52    M    M   M  12 190   M    M   M        21 190
13  59  42  51   2  14   0 0.02    M    M   M  20  20   M    M   M        29  50
14  44  39  42  -8  23   0 0.00    M    M 11.1 19  40   M    M   M        24  30
15  44  38  41  -9  24   0 0.07    M    M   M  14 350   M    M   M        18 360
16  57  41  49  -1  16   0 0.12    M    M   M  11 360   M    M   M        17 360
17  61  42  52   2  13   0 0.00    M    M  5.5 12  30   M    M   M        14  40
18  67  51  59   9   6   0 0.14    M    M  5.8 14 270   M    M   M        26 250
19  63  44  54   4  11   0 0.00    M    M   M  14 210   M    M   M        20 210
20  64  46  55   5  10   0 0.00    M    M  6.2 12 200   M    M   M        16 200
21  71  48  60  10   5   0 0.00    M    M  5.7  9 250   M    M   M        16 260
22  64  48  56   6   9   0 0.00    M    M  6.1 12  10   M    M   M        16  70
23  66  52  59   9   6   0 0.38    M    M   M  26 190   M    M   M        36 200
24  66  46  56   6   9   0 0.79    M    M 12.3 25 210   M    M   M        39 220
================================================================================
SM 1441 1060       307   3  3.21     0.0  52.7          M        M
================================================================================
AV 60.0 44.2                               7.5 FASTST   M    M   6    MAX(MPH)
                                 MISC ---->  # 26 190               # 39  220
================================================================================
NOTES:
# LAST OF SEVERAL OCCURRENCES

COLUMN 17 PEAK WIND IN M.P.H.

PRELIMINARY LOCAL CLIMATOLOGICAL DATA (WS FORM: F-6) , PAGE 2

                                          STATION:  DOWNTOWN CHARLESTON SC
                                          MONTH:    JANUARY
                                          YEAR:     2015
                                          LATITUDE:   32 46 N
                                          LONGITUDE:  79 56 W

[TEMPERATURE DATA]      [PRECIPITATION DATA]       SYMBOLS USED IN COLUMN 16

AVERAGE MONTHLY: 52.1   TOTAL FOR MONTH:   3.21    1 = FOG OR MIST
DPTR FM NORMAL:   2.3   DPTR FM NORMAL:    0.96    2 = FOG REDUCING VISIBILITY
HIGHEST:    72 ON  4    GRTST 24HR  1.52 ON 12-12      TO 1/4 MILE OR LESS
LOWEST:     22 ON  8                               3 = THUNDER
                        SNOW, ICE PELLETS, HAIL    4 = ICE PELLETS
                        TOTAL MONTH:   0.0 INCH    5 = HAIL
                        GRTST 24HR     0.0         6 = FREEZING RAIN OR DRIZZLE
                        GRTST DEPTH:  M  ON   M    7 = DUSTSTORM OR SANDSTORM:
                                                       VSBY 1/2 MILE OR LESS
                                                   8 = SMOKE OR HAZE
[NO. OF DAYS WITH]      [WEATHER - DAYS WITH]      9 = BLOWING SNOW
                                                   X = TORNADO
MAX 32 OR BELOW:   0    0.01 INCH OR MORE:  10
MAX 90 OR ABOVE:   0    0.10 INCH OR MORE:   6
MIN 32 OR BELOW:   2    0.50 INCH OR MORE:   2
MIN  0 OR BELOW:   0    1.00 INCH OR MORE:   1

[HDD (BASE 65) ]
TOTAL THIS MO.   307    CLEAR  (SCALE 0-3)   0
DPTR FM NORMAL   -63    PTCLDY (SCALE 4-7)   0
TOTAL FM JUL 1   848    CLOUDY (SCALE 8-10)  0
DPTR FM NORMAL  -128

[CDD (BASE 65) ]
TOTAL THIS MO.     3
DPTR FM NORMAL     3    [PRESSURE DATA]
TOTAL FM JAN 1     3    HIGHEST SLP M ON M
DPTR FM NORMAL     3    LOWEST  SLP M ON M

[REMARKS]
