000
CXUS52 KCHS 250715
CF6CXM
PRELIMINARY LOCAL CLIMATOLOGICAL DATA (WS FORM: F-6)

                                          STATION:   DOWNTOWN CHARLESTON SC
                                          MONTH:     SEPTEMBER
                                          YEAR:      2017
                                          LATITUDE:   32 46 N
                                          LONGITUDE:  79 56 W

  TEMPERATURE IN F:       :PCPN:    SNOW:  WIND      :SUNSHINE: SKY     :PK WND
================================================================================
1   2   3   4   5  6A  6B    7    8   9   10  11  12  13   14  15   16   17  18
                                     12Z  AVG MX 2MIN
DY MAX MIN AVG DEP HDD CDD  WTR  SNW DPTH SPD SPD DIR MIN PSBL S-S WX    SPD DR
================================================================================

 1  86  76  81   1   0  16 0.00  0.0    M  5.9 14 180   M    M   M        18 190
 2  83  72  78  -2   0  13 0.95  0.0    M  4.3 31 180   M    M   M        42 190
 3  88  74  81   1   0  16 0.00  0.0    M  4.3  9 210   M    M   M        12 270
 4  87  74  81   2   0  16 0.00  0.0    M  5.5 13 170   M    M   M        16 190
 5  85  79  82   3   0  17 0.00    M    M  8.3 17 180   M    M   M        21 180
 6  83  72  78  -1   0  13 1.05  0.0    M  8.1 18 170   M    M   M        28 130
 7  80  68  74  -5   0   9 0.00    M    M  7.4 14  20   M    M   M        17  20
 8  80  69  75  -4   0  10 0.00  0.0    M 11.2 16  90   M    M   M        21  70
 9  77  69  73  -6   0   8 0.00    M    M 15.2 23  30   M    M   M        28  50
10  73  67  70  -8   0   5 0.02    M    M 18.2 24  40   M    M   M        30  40
11  79  66  73  -5   0   8 4.53    M    M 25.2 40  80   M    M   M        52  90
12  79  72  76  -2   0  11 0.01    M    M  6.5 16 150   M    M   M        22 160
13  80  70  75  -3   0  10 0.00    M    M  6.4 12 130   M    M   M        14 150
14  84  76  80   2   0  15 0.00    M    M  5.1 13 170   M    M   M        14 190
15  84  74  79   2   0  14 0.00    M    M  3.9 10 110   M    M   M        12 130
16  86  74  80   3   0  15 0.00    M    M  5.1 12 110   M    M   M        14 360
17  86  73  80   3   0  15 0.00    M    M  7.8 15  10   M    M   M        18  10
18  85  72  79  72   0  14 0.00    M    M  6.5 11  10   M    M   M        15 120
19  87  74  81   5   0  16 0.00    M    M  3.9 10  20   M    M   M        14 330
20  86  76  81   5   0  16 0.00    M    M  4.6 11 180   M    M   M        12 180
21  87  76  82   6   0  17 0.00    M    M  4.3 13  20   M    M   M        20  20
22  86  74  80   4   0  15 0.04    M    M  5.3 21 110   M    M   M        28 110
23  85  74  80   5   0  15 0.00    M    M  7.6 14  90   M    M   M        18  90
24  84  73  79   4   0  14 0.00    M    M  8.8 15  40   M    M   M        17  40
================================================================================
SM 2000 1744         0 318  6.60     0.0 189.4          M        M
================================================================================
AV 83.3 72.7                               7.9 FASTST   M    M   5    MAX(MPH)
                                 MISC ---->  # 40  80               # 52   90
================================================================================
NOTES:
# LAST OF SEVERAL OCCURRENCES

COLUMN 17 PEAK WIND IN M.P.H.

PRELIMINARY LOCAL CLIMATOLOGICAL DATA (WS FORM: F-6) , PAGE 2

                                          STATION:  DOWNTOWN CHARLESTON SC
                                          MONTH:    SEPTEMBER
                                          YEAR:     2017
                                          LATITUDE:   32 46 N
                                          LONGITUDE:  79 56 W

[TEMPERATURE DATA]      [PRECIPITATION DATA]       SYMBOLS USED IN COLUMN 16

AVERAGE MONTHLY: 78.0   TOTAL FOR MONTH:   6.60    1 = FOG OR MIST
DPTR FM NORMAL:   3.2   DPTR FM NORMAL:    1.80    2 = FOG REDUCING VISIBILITY
HIGHEST:    88 ON  3    GRTST 24HR  4.53 ON 11-11      TO 1/4 MILE OR LESS
LOWEST:     66 ON 11                               3 = THUNDER
                        SNOW, ICE PELLETS, HAIL    4 = ICE PELLETS
                        TOTAL MONTH:   0.0 INCH    5 = HAIL
                        GRTST 24HR     0.0         6 = FREEZING RAIN OR DRIZZLE
                        GRTST DEPTH:  M  ON   M    7 = DUSTSTORM OR SANDSTORM:
                                                       VSBY 1/2 MILE OR LESS
                                                   8 = SMOKE OR HAZE
[NO. OF DAYS WITH]      [WEATHER - DAYS WITH]      9 = BLOWING SNOW
                                                   X = TORNADO
MAX 32 OR BELOW:   0    0.01 INCH OR MORE:   6
MAX 90 OR ABOVE:   0    0.10 INCH OR MORE:   3
MIN 32 OR BELOW:   0    0.50 INCH OR MORE:   3
MIN  0 OR BELOW:   0    1.00 INCH OR MORE:   2

[HDD (BASE 65) ]
TOTAL THIS MO.     0    CLEAR  (SCALE 0-3)   0
DPTR FM NORMAL     0    PTCLDY (SCALE 4-7)   0
TOTAL FM JUL 1     0    CLOUDY (SCALE 8-10)  0
DPTR FM NORMAL     0

[CDD (BASE 65) ]
TOTAL THIS MO.   318
DPTR FM NORMAL    15    [PRESSURE DATA]
TOTAL FM JAN 1  2338    HIGHEST SLP M ON M
DPTR FM NORMAL   210    LOWEST  SLP 29.47 ON 11

[REMARKS]
