000
CXUS52 KCHS 310715
CF6CXM
PRELIMINARY LOCAL CLIMATOLOGICAL DATA (WS FORM: F-6)

                                          STATION:   DOWNTOWN CHARLESTON SC
                                          MONTH:     JULY
                                          YEAR:      2015
                                          LATITUDE:   32 46 N
                                          LONGITUDE:  79 56 W

  TEMPERATURE IN F:       :PCPN:    SNOW:  WIND      :SUNSHINE: SKY     :PK WND
================================================================================
1   2   3   4   5  6A  6B    7    8   9   10  11  12  13   14  15   16   17  18
                                     12Z  AVG MX 2MIN
DY MAX MIN AVG DEP HDD CDD  WTR  SNW DPTH SPD SPD DIR MIN PSBL S-S WX    SPD DR
================================================================================

 1  87  73  80  -2   0  15 0.00    M    M  5.5  9 260   M    M   M        14 270
 2  88  71  80  -2   0  15 0.97    M    M  7.9 19 210   M    M   M        30 310
 3  86  72  79  -3   0  14 0.40    M    M  7.4 19 320   M    M   M        29 320
 4  90  74  82   0   0  17 0.01    M    M  5.9 14 180   M    M   M        27 260
 5  86  76  81  -1   0  16 0.00    M    M  6.6 15 170   M    M   M        18 210
 6  84  74  79  -3   0  14 0.00    M    M  5.2 14 170   M    M   M        17 170
 7  85  77  81  -1   0  16 0.01    M    M  5.4 14 180   M    M   M        16 180
 8  88  78  83   1   0  18 0.00    M    M  5.8 11 200   M    M   M        15 200
 9  88  79  84   2   0  19 0.00    M    M  6.7 15 170   M    M   M        17 170
10  94  79  87   5   0  22 0.00    M    M  5.7 10 200   M    M   M        14 200
11  95  79  87   5   0  22 0.00    M    M  5.8 13 180   M    M   M        17 220
12  88  79  84   2   0  19 0.00    M    M  7.9 13 120   M    M   M        15 120
13  88  76  82   0   0  17 0.19    M    M  7.0 21 180   M    M   M        28 180
14  93  78  86   4   0  21 0.00    M    M  6.9 14 220   M    M   M        20 230
15  94  79  87   5   0  22 0.00    M    M  7.4 16 180   M    M   M        20 200
16  89  77  83   0   0  18 0.00    M    M  5.2 11 100   M    M   M        13 120
17  87  79  83   0   0  18 0.00    M    M  8.5 15 100   M    M   M        17 100
18  87  80  84   1   0  19 0.00    M    M  5.5 11 170   M    M   M        13 170
19  89  77  83   0   0  18 0.00    M    M  5.0 15 290   M    M   M        23 290
20  88  77  83   0   0  18 0.00    M    M  6.7 15 210   M    M   M        20 210
21  93  80  87   4   0  22 0.05    M    M  7.1 22 200   M    M   M        26 200
22  96  79  88   5   0  23 0.00    M    M  5.9 12 190   M    M   M        15 210
23  94  79  87   4   0  22 0.03    M    M  6.6 16 210   M    M   M        33 330
24  86  77  82  -1   0  17 0.02    M    M  6.3 12  90   M    M   M        18  70
25  87  77  82   0   0  17 0.00    M    M 10.3 19  70   M    M   M        24  70
26  87  77  82   0   0  17 0.00    M    M 10.6 18  90   M    M   M        21  90
27  88  77  83   1   0  18 0.00    M    M  8.4 14 100   M    M   M        17  90
28  89  79  84   2   0  19 0.00    M    M  8.7 14 100   M    M   M        16 100
29  90  77  84   2   0  19 0.00  0.0    M  7.9 16 100   M    M   M        18 100
30  89  78  84   2   0  19 0.00  0.0    M  5.9 14 160   M    M   M        16 160
================================================================================
SM 2673 2314         0 551  1.68     0.0 205.7          M        M
================================================================================
AV 89.1 77.1                               6.9 FASTST   M    M   5    MAX(MPH)
                                 MISC ---->  # 22 200               # 33  330
================================================================================
NOTES:
# LAST OF SEVERAL OCCURRENCES

COLUMN 17 PEAK WIND IN M.P.H.

PRELIMINARY LOCAL CLIMATOLOGICAL DATA (WS FORM: F-6) , PAGE 2

                                          STATION:  DOWNTOWN CHARLESTON SC
                                          MONTH:    JULY
                                          YEAR:     2015
                                          LATITUDE:   32 46 N
                                          LONGITUDE:  79 56 W

[TEMPERATURE DATA]      [PRECIPITATION DATA]       SYMBOLS USED IN COLUMN 16

AVERAGE MONTHLY: 83.1   TOTAL FOR MONTH:   1.68    1 = FOG OR MIST
DPTR FM NORMAL:   0.8   DPTR FM NORMAL:   -3.51    2 = FOG REDUCING VISIBILITY
HIGHEST:    96 ON 22    GRTST 24HR  0.97 ON  2- 2      TO 1/4 MILE OR LESS
LOWEST:     71 ON  2                               3 = THUNDER
                        SNOW, ICE PELLETS, HAIL    4 = ICE PELLETS
                        TOTAL MONTH:   0.0 INCH    5 = HAIL
                        GRTST 24HR     0.0         6 = FREEZING RAIN OR DRIZZLE
                        GRTST DEPTH:  M  ON   M    7 = DUSTSTORM OR SANDSTORM:
                                                       VSBY 1/2 MILE OR LESS
                                                   8 = SMOKE OR HAZE
[NO. OF DAYS WITH]      [WEATHER - DAYS WITH]      9 = BLOWING SNOW
                                                   X = TORNADO
MAX 32 OR BELOW:   0    0.01 INCH OR MORE:   8
MAX 90 OR ABOVE:   9    0.10 INCH OR MORE:   3
MIN 32 OR BELOW:   0    0.50 INCH OR MORE:   1
MIN  0 OR BELOW:   0    1.00 INCH OR MORE:   0

[HDD (BASE 65) ]
TOTAL THIS MO.     0    CLEAR  (SCALE 0-3)   0
DPTR FM NORMAL     0    PTCLDY (SCALE 4-7)   0
TOTAL FM JUL 1     0    CLOUDY (SCALE 8-10)  0
DPTR FM NORMAL     0

[CDD (BASE 65) ]
TOTAL THIS MO.   551
DPTR FM NORMAL    41    [PRESSURE DATA]
TOTAL FM JAN 1  1488    HIGHEST SLP M ON M
DPTR FM NORMAL   192    LOWEST  SLP 29.70 ON 14

[REMARKS]
