000
CXUS52 KMLB 011614 AAA
CF6DAB

PRELIMINARY LOCAL CLIMATOLOGICAL DATA (WS FORM: F-6)

                                          STATION:   DAYTONA BEACH
                                          MONTH:     AUGUST
                                          YEAR:      2015
                                          LATITUDE:   29 10 N
                                          LONGITUDE:  81  3 W

  TEMPERATURE IN F:       :PCPN:    SNOW:  WIND      :SUNSHINE: SKY     :PK WND
================================================================================
1   2   3   4   5  6A  6B    7    8   9   10  11  12  13   14  15   16   17  18
                                     12Z  AVG MX 2MIN
DY MAX MIN AVG DEP HDD CDD  WTR  SNW DPTH SPD SPD DIR MIN PSBL S-S WX    SPD DR
================================================================================

 1  91  74  83   1   0  18 1.21  0.0    0  8.6 29 240   M    M   9 138    39 240
 2  89  73  81  -1   0  16    T  0.0    0  8.9 30 190   M    M   8        43 190
 3  84  73  79  -3   0  14 0.06  0.0    0 11.8 23 230   M    M   9 1      31 220
 4  91  75  83   1   0  18    T  0.0    0  7.1 20 270   M    M   7 3      24 290
 5  93  74  84   2   0  19 0.00  0.0    0  4.2 12 110   M    M   2 1      15 100
 6  93  75  84   2   0  19 0.00  0.0    0  4.6 15 230   M    M   3 1      18 270
 7  91  75  83   1   0  18 0.05  0.0    0  9.6 20 240   M    M   6 38     28 230
 8  91  74  83   1   0  18 1.18  0.0    0  7.3 18  70   M    M   5 138    26  70
 9  89  75  82   0   0  17    T  0.0    0  6.1 20  40   M    M   4 12     24  40
10  88  77  83   1   0  18    T  0.0    0  5.6 14  60   M    M   3        20  40
11  93  74  84   2   0  19 0.00  0.0    0  3.4 13  70   M    M   4 13     15  80
12  95  76  86   4   0  21 0.00  0.0    0  6.7 20 260   M    M   6 3      24 280
13  84  73  79  -3   0  14 0.87  0.0    0  4.0 14 220   M    M   7 13     20 220
14  88  73  81  -1   0  16 0.00  0.0    0  3.8 14  70   M    M   6        18  40
15  88  73  81  -1   0  16 0.76  0.0    0  3.4 21 230   M    M   7 13     25 230
16  87  74  81  -1   0  16    T  0.0    0  3.7 13  70   M    M   6 3      18  90
17  90  75  83   1   0  18 0.11  0.0    0  3.5 14 240   M    M   8 13     22  50
18  91  73  82   0   0  17 0.01  0.0    0  3.5 13 120   M    M   8 13     19 110
19  92  76  84   3   0  19    T  0.0    0  3.2 15  70   M    M   8 3      19  90
20  92  75  84   3   0  19 0.03  0.0    0  3.9 15 250   M    M   8 3      19 250
21  92  74  83   2   0  18 0.00  0.0    0  3.1 12  60   M    M   3        15  50
22  92  77  85   4   0  20 0.00  0.0    0  4.9 15  40   M    M   3 13     19  40
23  92  72  82   1   0  17 0.53  0.0    0  5.2 29 340   M    M   6 1      38 350
24  87  73  80  -1   0  15 0.34  0.0    0  3.0 16 280   M    M   7 13     22 280
25  94  76  85   4   0  20 0.00  0.0    0  4.2 13  70   M    M   3 1      16  80
26  94  73  84   3   0  19 0.01  0.0    0  5.5 17 300   M    M   5 138    23 190
27  88  72  80  -1   0  15 0.14  0.0    0  1.9 13 180   M    M   7 138    18 180
28  88  72  80  -1   0  15 0.01  0.0    0  3.5 16  70   M    M   7        20  70
29  88  72  80  -1   0  15 1.21  0.0    0  4.5 18  70   M    M   8 13     26  70
30  86  73  80  -1   0  15 0.78  0.0    0  4.5 16  90   M    M   8 138    22 100
31  89  75  82   1   0  17 0.22  0.0    0  3.3 14 190   M    M   8 13     18 180
================================================================================
SM 2790 2296         0 536  7.52     0.0 156.5          M      189
================================================================================
AV 90.0 74.1                               5.0 FASTST   M    M   6    MAX(MPH)
                                 MISC ---->  # 30 190               # 43  190
================================================================================
NOTES:
# LAST OF SEVERAL OCCURRENCES

COLUMN 17 PEAK WIND IN M.P.H.

PRELIMINARY LOCAL CLIMATOLOGICAL DATA (WS FORM: F-6) , PAGE 2

                                          STATION:  DAYTONA BEACH
                                          MONTH:    AUGUST
                                          YEAR:     2015
                                          LATITUDE:   29 10 N
                                          LONGITUDE:  81  3 W

[TEMPERATURE DATA]      [PRECIPITATION DATA]       SYMBOLS USED IN COLUMN 16

AVERAGE MONTHLY: 82.0   TOTAL FOR MONTH:   7.52    1 = FOG OR MIST
DPTR FM NORMAL:   0.5   DPTR FM NORMAL:    1.12    2 = FOG REDUCING VISIBILITY
HIGHEST:    95 ON 12    GRTST 24HR  1.99 ON 29-30      TO 1/4 MILE OR LESS
LOWEST:     72 ON 29,28                            3 = THUNDER
                        SNOW, ICE PELLETS, HAIL    4 = ICE PELLETS
                        TOTAL MONTH:   0.0 INCH    5 = HAIL
                        GRTST 24HR     0.0         6 = FREEZING RAIN OR DRIZZLE
                        GRTST DEPTH:   0           7 = DUSTSTORM OR SANDSTORM:
                                                       VSBY 1/2 MILE OR LESS
                                                   8 = SMOKE OR HAZE
[NO. OF DAYS WITH]      [WEATHER - DAYS WITH]      9 = BLOWING SNOW
                                                   X = TORNADO
MAX 32 OR BELOW:   0    0.01 INCH OR MORE:  17
MAX 90 OR ABOVE:  17    0.10 INCH OR MORE:  11
MIN 32 OR BELOW:   0    0.50 INCH OR MORE:   7
MIN  0 OR BELOW:   0    1.00 INCH OR MORE:   3

[HDD (BASE 65) ]
TOTAL THIS MO.     0    CLEAR  (SCALE 0-3)   3
DPTR FM NORMAL     0    PTCLDY (SCALE 4-7)  24
TOTAL FM JUL 1     0    CLOUDY (SCALE 8-10)  4
DPTR FM NORMAL     0

[CDD (BASE 65) ]
TOTAL THIS MO.   536
DPTR FM NORMAL    25    [PRESSURE DATA]
TOTAL FM JAN 1  2494    HIGHEST SLP M ON M
DPTR FM NORMAL   420    LOWEST  SLP 29.85 ON  8


[REMARKS] PRECIPITATION OF 0.14" ON 8/27/15 FROM DIAF1 COOP STATION
DUE TO OUTAGE AT DAB THAT AFFECTED RAINFALL VALUES.
