000
CXUS51 KRNK 010740 RRA
CF6DAN

PRELIMINARY LOCAL CLIMATOLOGICAL DATA (WS FORM: F-6)

                                          STATION:   DANVILLE VA
                                          MONTH:     MAY
                                          YEAR:      2016
                                          LATITUDE:   36 34 N
                                          LONGITUDE:  79 20 W

  TEMPERATURE IN F:       :PCPN:    SNOW:  WIND      :SUNSHINE: SKY     :PK WND
================================================================================
1   2   3   4   5  6A  6B    7    8   9   10  11  12  13   14  15   16   17  18
                                     12Z  AVG MX 2MIN
DY MAX MIN AVG DEP HDD CDD  WTR  SNW DPTH SPD SPD DIR MIN PSBL S-S WX    SPD DR
================================================================================

 1  75  56  66   4   0   1 0.61  0.0    0  3.9 15 230   M    M   7 1      20 210
 2  84  62  73  10   0   8 1.03  0.0    0  5.4 17 230   M    M   5 123    24 230
 3  77  61  69   6   0   4 0.40  0.0    0  4.5 16  10   M    M   7 13     20  20
 4  72  50  61  -2   4   0    T  0.0    0  4.7 15 270   M    M   5 1      19 280
 5  55  48  52 -12  13   0 1.34  0.0    0  6.8 16 330   M    M   9 1      21 330
 6  67  49  58  -6   7   0 0.37  0.0    0  5.7 20 320   M    M   8 1      28 330
 7  74  49  62  -2   3   0    T  0.0    0  6.8 22 230   M    M   4        28 240
 8  81  57  69   5   0   4 0.00  0.0    0  8.2 20 300   M    M   3        29 280
 9  76  52  64   0   1   0 0.00  0.0    0  2.1  9 220   M    M   0        27 240
10  83  62  73   8   0   8 0.01  0.0    0  5.2 14 250   M    M   4        25 120
11  77  59  68   3   0   3 0.02  0.0    0  2.7 10 340   M    M   6 12     21 140
12  80  63  72   7   0   7 0.71  0.0    0  2.8 22 240   M    M   6 13     33 190
13  78  54  66   0   0   1 0.04  0.0    0  6.1 16 270   M    M   4 1      23 240
14  79  49  64  -2   1   0 0.05  0.0    0  9.3 28 310   M    M   0        43 310
15  65  42  54 -12  11   0 0.00  0.0    0  8.1 18 320   M    M   0        29 310
16  69  38  54 -12  11   0 0.00  0.0    0  2.8 12 230   M    M   2        30 330
17  68  55  62  -4   3   0 0.52  0.0    0  4.1 12  60   M    M  10 1      29 240
18  63  54  59  -8   6   0 0.00  0.0    0  6.0 14  30   M    M  10 1      23  60
19  60  52  56 -11   9   0 0.03  0.0    0  4.6 10  30   M    M  10 1      23  10
20  70  53  62  -5   3   0 0.14  0.0    0  4.4 12  50   M    M  10 1      24  70
21  75  58  67  -1   0   2 1.34  0.0    0  4.6 13  10   M    M   7 1      18 330
22  73  51  62  -6   3   0 0.61  0.0    0  6.0 20 350   M    M   7 13     28 340
23  71  51  61  -7   4   0    T  0.0    0  5.8 16  10   M    M   7        25  30
24  81  50  66  -2   0   1 0.00  0.0    0  5.0 13 280   M    M   0        22 360
25  86  53  70   1   0   5 0.00  0.0    0  2.9 15 270   M    M   0        22 220
26  86  58  72   3   0   7 0.00  0.0    0  3.2 13 250   M    M   1        26 220
27  86  64  75   6   0  10 0.00  0.0    0  4.9 12 220   M    M   2        22 240
28  85  59  72   2   0   7 0.00  0.0    0  1.9  9  80   M    M   1        23 210
29  74  63  69  -1   0   4 0.31  0.0    0  5.3 14 360   M    M   6 1      23 350
30  85  62  74   4   0   9 0.04  0.0    0  3.1  9  40   M    M   5 1      20 180
31  85  67  76   6   0  11 0.00  0.0    0  4.6 14  40   M    M   4 1      22  60
================================================================================
SM 2340 1701        79  92  7.57     0.0 151.5          M      150
================================================================================
AV 75.5 54.9                               4.9 FASTST   M    M   5    MAX(MPH)
                                 MISC ---->  # 28 310               # 43  310
================================================================================
NOTES:
# LAST OF SEVERAL OCCURRENCES

COLUMN 17 PEAK WIND IN M.P.H.

PRELIMINARY LOCAL CLIMATOLOGICAL DATA (WS FORM: F-6) , PAGE 2

                                          STATION:  DANVILLE VA
                                          MONTH:    MAY
                                          YEAR:     2016
                                          LATITUDE:   36 34 N
                                          LONGITUDE:  79 20 W

[TEMPERATURE DATA]      [PRECIPITATION DATA]       SYMBOLS USED IN COLUMN 16

AVERAGE MONTHLY: 65.2   TOTAL FOR MONTH:   7.57    1 = FOG OR MIST
DPTR FM NORMAL:  -1.2   DPTR FM NORMAL:    3.69    2 = FOG REDUCING VISIBILITY
HIGHEST:    86 ON 27,26 GRTST 24HR  1.34 ON 21-21      TO 1/4 MILE OR LESS
LOWEST:     38 ON 16                               3 = THUNDER
                        SNOW, ICE PELLETS, HAIL    4 = ICE PELLETS
                        TOTAL MONTH:   0.0 INCH    5 = HAIL
                        GRTST 24HR     0.0         6 = FREEZING RAIN OR DRIZZLE
                        GRTST DEPTH:   0           7 = DUSTSTORM OR SANDSTORM:
                                                       VSBY 1/2 MILE OR LESS
                                                   8 = SMOKE OR HAZE
[NO. OF DAYS WITH]      [WEATHER - DAYS WITH]      9 = BLOWING SNOW
                                                   X = TORNADO
MAX 32 OR BELOW:   0    0.01 INCH OR MORE:  17
MAX 90 OR ABOVE:   0    0.10 INCH OR MORE:  11
MIN 32 OR BELOW:   0    0.50 INCH OR MORE:   7
MIN  0 OR BELOW:   0    1.00 INCH OR MORE:   3

[HDD (BASE 65) ]
TOTAL THIS MO.    79    CLEAR  (SCALE 0-3)  10
DPTR FM NORMAL    11    PTCLDY (SCALE 4-7)  15
TOTAL FM JUL 1  3061    CLOUDY (SCALE 8-10)  6
DPTR FM NORMAL  -750

[CDD (BASE 65) ]
TOTAL THIS MO.    92
DPTR FM NORMAL   -18    [PRESSURE DATA]
TOTAL FM JAN 1   139    HIGHEST SLP 30.27 ON 16
DPTR FM NORMAL    -5    LOWEST  SLP 29.54 ON  5


[REMARKS] DUE TO A SENSOR FAILURE CAUSING MISSING TEMPERATURES ON
FEBRUARY 25...THE SEASONAL HEATING DEGREE DAY TOTAL AND DEPARTURE
FROM NORMAL WILL BE CALCULATED WITHOUT DATA FROM THIS DATE.

#FINAL-05-16#
