000
CXUS51 KILN 290551
CF6DAY
PRELIMINARY LOCAL CLIMATOLOGICAL DATA (WS FORM: F-6)

                                          STATION:   DAYTON OH
                                          MONTH:     JUNE
                                          YEAR:      2015
                                          LATITUDE:   39 54 N
                                          LONGITUDE:  84 12 W

  TEMPERATURE IN F:       :PCPN:    SNOW:  WIND      :SUNSHINE: SKY     :PK WND
================================================================================
1   2   3   4   5  6A  6B    7    8   9   10  11  12  13   14  15   16   17  18
                                     12Z  AVG MX 2MIN
DY MAX MIN AVG DEP HDD CDD  WTR  SNW DPTH SPD SPD DIR MIN PSBL S-S WX    SPD DR
================================================================================

 1  58  49  54 -12  11   0 0.07  0.0    0 11.0 18  30   M    M  10 1      23  20
 2  66  48  57 -10   8   0 0.00  0.0    0  6.9 12 110   M    M   7 18     17  30
 3  75  53  64  -3   1   0 0.00  0.0    0  4.4 10  90   M    M   8 18     13  90
 4  83  59  71   4   0   6 0.00  0.0    0  4.4 12 230   M    M   4 18     16 150
 5  87  61  74   6   0   9 0.00  0.0    0  7.2 17  10   M    M   4 18     21  10
 6  78  63  71   3   0   6 0.00  0.0    0  9.3 21  40   M    M   8 8      25  40
 7  88  60  74   6   0   9    T  0.0    0 10.5 25 300   M    M   7 18     31 300
 8  80  60  70   1   0   5 0.47  0.0    0 11.5 35 320   M    M   9 13     45 320
 9  80  57  69   0   0   4    T  0.0    0  6.9 17 280   M    M   5 18     21 270
10  91  65  78   9   0  13 0.00  0.0    0 12.8 23 230   M    M   3 8      29 260
11  91  68  80  10   0  15 0.00  0.0    0  7.9 16 220   M    M   8        20 220
12  91  70  81  11   0  16 0.12  0.0    0 12.2 31 250   M    M   7 138    39 250
13  91  70  81  11   0  16 0.00  0.0    0  9.2 18 220   M    M   6 1      22 220
14  91  72  82  12   0  17 0.61  0.0    0 12.9 31 250   M    M   7 13     39 250
15  89  72  81  10   0  16 0.60  0.0    0 12.0 24 250   M    M   7 1      32 240
16  85  71  78   7   0  13 0.47  0.0    0  8.2 25 240   M    M   8 13     35 240
17  76  69  73   2   0   8 1.94  0.0    0  7.0 18 240   M    M  10 1      22 270
18  89  71  80   8   0  15 0.03  0.0    0 11.5 32 250   M    M   8 3      38 260
19  75  68  72   0   0   7 0.29  0.0    0  6.0 14 220   M    M   9 1      17 220
20  81  69  75   3   0  10 0.65  0.0    0  8.4 16 100   M    M   9 18     21 110
21  86  69  78   6   0  13    T  0.0    0  9.5 22 270   M    M   8 18     26 280
22  88  68  78   6   0  13 0.00  0.0    0 11.0 24 200   M    M   7 12     30 190
23  85  66  76   3   0  11    T  0.0    0 12.9 25 220   M    M   6        35 220
24  82  60  71  -2   0   6 0.00  0.0    0  4.6 12 330   M    M   5        16 300
25  82  66  74   1   0   9 0.46  0.0    0  6.8 17 150   M    M   8 13     21 150
26  77  68  73   0   0   8 0.57  0.0    0  8.1 20 140   M    M   9 138    25 100
27  69  60  65  -8   0   0 0.28  0.0    0 15.1 26 320   M    M  10 1      35 320
28  78  57  68  -6   0   3 0.00  0.0    0 10.3 18 300   M    M   5        23 310
================================================================================
SM 2292 1789        20 248  6.56     0.0 258.5          M      202
================================================================================
AV 81.9 63.9                               9.2 FASTST   M    M   7    MAX(MPH)
                                 MISC ---->  # 35 320               # 45  320
================================================================================
NOTES:
# LAST OF SEVERAL OCCURRENCES

COLUMN 17 PEAK WIND IN M.P.H.

PRELIMINARY LOCAL CLIMATOLOGICAL DATA (WS FORM: F-6) , PAGE 2

                                          STATION:  DAYTON OH
                                          MONTH:    JUNE
                                          YEAR:     2015
                                          LATITUDE:   39 54 N
                                          LONGITUDE:  84 12 W

[TEMPERATURE DATA]      [PRECIPITATION DATA]       SYMBOLS USED IN COLUMN 16

AVERAGE MONTHLY: 72.9   TOTAL FOR MONTH:   6.56    1 = FOG OR MIST
DPTR FM NORMAL:   2.5   DPTR FM NORMAL:    2.66    2 = FOG REDUCING VISIBILITY
HIGHEST:    91 ON 14,13 GRTST 24HR  1.94 ON 17-17      TO 1/4 MILE OR LESS
LOWEST:     48 ON  2                               3 = THUNDER
                        SNOW, ICE PELLETS, HAIL    4 = ICE PELLETS
                        TOTAL MONTH:   0.0 INCH    5 = HAIL
                        GRTST 24HR     0.0         6 = FREEZING RAIN OR DRIZZLE
                        GRTST DEPTH:   0           7 = DUSTSTORM OR SANDSTORM:
                                                       VSBY 1/2 MILE OR LESS
                                                   8 = SMOKE OR HAZE
[NO. OF DAYS WITH]      [WEATHER - DAYS WITH]      9 = BLOWING SNOW
                                                   X = TORNADO
MAX 32 OR BELOW:   0    0.01 INCH OR MORE:  13
MAX 90 OR ABOVE:   5    0.10 INCH OR MORE:  11
MIN 32 OR BELOW:   0    0.50 INCH OR MORE:   5
MIN  0 OR BELOW:   0    1.00 INCH OR MORE:   1

[HDD (BASE 65) ]
TOTAL THIS MO.    20    CLEAR  (SCALE 0-3)   1
DPTR FM NORMAL    -2    PTCLDY (SCALE 4-7)  18
TOTAL FM JUL 1  5784    CLOUDY (SCALE 8-10)  9
DPTR FM NORMAL   142

[CDD (BASE 65) ]
TOTAL THIS MO.   248
DPTR FM NORMAL    76    [PRESSURE DATA]
TOTAL FM JAN 1   423    HIGHEST SLP 30.19 ON  2
DPTR FM NORMAL   181    LOWEST  SLP 29.69 ON 27

[REMARKS]
