000
CXUS55 KDVN 201100
CF6DBQ
PRELIMINARY LOCAL CLIMATOLOGICAL DATA (WS FORM: F-6)

                                          STATION:   DUBUQUE IA
                                          MONTH:     FEBRUARY
                                          YEAR:      2018
                                          LATITUDE:   42 24 N
                                          LONGITUDE:  90 42 W

  TEMPERATURE IN F:       :PCPN:    SNOW:  WIND      :SUNSHINE: SKY     :PK WND
================================================================================
1   2   3   4   5  6A  6B    7    8   9   10  11  12  13   14  15   16   17  18
                                     12Z  AVG MX 2MIN
DY MAX MIN AVG DEP HDD CDD  WTR  SNW DPTH SPD SPD DIR MIN PSBL S-S WX    SPD DR
================================================================================

 1  32   2  17  -3  48   0 0.00  0.0    0 17.6 29 320   M    M   1        36 330
 2  19  -2   9 -11  56   0    T    T    0  9.2 20 210   M    M   4        23 210
 3  39  19  29   9  36   0 0.16  1.6    0 12.7 24 220   M    M  10 128    32 220
 4  28  -6  11 -10  54   0 0.04  0.7    2 15.9 25 350   M    M   5 18     33 350
 5  10 -12  -1 -22  66   0 0.20  2.1    2  7.6 16 170   M    M   5 128    19 200
 6  12  -5   4 -17  61   0 0.01  0.1    4  4.6 15  20   M    M   5 18     18  20
 7  13  -4   5 -16  60   0 0.01  0.7    5  7.3 16 290   M    M   5 18     19 290
 8  18   2  10 -12  55   0 0.30  2.9    5  5.6 16  40   M    M   9 18     18  40
 9  19   8  14  -8  51   0 0.12  1.5    9 13.3 23  40   M    M   8 18     28  40
10  15   7  11 -11  54   0 0.09  1.0    9  7.6 15 360   M    M   5 18     19 360
11  14   2   8 -14  57   0 0.11  1.1   10  7.8 18 280   M    M   4 18     23 280
12  17   1   9 -14  56   0 0.00  0.0   10  7.2 15  40   M    M   0        18  40
13  29   9  19  -4  46   0 0.00  0.0   10 11.4 22 160   M    M   5 18     26 160
14  39  20  30   7  35   0 0.00  0.0    0 13.3 22 210   M    M   3 128    25 200
15  42  32  37  13  28   0 0.00  0.0    6  8.4 23 340   M    M   7 128    27 340
16  33   9  21  -3  44   0 0.00  0.0    4 12.2 23 340   M    M   2        28 320
17  28  12  20  -4  45   0 0.09  1.1    4 11.1 20 290   M    M   6 128    25 300
18  37  11  24  -1  41   0 0.00  0.0    5 14.8 28 160   M    M   6 128    36 160
19  39  34  37  12  28   0 0.40  0.0    0  7.3 15 160   M    M   9 12     18 160
================================================================================
SM  483  139       921   0  1.53    12.8 194.9          M       99
================================================================================
AV 25.4  7.3                              10.3 FASTST   M    M   5    MAX(MPH)
                                 MISC ---->  # 29 320               # 36  330
================================================================================
NOTES:
# LAST OF SEVERAL OCCURRENCES

COLUMN 17 PEAK WIND IN M.P.H.

PRELIMINARY LOCAL CLIMATOLOGICAL DATA (WS FORM: F-6) , PAGE 2

                                          STATION:  DUBUQUE IA
                                          MONTH:    FEBRUARY
                                          YEAR:     2018
                                          LATITUDE:   42 24 N
                                          LONGITUDE:  90 42 W

[TEMPERATURE DATA]      [PRECIPITATION DATA]       SYMBOLS USED IN COLUMN 16

AVERAGE MONTHLY: 16.4   TOTAL FOR MONTH:   1.53    1 = FOG OR MIST
DPTR FM NORMAL:  -5.9   DPTR FM NORMAL:    0.62    2 = FOG REDUCING VISIBILITY
HIGHEST:    42 ON 15    GRTST 24HR  0.40 ON 19-19      TO 1/4 MILE OR LESS
LOWEST:    -12 ON  5                               3 = THUNDER
                        SNOW, ICE PELLETS, HAIL    4 = ICE PELLETS
                        TOTAL MONTH:  12.8 INCHES  5 = HAIL
                        GRTST 24HR   2.9 ON  8- 8  6 = FREEZING RAIN OR DRIZZLE
                        GRTST DEPTH:  10 ON 13,12  7 = DUSTSTORM OR SANDSTORM:
                                                       VSBY 1/2 MILE OR LESS
                                                   8 = SMOKE OR HAZE
[NO. OF DAYS WITH]      [WEATHER - DAYS WITH]      9 = BLOWING SNOW
                                                   X = TORNADO
MAX 32 OR BELOW:  13    0.01 INCH OR MORE:  11
MAX 90 OR ABOVE:   0    0.10 INCH OR MORE:   6
MIN 32 OR BELOW:  18    0.50 INCH OR MORE:   0
MIN  0 OR BELOW:   5    1.00 INCH OR MORE:   0

[HDD (BASE 65) ]
TOTAL THIS MO.   921    CLEAR  (SCALE 0-3)   4
DPTR FM NORMAL   109    PTCLDY (SCALE 4-7)  12
TOTAL FM JUL 1  5013    CLOUDY (SCALE 8-10)  3
DPTR FM NORMAL   -36

[CDD (BASE 65) ]
TOTAL THIS MO.     0
DPTR FM NORMAL     0    [PRESSURE DATA]
TOTAL FM JAN 1     0    HIGHEST SLP M ON M
DPTR FM NORMAL     0    LOWEST  SLP 29.66 ON 19

[REMARKS]
