000
CXUS54 KHUN 271015
CF6DCU
PRELIMINARY LOCAL CLIMATOLOGICAL DATA (WS FORM: F-6)

                                          STATION:   DECATUR
                                          MONTH:     AUGUST
                                          YEAR:      2016
                                          LATITUDE:   34 39 N
                                          LONGITUDE:  86 56 W

  TEMPERATURE IN F:       :PCPN:    SNOW:  WIND      :SUNSHINE: SKY     :PK WND
================================================================================
1   2   3   4   5  6A  6B    7    8   9   10  11  12  13   14  15   16   17  18
                                     12Z  AVG MX 2MIN
DY MAX MIN AVG DEP HDD CDD  WTR  SNW DPTH SPD SPD DIR MIN PSBL S-S WX    SPD DR
================================================================================

 1  94  70  82   2   0  17 0.00  0.0    0  3.3 14 270   M    M   2 1      20 310
 2  81  72  77  -3   0  12 0.54  0.0    0  2.9 16  20   M    M   4 13     21  40
 3  93  72  83   3   0  18 0.54  0.0    0  2.8 16 320   M    M   3 13     21  40
 4  92  71  82   2   0  17 0.29  0.0    0  2.7 31 320   M    M   1 138    42 310
 5  95  73  84   4   0  19 0.00  0.0    0  3.8 16  20   M    M   2 1      21  50
 6  92  72  82   2   0  17 0.33  0.0    0  2.7 16 260   M    M   2 138    22 230
 7  91  73  82   2   0  17 0.00  0.0    0  4.9 14  10   M    M   3 1      18  20
 8  91  73  82   2   0  17 2.16  0.0    0  4.2 20 360   M    M   4 138    22  10
 9  87  74  81   1   0  16 0.01  0.0    0  4.1 17 120   M    M   4 1      22 120
10  89  74  82   2   0  17 0.01  0.0    0  5.6 18 270   M    M   8 18     25 270
11  89  76  83   3   0  18 0.02  0.0    0  6.6 15 160   M    M   8 18     20 140
12  87  74  81   2   0  16    T  0.0    0  8.0 18 180   M    M   8        26 180
13  88  71  80   1   0  15 0.06  0.0    0  8.5 23 220   M    M   7 1      33 270
14  92  70  81   2   0  16 0.00  0.0    0  7.3 17 240   M    M   3 1       M  M
15  91  70  81   2   0  16    T  0.0    0  7.6 17 180   M    M   1 1      30  90
16  94  71  83   4   0  18 0.00  0.0    0  5.6 13 180   M    M   2        33 210
17  94  70  82   3   0  17 0.00  0.0    0  4.1 13 300   M    M   0 18     16 270
18  93  72  83   4   0  18 0.49  0.0    0  4.0 21 190   M    M   3 13     27 190
19  85  72  79   0   0  14 1.27  0.0    0  3.5 20 360   M    M   8 138    23 360
20  85  72  79   0   0  14 0.83  0.0    0  5.9 26 260   M    M   4 138    34 260
21  84  70  77  -2   0  12 0.06  0.0    0  6.7 15 270   M    M   6 18     19 290
22  87  67  77  -2   0  12 0.00  0.0    0  3.0  8  60   M    M   2 1      11  30
23  91  65  78   0   0  13 0.00  0.0    0  1.8  9 320   M    M   2 1      13 320
24  95  70  83   5   0  18 0.00  0.0    0  2.2  9 290   M    M   0 18     13 290
25  97  73  85   7   0  20 0.00  0.0    0  3.1 14 150   M    M   1 138    21 270
26  96  72  84   6   0  19 0.16  0.0    0  3.9 23  60   M    M   3 138    28  60
================================================================================
SM 2353 1859         0 423  6.77     0.0 118.8          M       91
================================================================================
AV 90.5 71.5                               4.6 FASTST   M    M   4    MAX(MPH)
                                 MISC ---->  # 31 320               # 42  310
================================================================================
NOTES:
# LAST OF SEVERAL OCCURRENCES

COLUMN 17 PEAK WIND IN M.P.H.

PRELIMINARY LOCAL CLIMATOLOGICAL DATA (WS FORM: F-6) , PAGE 2

                                          STATION:  DECATUR
                                          MONTH:    AUGUST
                                          YEAR:     2016
                                          LATITUDE:   34 39 N
                                          LONGITUDE:  86 56 W

[TEMPERATURE DATA]      [PRECIPITATION DATA]       SYMBOLS USED IN COLUMN 16

AVERAGE MONTHLY: 81.0   TOTAL FOR MONTH:   6.77    1 = FOG OR MIST
DPTR FM NORMAL:   1.7   DPTR FM NORMAL:    3.74    2 = FOG REDUCING VISIBILITY
HIGHEST:    97 ON 25    GRTST 24HR  2.16 ON  8- 8      TO 1/4 MILE OR LESS
LOWEST:     65 ON 23                               3 = THUNDER
                        SNOW, ICE PELLETS, HAIL    4 = ICE PELLETS
                        TOTAL MONTH:   0.0 INCH    5 = HAIL
                        GRTST 24HR     0.0         6 = FREEZING RAIN OR DRIZZLE
                        GRTST DEPTH:   0           7 = DUSTSTORM OR SANDSTORM:
                                                       VSBY 1/2 MILE OR LESS
                                                   8 = SMOKE OR HAZE
[NO. OF DAYS WITH]      [WEATHER - DAYS WITH]      9 = BLOWING SNOW
                                                   X = TORNADO
MAX 32 OR BELOW:   0    0.01 INCH OR MORE:  14
MAX 90 OR ABOVE:  16    0.10 INCH OR MORE:   9
MIN 32 OR BELOW:   0    0.50 INCH OR MORE:   5
MIN  0 OR BELOW:   0    1.00 INCH OR MORE:   2

[HDD (BASE 65) ]
TOTAL THIS MO.     0    CLEAR  (SCALE 0-3)  14
DPTR FM NORMAL     0    PTCLDY (SCALE 4-7)  12
TOTAL FM JUL 1     0    CLOUDY (SCALE 8-10)  0
DPTR FM NORMAL     0

[CDD (BASE 65) ]
TOTAL THIS MO.   423
DPTR FM NORMAL    54    [PRESSURE DATA]
TOTAL FM JAN 1  1585    HIGHEST SLP M ON M
DPTR FM NORMAL   195    LOWEST  SLP 29.81 ON  8

[REMARKS]
