000
CXUS54 KHUN 261015
CF6DCU
PRELIMINARY LOCAL CLIMATOLOGICAL DATA (WS FORM: F-6)

                                          STATION:   DECATUR
                                          MONTH:     MAY
                                          YEAR:      2017
                                          LATITUDE:   34 39 N
                                          LONGITUDE:  86 56 W

  TEMPERATURE IN F:       :PCPN:    SNOW:  WIND      :SUNSHINE: SKY     :PK WND
================================================================================
1   2   3   4   5  6A  6B    7    8   9   10  11  12  13   14  15   16   17  18
                                     12Z  AVG MX 2MIN
DY MAX MIN AVG DEP HDD CDD  WTR  SNW DPTH SPD SPD DIR MIN PSBL S-S WX    SPD DR
================================================================================

 1  74  55  65   0   0   0 0.23  0.0    0 14.7 29 250   M    M   2 1      39 240
 2  80  45  63  -2   2   0 0.00  0.0    0  4.2 15 300   M    M   0        18 290
 3  80  49  65  -1   0   0 0.04  0.0    0  6.1 28 170   M    M   2        35 180
 4  65  51  58  -8   7   0 0.51  0.0    0 10.1 22 240   M    M  10 13     31 230
 5  53  48  51 -15  14   0 0.19  0.0    0 10.9 18 320   M    M   8 1      24 320
 6  76  44  60  -7   5   0    T  0.0    0  9.5 28 270   M    M   3        38 260
 7  70  46  58  -9   7   0 0.00  0.0    0  4.2 14 270   M    M   1        17 270
 8  79  46  63  -4   2   0 0.00  0.0    0  2.2 10 250   M    M   0 1      14 250
 9  84  52  68   1   0   3 0.00  0.0    0  4.5 13 260   M    M   0        20 280
10  86  56  71   3   0   6 0.00  0.0    0  4.5 12 230   M    M   0 1      15 250
11  83  62  73   5   0   8    T  0.0    0  6.8 15 230   M    M   1        20 220
12  76  65  71   3   0   6    T  0.0    0  5.6 17 310   M    M   7        21 310
13  79  58  69   0   0   4 0.00  0.0    0 10.2 20 360   M    M   6        26 360
14  83  48  66  -3   0   1 0.00  0.0    0  2.9 12 150   M    M   0        17 140
15  87  55  71   2   0   6 0.00  0.0    0  2.0 10 260   M    M   0        14 200
16  88  56  72   3   0   7 0.00  0.0    0  5.6 15 180   M    M   0        21 180
17  89  63  76   6   0  11 0.00  0.0    0 10.3 24 200   M    M   1        29 200
18  84  67  76   6   0  11 0.02  0.0    0  6.4 16 320   M    M   3 3      21 180
19  91  66  79   9   0  14 0.00  0.0    0  6.2 17 190   M    M   3        23 180
20  91  67  79   9   0  14 1.25  0.0    0  8.6 35 260   M    M   3 13     46 250
21  81  66  74   3   0   9    T  0.0    0  4.0 17 220   M    M   5 3      27 220
22  79  64  72   1   0   7 0.02  0.0    0  6.0 14  60   M    M   5        18  60
23  78  65  72   1   0   7 0.61  0.0    0  6.0 14 300   M    M   9 13     16 300
24  70  57  64  -8   1   0 0.37  0.0    0 10.0 25 210   M    M   7 3      31 200
25  74  55  65  -7   0   0 0.00  0.0    0  9.7 18 270   M    M   3        25 280
================================================================================
SM 1980 1406        38 114  3.24     0.0 171.2          M       79
================================================================================
AV 79.2 56.2                               6.8 FASTST   M    M   3    MAX(MPH)
                                 MISC ---->  # 35 260               # 46  250
================================================================================
NOTES:
# LAST OF SEVERAL OCCURRENCES

COLUMN 17 PEAK WIND IN M.P.H.

PRELIMINARY LOCAL CLIMATOLOGICAL DATA (WS FORM: F-6) , PAGE 2

                                          STATION:  DECATUR
                                          MONTH:    MAY
                                          YEAR:     2017
                                          LATITUDE:   34 39 N
                                          LONGITUDE:  86 56 W

[TEMPERATURE DATA]      [PRECIPITATION DATA]       SYMBOLS USED IN COLUMN 16

AVERAGE MONTHLY: 67.7   TOTAL FOR MONTH:   3.24    1 = FOG OR MIST
DPTR FM NORMAL:  -0.8   DPTR FM NORMAL:   -0.35    2 = FOG REDUCING VISIBILITY
HIGHEST:    91 ON 20,19 GRTST 24HR  1.25 ON 20-20      TO 1/4 MILE OR LESS
LOWEST:     44 ON  6                               3 = THUNDER
                        SNOW, ICE PELLETS, HAIL    4 = ICE PELLETS
                        TOTAL MONTH:   0.0 INCH    5 = HAIL
                        GRTST 24HR     0.0         6 = FREEZING RAIN OR DRIZZLE
                        GRTST DEPTH:   0           7 = DUSTSTORM OR SANDSTORM:
                                                       VSBY 1/2 MILE OR LESS
                                                   8 = SMOKE OR HAZE
[NO. OF DAYS WITH]      [WEATHER - DAYS WITH]      9 = BLOWING SNOW
                                                   X = TORNADO
MAX 32 OR BELOW:   0    0.01 INCH OR MORE:   9
MAX 90 OR ABOVE:   2    0.10 INCH OR MORE:   6
MIN 32 OR BELOW:   0    0.50 INCH OR MORE:   3
MIN  0 OR BELOW:   0    1.00 INCH OR MORE:   1

[HDD (BASE 65) ]
TOTAL THIS MO.    38    CLEAR  (SCALE 0-3)  16
DPTR FM NORMAL     7    PTCLDY (SCALE 4-7)   7
TOTAL FM JUL 1  2174    CLOUDY (SCALE 8-10)  2
DPTR FM NORMAL -1049

[CDD (BASE 65) ]
TOTAL THIS MO.   114
DPTR FM NORMAL    -5    [PRESSURE DATA]
TOTAL FM JAN 1   213    HIGHEST SLP M ON M
DPTR FM NORMAL    38    LOWEST  SLP 29.45 ON 24

[REMARKS]
