000
CXUS55 KALY 310710
CF6DDH
PRELIMINARY LOCAL CLIMATOLOGICAL DATA (WS FORM: F-6)

                                          STATION:   BENNINGTON VT
                                          MONTH:     AUGUST
                                          YEAR:      2016
                                          LATITUDE:   42 53 N
                                          LONGITUDE:  73 15 W

  TEMPERATURE IN F:       :PCPN:    SNOW:  WIND      :SUNSHINE: SKY     :PK WND
================================================================================
1   2   3   4   5  6A  6B    7    8   9   10  11  12  13   14  15   16   17  18
                                     12Z  AVG MX 2MIN
DY MAX MIN AVG DEP HDD CDD  WTR  SNW DPTH SPD SPD DIR MIN PSBL S-S WX    SPD DR
================================================================================

 1  75  66  71   3   0   6 0.03    M    M  3.5 10 130   M    M  10 1      14 130
 2  78  57  68   0   0   3 1.15    M    M  4.2 13 140   M    M   6 1      17 130
 3  83  53  68   0   0   3 0.00    M    M  2.2 12 180   M    M   2 18     15 200
 4  85  53  69   1   0   4 0.00    M    M  1.7  9 130   M    M   0 18     12 110
 5  87  57  72   4   0   7 0.00    M    M  4.3 16 200   M    M   0 1      24 210
 6  85  63  74   6   0   9 0.27    M    M  4.5 15 280   M    M   5 1      21 300
 7  81  56  69   1   0   4 0.03    M    M  3.3 13 270   M    M   4 12     17 320
 8  81  54  68   0   0   3 0.00    M    M  2.8 10 270   M    M   1 18     13 300
 9  86  51  69   1   0   4 0.00    M    M  2.6 10 200   M    M   1 1      14 230
10  80  66  73   6   0   8 1.08    M    M  2.3 12 180   M    M   9 12     14 210
11  91  64  78  11   0  13    T    M    M  1.9  7 220   M    M   5 128    11 230
12  88  69  79  12   0  14 0.28    M    M  2.4 15 340   M    M   6 18     22 340
13  88  69  79  12   0  14    M    M    M   M   M   M   M    M   5 12      M  M
14  92  68  80  13   0  15 0.01    M    M  4.5 25 350   M    M   6 128    36 320
15  79  62  71   4   0   6 0.00    M    M  2.8  9 280   M    M   3         M  M
16  81  62  72   5   0   7 0.12    M    M  5.0 24 180   M    M   6 1      35 150
17  78  59  69   2   0   4    T    M    M  6.0 18 280   M    M   6 18     33 280
18  83  57  70   4   0   5 0.01    M    M  2.6 14 340   M    M   3 12     20 330
19  81  55  68   2   0   3 0.00    M    M  2.0 12 330   M    M   3 128    14  10
20  86  52  69   3   0   4 0.00    M    M  4.6 16 150   M    M   1 1      21 150
21  83  63  73   7   0   8 0.74    M    M  7.2 21 170   M    M   6 1      31 180
22  70  49  60  -6   5   0 0.00    M    M  5.3 17 350   M    M   4 128    25 320
23  76  44  60  -6   5   0 0.00    M    M  2.4 12 250   M    M   0 18     15 270
24  82  51  67   1   0   2 0.00    M    M  1.8  9 180   M    M   0 18     12 320
25  82  58  70   5   0   5 0.29    M    M  1.4 12 190   M    M   5 128    14 180
26  84  60  72   7   0   7 0.12    M    M  3.9 13 260   M    M   5 128    18 280
27  83  56  70   5   0   5 0.00    M    M  1.2  8 120   M    M   0 18     12 110
28  85  58  72   7   0   7 0.00    M    M  4.5 14 180   M    M   2 1      19 170
29  80  53  67   3   0   2 0.00    M    M  4.2 14 350   M    M   1 18     23 360
30  78  47  63  -1   2   0 0.00    M    M  1.9  9 310   M    M   0 18     14 320
================================================================================
SM 2471 1732        12 172  4.13    M     97.1          M      105
================================================================================
AV 82.4 57.7                               3.3 FASTST   M    M   4    MAX(MPH)
                                 MISC ---->  # 25 350               # 36  320
================================================================================
NOTES:
# LAST OF SEVERAL OCCURRENCES

COLUMN 17 PEAK WIND IN M.P.H.

PRELIMINARY LOCAL CLIMATOLOGICAL DATA (WS FORM: F-6) , PAGE 2

                                          STATION:  BENNINGTON VT
                                          MONTH:    AUGUST
                                          YEAR:     2016
                                          LATITUDE:   42 53 N
                                          LONGITUDE:  73 15 W

[TEMPERATURE DATA]      [PRECIPITATION DATA]       SYMBOLS USED IN COLUMN 16

AVERAGE MONTHLY: 70.1   TOTAL FOR MONTH:   4.13    1 = FOG OR MIST
DPTR FM NORMAL:   3.5   DPTR FM NORMAL:    0.24    2 = FOG REDUCING VISIBILITY
HIGHEST:    92 ON 14    GRTST 24HR  1.18 ON  1- 2      TO 1/4 MILE OR LESS
LOWEST:     44 ON 23                               3 = THUNDER
                        SNOW, ICE PELLETS, HAIL    4 = ICE PELLETS
                        TOTAL MONTH:    M          5 = HAIL
                        GRTST 24HR    M  ON   M    6 = FREEZING RAIN OR DRIZZLE
                        GRTST DEPTH:  M  ON   M    7 = DUSTSTORM OR SANDSTORM:
                                                       VSBY 1/2 MILE OR LESS
                                                   8 = SMOKE OR HAZE
[NO. OF DAYS WITH]      [WEATHER - DAYS WITH]      9 = BLOWING SNOW
                                                   X = TORNADO
MAX 32 OR BELOW:   0    0.01 INCH OR MORE:  12
MAX 90 OR ABOVE:   2    0.10 INCH OR MORE:   8
MIN 32 OR BELOW:   0    0.50 INCH OR MORE:   3
MIN  0 OR BELOW:   0    1.00 INCH OR MORE:   2

[HDD (BASE 65) ]
TOTAL THIS MO.    12    CLEAR  (SCALE 0-3)  13
DPTR FM NORMAL   -29    PTCLDY (SCALE 4-7)  15
TOTAL FM JUL 1    22    CLOUDY (SCALE 8-10)  2
DPTR FM NORMAL   -43

[CDD (BASE 65) ]
TOTAL THIS MO.   172
DPTR FM NORMAL    79    [PRESSURE DATA]
TOTAL FM JAN 1   438    HIGHEST SLP M ON M
DPTR FM NORMAL   150    LOWEST  SLP 29.68 ON  6

[REMARKS]
