000
CXUS53 KILX 290900
CF6DEC
PRELIMINARY LOCAL CLIMATOLOGICAL DATA (WS FORM: F-6)

                                          STATION:   DECATUR IL AIRPORT
                                          MONTH:     JULY
                                          YEAR:      2016
                                          LATITUDE:   39 49 N
                                          LONGITUDE:  88 51 W

  TEMPERATURE IN F:       :PCPN:    SNOW:  WIND      :SUNSHINE: SKY     :PK WND
================================================================================
1   2   3   4   5  6A  6B    7    8   9   10  11  12  13   14  15   16   17  18
                                     12Z  AVG MX 2MIN
DY MAX MIN AVG DEP HDD CDD  WTR  SNW DPTH SPD SPD DIR MIN PSBL S-S WX    SPD DR
================================================================================

 1  81  59  70  -6   0   5 0.01    M    M  9.6 17 360   M    M   2 1      23  20
 2  69  54  62 -14   3   0 0.04    M    M  4.2 13 120   M    M   5        15 100
 3  68  57  63 -13   2   0 0.77    M    M  8.6 15 100   M    M  10 1      18 100
 4  78  66  72  -4   0   7 0.02    M    M  3.9 10  80   M    M   9 1      12  70
 5  87  65  76   0   0  11 0.00    M    M  5.8 14 190   M    M   5 12     20 220
 6  86  68  77   1   0  12 0.62    M    M  9.7 32 360   M    M   2 13     41  10
 7  86  67  77   1   0  12 0.08  0.0    0  8.3 23 150   M    M   2 13     32 150
 8  90  70  80   4   0  15    T    M    M  7.8 20 310   M    M   3        25 290
 9  83  63  73  -3   0   8 0.00    M    M  5.9 14 330   M    M   0        19 340
10  85  59  72  -4   0   7 0.00    M    M  6.0 13 160   M    M   1        18 140
11  89  68  79   3   0  14 0.00    M    M 10.2 20 160   M    M   1        25 140
12  86  73  80   4   0  15    T    M    M  8.9 17 210   M    M   1 1      28 190
13  92  69  81   5   0  16 0.34    M    M 10.5 35 240   M    M   3 13     46 240
14  89  68  79   3   0  14 0.01  0.0    0  7.4 16 240   M    M   1 3      23 230
15  84  66  75  -1   0  10 0.00  0.0    0  8.0 17 340   M    M   1        24 280
16  82  61  72  -4   0   7 0.00  0.0    0  5.2 12  80   M    M   2 1      15 130
17  88  65  77   1   0  12 0.04  0.0    0 10.3 22 170   M    M   1 13     27 160
18  87  72  80   4   0  15 0.05  0.0    0  6.3 26 320   M    M   1 13     33 330
19  89  68  79   3   0  14 0.03    M    M  4.3 20 300   M    M   4 123    26 290
20  88  70  79   3   0  14 0.00    M    M  6.1 13 240   M    M   2        17 180
21  94  75  85   9   0  20 0.00    M    M  9.9 26 360   M    M   1 13     35  10
22  87  72  80   4   0  15 0.34    M    M  5.8 24  10   M    M   2 13     34  10
23  91  71  81   6   0  16 0.00    M    M  5.3 13 180   M    M   0 18     19 160
24  94  73  84   9   0  19 1.83    M    M 10.9 25 360   M    M   0 138    32  40
25  87  71  79   4   0  14 0.27    M    M  5.7 14 270   M    M   3 13     19 250
26  85  67  76   1   0  11 0.00    M    M  5.9 14 110   M    M   2        17 100
27  87  65  76   1   0  11 0.00    M    M  4.5 10 100   M    M   3 1      13 110
28  86  69  78   3   0  13 0.32    M    M  3.9 17 350   M    M   1 13     21 350
================================================================================
SM 2398 1871         5 327  4.77     0.0 198.9          M       68
================================================================================
AV 85.6 66.8                               7.1 FASTST   M    M   2    MAX(MPH)
                                 MISC ---->  # 35 240               # 46  240
================================================================================
NOTES:
# LAST OF SEVERAL OCCURRENCES

COLUMN 17 PEAK WIND IN M.P.H.

PRELIMINARY LOCAL CLIMATOLOGICAL DATA (WS FORM: F-6) , PAGE 2

                                          STATION:  DECATUR IL AIRPORT
                                          MONTH:    JULY
                                          YEAR:     2016
                                          LATITUDE:   39 49 N
                                          LONGITUDE:  88 51 W

[TEMPERATURE DATA]      [PRECIPITATION DATA]       SYMBOLS USED IN COLUMN 16

AVERAGE MONTHLY: 76.2   TOTAL FOR MONTH:   4.77    1 = FOG OR MIST
DPTR FM NORMAL:   0.4   DPTR FM NORMAL:    1.24    2 = FOG REDUCING VISIBILITY
HIGHEST:    94 ON 24,21 GRTST 24HR  2.10 ON 24-25      TO 1/4 MILE OR LESS
LOWEST:     54 ON  2                               3 = THUNDER
                        SNOW, ICE PELLETS, HAIL    4 = ICE PELLETS
                        TOTAL MONTH:   0.0 INCH    5 = HAIL
                        GRTST 24HR     0.0         6 = FREEZING RAIN OR DRIZZLE
                        GRTST DEPTH:   0           7 = DUSTSTORM OR SANDSTORM:
                                                       VSBY 1/2 MILE OR LESS
                                                   8 = SMOKE OR HAZE
[NO. OF DAYS WITH]      [WEATHER - DAYS WITH]      9 = BLOWING SNOW
                                                   X = TORNADO
MAX 32 OR BELOW:   0    0.01 INCH OR MORE:  15
MAX 90 OR ABOVE:   5    0.10 INCH OR MORE:   7
MIN 32 OR BELOW:   0    0.50 INCH OR MORE:   3
MIN  0 OR BELOW:   0    1.00 INCH OR MORE:   1

[HDD (BASE 65) ]
TOTAL THIS MO.     5    CLEAR  (SCALE 0-3)  23
DPTR FM NORMAL     5    PTCLDY (SCALE 4-7)   3
TOTAL FM JUL 1     5    CLOUDY (SCALE 8-10)  2
DPTR FM NORMAL     5

[CDD (BASE 65) ]
TOTAL THIS MO.   327
DPTR FM NORMAL    25    [PRESSURE DATA]
TOTAL FM JAN 1   740    HIGHEST SLP M ON M
DPTR FM NORMAL   122    LOWEST  SLP 29.71 ON  7

[REMARKS]
