000
CXUS53 KILX 312300
CF6DEC
PRELIMINARY LOCAL CLIMATOLOGICAL DATA (WS FORM: F-6)

                                          STATION:   DECATUR IL AIRPORT
                                          MONTH:     AUGUST
                                          YEAR:      2016
                                          LATITUDE:   39 49 N
                                          LONGITUDE:  88 51 W

  TEMPERATURE IN F:       :PCPN:    SNOW:  WIND      :SUNSHINE: SKY     :PK WND
================================================================================
1   2   3   4   5  6A  6B    7    8   9   10  11  12  13   14  15   16   17  18
                                     12Z  AVG MX 2MIN
DY MAX MIN AVG DEP HDD CDD  WTR  SNW DPTH SPD SPD DIR MIN PSBL S-S WX    SPD DR
================================================================================

 1  86  67  77   2   0  12 0.00    M    M  3.5 13  80   M    M   3 1      20 200
 2  84  68  76   2   0  11 0.02    M    M  3.0 15 110   M    M   3 123    21  80
 3  89  68  79   5   0  14 0.00    M    M  3.6 10 130   M    M   5 12     14 140
 4  90  67  79   5   0  14 0.00    M    M  3.5 10 190   M    M   3 128    18 210
 5  85  73  79   5   0  14 0.01    M    M  7.6 15 320   M    M   5        18 300
 6  85  67  76   2   0  11 0.00    M    M  6.8 13  10   M    M   0        20  30
 7  85  61  73  -1   0   8 0.00    M    M  5.0 10  50   M    M   1        15  50
 8  86  63  75   1   0  10 0.00    M    M  3.1  9  60   M    M   1        21  90
 9  89  65  77   3   0  12 0.00    M    M  2.7  8 100   M    M   4        11  20
10  90  66  78   4   0  13 0.00    M    M  2.8 10 110   M    M   0        14 180
11  93  72  83   9   0  18 0.00    M    M  7.9 16 190   M    M   1 1      20 210
12  91  74  83   9   0  18 1.55    M    M  9.4 26 190   M    M   2 13     33 180
13  80  70  75   1   0  10    T    M    M  7.5 15 310   M    M   8 1      20 280
14  78  65  72  -2   0   7    T    M    M  3.1 13 220   M    M   1 1      23  90
15  77  69  73  -1   0   8 1.74    M    M 10.3 22 190   M    M   9 1      29 180
16  85  72  79   5   0  14 0.11    M    M  6.0 10 320   M    M   5 1      13 310
17  86  71  79   5   0  14 0.00    M    M  6.1 15 180   M    M   5 1      18 190
18  88  71  80   6   0  15 0.00    M    M  7.1 18  60   M    M   2 1      25  70
19  84  68  76   2   0  11 0.00    M    M  6.5 13 170   M    M   6 1      21 110
20  82  68  75   2   0  10 0.02    M    M 11.7 21 240   M    M   5        29 270
21  78  60  69  -4   0   4 0.00    M    M  7.5 16 270   M    M   1        21 280
22  80  56  68  -5   0   3 0.00    M    M  4.1 12 190   M    M   0        16 170
23  81  58  70  -3   0   5 0.00    M    M  8.0 17 160   M    M   3        20 180
24  89  71  80   7   0  15 0.05    M    M 12.2 24 240   M    M   5 13     31 230
25  88  68  78   5   0  13 0.06    M    M  7.1 26 290   M    M   2 3      36 270
26  87  69  78   5   0  13 1.44    M    M  6.5 18 120   M    M   3 13     23 120
27  89  71  80   7   0  15 0.09    M    M  5.6 14 340   M    M   5 13     20 170
28  91  68  80   8   0  15 0.00    M    M  3.5 12 170   M    M   1 1      21 190
29  89  68  79   7   0  14 0.00    M    M  3.6 12 150   M    M   0 1      13 140
30  85  68  77   5   0  12 0.04    M    M  4.2 14 340   M    M   1 1      17 340
================================================================================
SM 2570 2022         0 353  5.13    M    179.5          M       90
================================================================================
AV 85.7 67.4                               6.0 FASTST   M    M   3    MAX(MPH)
                                 MISC ---->  # 26 190               # 36  270
================================================================================
NOTES:
# LAST OF SEVERAL OCCURRENCES

COLUMN 17 PEAK WIND IN M.P.H.

PRELIMINARY LOCAL CLIMATOLOGICAL DATA (WS FORM: F-6) , PAGE 2

                                          STATION:  DECATUR IL AIRPORT
                                          MONTH:    AUGUST
                                          YEAR:     2016
                                          LATITUDE:   39 49 N
                                          LONGITUDE:  88 51 W

[TEMPERATURE DATA]      [PRECIPITATION DATA]       SYMBOLS USED IN COLUMN 16

AVERAGE MONTHLY: 76.5   TOTAL FOR MONTH:   5.13    1 = FOG OR MIST
DPTR FM NORMAL:   3.0   DPTR FM NORMAL:    1.62    2 = FOG REDUCING VISIBILITY
HIGHEST:    93 ON 11    GRTST 24HR  1.80 ON 15-16      TO 1/4 MILE OR LESS
LOWEST:     56 ON 22                               3 = THUNDER
                        SNOW, ICE PELLETS, HAIL    4 = ICE PELLETS
                        TOTAL MONTH:    M          5 = HAIL
                        GRTST 24HR    M  ON   M    6 = FREEZING RAIN OR DRIZZLE
                        GRTST DEPTH:  M  ON   M    7 = DUSTSTORM OR SANDSTORM:
                                                       VSBY 1/2 MILE OR LESS
                                                   8 = SMOKE OR HAZE
[NO. OF DAYS WITH]      [WEATHER - DAYS WITH]      9 = BLOWING SNOW
                                                   X = TORNADO
MAX 32 OR BELOW:   0    0.01 INCH OR MORE:  11
MAX 90 OR ABOVE:   5    0.10 INCH OR MORE:   4
MIN 32 OR BELOW:   0    0.50 INCH OR MORE:   3
MIN  0 OR BELOW:   0    1.00 INCH OR MORE:   3

[HDD (BASE 65) ]
TOTAL THIS MO.     0    CLEAR  (SCALE 0-3)  17
DPTR FM NORMAL     0    PTCLDY (SCALE 4-7)  12
TOTAL FM JUL 1     5    CLOUDY (SCALE 8-10)  1
DPTR FM NORMAL     4

[CDD (BASE 65) ]
TOTAL THIS MO.   353
DPTR FM NORMAL    91    [PRESSURE DATA]
TOTAL FM JAN 1  1126    HIGHEST SLP M ON M
DPTR FM NORMAL   215    LOWEST  SLP 29.66 ON 20

[REMARKS]
