000
CXUS53 KIWX 290800
CF6DFI
PRELIMINARY LOCAL CLIMATOLOGICAL DATA (WS FORM: F-6)

                                          STATION:   DEFIANCE MEMORIAL
                                          MONTH:     MARCH
                                          YEAR:      2017
                                          LATITUDE:   41 20 N
                                          LONGITUDE:  84 26 W

  TEMPERATURE IN F:       :PCPN:    SNOW:  WIND      :SUNSHINE: SKY     :PK WND
================================================================================
1   2   3   4   5  6A  6B    7    8   9   10  11  12  13   14  15   16   17  18
                                     12Z  AVG MX 2MIN
DY MAX MIN AVG DEP HDD CDD  WTR  SNW DPTH SPD SPD DIR MIN PSBL S-S WX    SPD DR
================================================================================

 1  61  30  46  14  19   0 0.42    M    0 13.6 30 230   M    M   8 138    44 240
 2  35  25  30  -2  35   0    T    M    M 12.3 24 300   M    M   9        34 310
 3  31  20  26  -7  39   0    T    M    M  9.0 20 320   M    M   3 1      27 340
 4  34  17  26  -7  39   0 0.00  0.0    0  6.9 16 100   M    M   4        19  80
 5  55  22  39   5  26   0 0.00  0.0    0  8.9 15  90   M    M   5        19 100
 6  55  49  52  18  13   0    T  0.0    0 13.4 23 200   M    M   9 1      30 210
 7  57  38  48  14  17   0 0.18    M    M 12.1 20 180   M    M   7 3      32 240
 8  54  37  46  11  19   0 0.00    M    M 16.3 31 260   M    M   0        49 240
 9  45  29  37   2  28   0    T    M    M  5.4 16 360   M    M   4 1      21 280
10  33  16  25 -10  40   0    T    M    M 14.9 28 300   M    M   4        35 320
11  31  14  23 -13  42   0    T    M    M  8.0 17 340   M    M   2        22 310
12  32  13  23 -13  42   0 0.00  0.0    0  5.4 16 340   M    M   2        20 330
13  25  20  23 -13  42   0 0.02    M    M 12.0 20  30   M    M  10 18     24  30
14  24  11  18 -19  47   0    T    M    0 11.7 24 320   M    M   3        30 320
15  31  12  22 -15  43   0    T    M    0 11.5 24 300   M    M   4        32 290
16  40  17  29  -9  36   0 0.00  0.0    0  5.5 20 310   M    M   0        26 320
17  34  20  27 -11  38   0 0.35    M    0  6.2 15 190   M    M   7 12     21 140
18  39  34  37  -1  28   0 0.01    M    0  8.4 14 300   M    M  10 12     22 280
19  40  32  36  -3  29   0 0.00  0.0    0  4.6  9  20   M    M   8        11 300
20  53  33  43   4  22   0 0.10    M    0  5.3 16 190   M    M   8 123    21 190
21  57  30  44   4  21   0 0.00  0.0    0  8.9 22 300   M    M   4 12     27  10
22  36  20  28 -12  37   0 0.00  0.0    0  8.9 20 360   M    M   0        30 350
23  49  19  34  -6  31   0 0.06    M    0  7.7 16 100   M    M   2 3      20 130
24  75  41  58  17   7   0 0.00  0.0    0 13.7 28 220   M    M   1        39 210
25  60  39  50   9  15   0 0.00  0.0    0 10.6 22  60   M    M   5        28  60
26  63  39  51  10  14   0 0.33    M    0  7.1 17 190   M    M   8 13     22 220
27  59  50  55  13  10   0 0.00  0.0    0  5.4 12 230   M    M  10        17 240
28  53  39  46   4  19   0 0.00  0.0    0  8.4 14 360   M    M  10 1      18  20
================================================================================
SM 1261  766       798   0  1.47     0.0 262.1          M      147
================================================================================
AV 45.0 27.4                               9.4 FASTST   M    M   5    MAX(MPH)
                                 MISC ---->  # 31 260               # 49  240
================================================================================
NOTES:
# LAST OF SEVERAL OCCURRENCES

COLUMN 17 PEAK WIND IN M.P.H.

PRELIMINARY LOCAL CLIMATOLOGICAL DATA (WS FORM: F-6) , PAGE 2

                                          STATION:  DEFIANCE MEMORIAL
                                          MONTH:    MARCH
                                          YEAR:     2017
                                          LATITUDE:   41 20 N
                                          LONGITUDE:  84 26 W

[TEMPERATURE DATA]      [PRECIPITATION DATA]       SYMBOLS USED IN COLUMN 16

AVERAGE MONTHLY: 36.2   TOTAL FOR MONTH:   1.47    1 = FOG OR MIST
DPTR FM NORMAL:  -0.9   DPTR FM NORMAL:   -0.30    2 = FOG REDUCING VISIBILITY
HIGHEST:    75 ON 24    GRTST 24HR  0.42 ON  1- 1      TO 1/4 MILE OR LESS
LOWEST:     11 ON 14                               3 = THUNDER
                        SNOW, ICE PELLETS, HAIL    4 = ICE PELLETS
                        TOTAL MONTH:   0.0 INCH    5 = HAIL
                        GRTST 24HR     0.0         6 = FREEZING RAIN OR DRIZZLE
                        GRTST DEPTH:   0           7 = DUSTSTORM OR SANDSTORM:
                                                       VSBY 1/2 MILE OR LESS
                                                   8 = SMOKE OR HAZE
[NO. OF DAYS WITH]      [WEATHER - DAYS WITH]      9 = BLOWING SNOW
                                                   X = TORNADO
MAX 32 OR BELOW:   6    0.01 INCH OR MORE:   8
MAX 90 OR ABOVE:   0    0.10 INCH OR MORE:   5
MIN 32 OR BELOW:  18    0.50 INCH OR MORE:   0
MIN  0 OR BELOW:   0    1.00 INCH OR MORE:   0

[HDD (BASE 65) ]
TOTAL THIS MO.   798    CLEAR  (SCALE 0-3)   9
DPTR FM NORMAL    16    PTCLDY (SCALE 4-7)  11
TOTAL FM JUL 1  4481    CLOUDY (SCALE 8-10)  8
DPTR FM NORMAL  -952

[CDD (BASE 65) ]
TOTAL THIS MO.     0
DPTR FM NORMAL     0    [PRESSURE DATA]
TOTAL FM JAN 1     0    HIGHEST SLP M ON M
DPTR FM NORMAL     0    LOWEST  SLP 29.40 ON  1

[REMARKS]
