000
CXUS53 KIWX 290800
CF6DFI
PRELIMINARY LOCAL CLIMATOLOGICAL DATA (WS FORM: F-6)

                                          STATION:   DEFIANCE MEMORIAL
                                          MONTH:     DECEMBER
                                          YEAR:      2014
                                          LATITUDE:   41 20 N
                                          LONGITUDE:  84 26 W

  TEMPERATURE IN F:       :PCPN:    SNOW:  WIND      :SUNSHINE: SKY     :PK WND
================================================================================
1   2   3   4   5  6A  6B    7    8   9   10  11  12  13   14  15   16   17  18
                                     12Z  AVG MX 2MIN
DY MAX MIN AVG DEP HDD CDD  WTR  SNW DPTH SPD SPD DIR MIN PSBL S-S WX    SPD DR
================================================================================

 1  42  22  32  -2  33   0 0.00  0.0    0 11.6 20 330   M    M   4        24 330
 2  33  22  28  -6  37   0 0.00  0.0    0  6.9 14  90   M    M   7 1      18 100
 3  40  27  34   1  31   0    T    M    0 10.4 16 260   M    M   6 1      25 250
 4   M   M   M   M   M   M    M    M    M   M   M   M   M    M   M         M  M
 5  41  32  37   5  28   0 0.01    M    M  4.0  8  20   M    M  10 18     11  90
 6  41  27  34   2  31   0 0.03    M    0  9.7 22  10   M    M   6 18     27  20
 7  38  21  30  -2  35   0 0.00  0.0    0  7.8 15  80   M    M   0        19  90
 8  41  25  33   2  32   0 0.04    M    0  5.8 14 200   M    M   3 1      18 200
 9  40  36  38   7  27   0    T    M    0  7.4 16 350   M    M  10 1      20 360
10  36  23  30   0  35   0 0.00  0.0    0  7.6 16 340   M    M   7        20 350
11  38  18  28  -2  37   0 0.00  0.0    0  7.7 18 300   M    M   0 18     23 310
12  36  24  30   0  35   0 0.00  0.0    0  6.9 16 300   M    M   9 18     22 290
13  45  30  38   8  27   0 0.00  0.0    0  6.4 12 250   M    M  10 18     16 240
14  53  42  48  19  17   0 0.00  0.0    0  6.1 14 220   M    M   9 18     16 230
15  51  41  46  17  19   0 0.22  0.0    0  5.8  7 200   M    M  10 18      M  M
16  48  38  43  14  22   0 0.13    M    M  7.6 16 290   M    M   M        26 260
17  38  28  33   5  32   0    T    M    M  9.5 22 300   M    M   M        29 300
18  30  29  30   2  35   0 0.00  0.0    M  4.9 10 250   M    M  10 8      15 240
19  31  24  28   0  37   0 0.00  0.0    M  1.7  6 130   M    M   9 18     10 270
20  33  22  28   0  37   0 0.00  0.0    M  0.7  6 310   M    M   8 18      9  40
21  35  21  28   1  37   0 0.00  0.0    M  3.7  9 190   M    M   7 18     11 180
22  40  24  32   5  33   0    T    M    M  8.3 15 100   M    M   6 18     21 100
23  57  40  49  22  16   0 0.04  0.0    0  5.8 16 200   M    M  10 1      20 210
24  49  38  44  17  21   0 0.59    M    0  8.2 16 240   M    M  10 1      29 290
25  38  33  36  10  29   0    T    M    M 10.0 16 230   M    M   9        25 260
26  49  32  41  15  24   0 0.00  0.0    0  8.3 17 220   M    M   1        22 210
27  48  35  42  16  23   0 0.13    M    0  9.9 21 220   M    M  10 1      28 220
28  37  27  32   6  33   0 0.00  0.0    M  5.2 15 310   M    M   5 1      19 310
================================================================================
SM 1108  781       803   0  1.19     0.0 187.9          M      176
================================================================================
AV 41.0 28.9                               7.0 FASTST   M    M   7    MAX(MPH)
                                 MISC ---->  # 22  10               # 29  300
================================================================================
NOTES:
# LAST OF SEVERAL OCCURRENCES

COLUMN 17 PEAK WIND IN M.P.H.

PRELIMINARY LOCAL CLIMATOLOGICAL DATA (WS FORM: F-6) , PAGE 2

                                          STATION:  DEFIANCE MEMORIAL
                                          MONTH:    DECEMBER
                                          YEAR:     2014
                                          LATITUDE:   41 20 N
                                          LONGITUDE:  84 26 W

[TEMPERATURE DATA]      [PRECIPITATION DATA]       SYMBOLS USED IN COLUMN 16

AVERAGE MONTHLY: 35.0   TOTAL FOR MONTH:   1.19    1 = FOG OR MIST
DPTR FM NORMAL:   5.6   DPTR FM NORMAL:   -0.31    2 = FOG REDUCING VISIBILITY
HIGHEST:    57 ON 23    GRTST 24HR  0.61 ON 23-24      TO 1/4 MILE OR LESS
LOWEST:     18 ON 11                               3 = THUNDER
                        SNOW, ICE PELLETS, HAIL    4 = ICE PELLETS
                        TOTAL MONTH:   0.0 INCH    5 = HAIL
                        GRTST 24HR     0.0         6 = FREEZING RAIN OR DRIZZLE
                        GRTST DEPTH:   0           7 = DUSTSTORM OR SANDSTORM:
                                                       VSBY 1/2 MILE OR LESS
                                                   8 = SMOKE OR HAZE
[NO. OF DAYS WITH]      [WEATHER - DAYS WITH]      9 = BLOWING SNOW
                                                   X = TORNADO
MAX 32 OR BELOW:   2    0.01 INCH OR MORE:   8
MAX 90 OR ABOVE:   0    0.10 INCH OR MORE:   4
MIN 32 OR BELOW:  19    0.50 INCH OR MORE:   1
MIN  0 OR BELOW:   0    1.00 INCH OR MORE:   0

[HDD (BASE 65) ]
TOTAL THIS MO.   803    CLEAR  (SCALE 0-3)   3
DPTR FM NORMAL  -194    PTCLDY (SCALE 4-7)  10
TOTAL FM JUL 1  2115    CLOUDY (SCALE 8-10) 12
DPTR FM NORMAL  -138

[CDD (BASE 65) ]
TOTAL THIS MO.     0
DPTR FM NORMAL     0    [PRESSURE DATA]
TOTAL FM JAN 1   743    HIGHEST SLP M ON M
DPTR FM NORMAL    44    LOWEST  SLP 29.44 ON 24

[REMARKS]
