000
CXUS52 KTAE 300800
CF6DHN
PRELIMINARY LOCAL CLIMATOLOGICAL DATA (WS FORM: F-6)

                                          STATION:   DOTHAN
                                          MONTH:     JULY
                                          YEAR:      2014
                                          LATITUDE:   31 19 N
                                          LONGITUDE:  85 27 W

  TEMPERATURE IN F:       :PCPN:    SNOW:  WIND      :SUNSHINE: SKY     :PK WND
================================================================================
1   2   3   4   5  6A  6B    7    8   9   10  11  12  13   14  15   16   17  18
                                     12Z  AVG MX 2MIN
DY MAX MIN AVG DEP HDD CDD  WTR  SNW DPTH SPD SPD DIR MIN PSBL S-S WX    SPD DR
================================================================================

 1  96  73  85   3   0  20 0.00  0.0    0  4.7 14 330   M    M   1 8      18 340
 2  96  76  86   4   0  21 0.00  0.0    0  5.9 20 330   M    M   2 8      26 330
 3  95  73  84   2   0  19 0.00  0.0    0  8.2 21 310   M    M   0 8      24 290
 4  89  67  78  -4   0  13 0.00  0.0    0  8.0 15 330   M    M   0        21 350
 5  93  69  81  -1   0  16 0.00  0.0    0  4.7 12  60   M    M   2        15  70
 6  93  70  82   0   0  17 0.00  0.0    0  5.7 10  70   M    M   2        14 110
 7  95  70  83   1   0  18 0.00  0.0    0  7.0 14 220   M    M   2 18     18 220
 8  95  72  84   2   0  19 0.00  0.0    0  7.3 14 220   M    M   1 18     17 260
 9  96  71  84   2   0  19    T  0.0    0  7.8 31 210   M    M   2 18     41 200
10  93  72  83   1   0  18 0.09  0.0    0  5.4 24 340   M    M   2 13     28 330
11  89  70  80  -2   0  15    T  0.0    0  3.1 17 210   M    M   6 123    21 220
12  94  73  84   2   0  19 0.42  0.0    0  4.6 22 310   M    M   5 123    32 320
13  95  72  84   2   0  19 0.00  0.0    0  5.1 16 210   M    M   4 12     21 200
14  94  73  84   2   0  19 0.00  0.0    0  6.6 17 240   M    M   1 1      21 240
15  87  73  80  -2   0  15 0.62  0.0    0  6.1 24 220   M    M   5 13     29 220
16  87  68  78  -4   0  13 0.00  0.0    0  4.7 14 330   M    M   4 1      20 310
17  88  65  77  -5   0  12 0.00  0.0    0  2.7 13 340   M    M   1        17 210
18  88  66  77  -5   0  12 0.04  0.0    0  3.5 10 180   M    M   0 1      16 190
19  82  74  78  -4   0  13 0.21  0.0    0  6.9 22 220   M    M   7 1      29 210
20  86  73  80  -2   0  15 0.56  0.0    0  8.1 23 220   M    M   7 13     36 210
21  81  73  77  -5   0  12 0.03  0.0    0  6.4 15 220   M    M   7 1      20 220
22  88  72  80  -2   0  15 1.00  0.0    0  3.3 17 190   M    M   6 13     24 180
23  90  70  80  -2   0  15 0.00  0.0    0  3.0 15 250   M    M   1 1      21 240
24  90  72  81  -1   0  16 0.26  0.0    0  5.7 22 270   M    M   3 138    28 280
25  89  74  82   0   0  17    T  0.0    0  5.8 16 220   M    M   2 1      20 210
26  92  74  83   1   0  18 0.00  0.0    0  4.3 12 200   M    M   2 18     14 200
27  94  76  85   3   0  20 0.00  0.0    0  6.8 14 260   M    M   4 18     17 240
28  94  73  84   2   0  19 1.98  0.0    0  8.4 41 230   M    M   2 13     63 220
29  86  68  77  -5   0  12 0.00  0.0    0  6.3 15 340   M    M   1        21 310
================================================================================
SM 2635 2072         0 476  5.21     0.0 166.1          M       82
================================================================================
AV 90.9 71.4                               5.7 FASTST   M    M   3    MAX(MPH)
                                 MISC ---->  # 41 230               # 63  220
================================================================================
NOTES:
# LAST OF SEVERAL OCCURRENCES

COLUMN 17 PEAK WIND IN M.P.H.

PRELIMINARY LOCAL CLIMATOLOGICAL DATA (WS FORM: F-6) , PAGE 2

                                          STATION:  DOTHAN
                                          MONTH:    JULY
                                          YEAR:     2014
                                          LATITUDE:   31 19 N
                                          LONGITUDE:  85 27 W

[TEMPERATURE DATA]      [PRECIPITATION DATA]       SYMBOLS USED IN COLUMN 16

AVERAGE MONTHLY: 81.2   TOTAL FOR MONTH:   5.21    1 = FOG OR MIST
DPTR FM NORMAL:  -0.8   DPTR FM NORMAL:   -0.35    2 = FOG REDUCING VISIBILITY
HIGHEST:    96 ON  9, 2 GRTST 24HR  1.98 ON 28-28      TO 1/4 MILE OR LESS
LOWEST:     65 ON 17                               3 = THUNDER
                        SNOW, ICE PELLETS, HAIL    4 = ICE PELLETS
                        TOTAL MONTH:   0.0 INCH    5 = HAIL
                        GRTST 24HR     0.0         6 = FREEZING RAIN OR DRIZZLE
                        GRTST DEPTH:   0           7 = DUSTSTORM OR SANDSTORM:
                                                       VSBY 1/2 MILE OR LESS
                                                   8 = SMOKE OR HAZE
[NO. OF DAYS WITH]      [WEATHER - DAYS WITH]      9 = BLOWING SNOW
                                                   X = TORNADO
MAX 32 OR BELOW:   0    0.01 INCH OR MORE:  10
MAX 90 OR ABOVE:  17    0.10 INCH OR MORE:   7
MIN 32 OR BELOW:   0    0.50 INCH OR MORE:   4
MIN  0 OR BELOW:   0    1.00 INCH OR MORE:   2

[HDD (BASE 65) ]
TOTAL THIS MO.     0    CLEAR  (SCALE 0-3)  19
DPTR FM NORMAL     0    PTCLDY (SCALE 4-7)  10
TOTAL FM JUL 1     0    CLOUDY (SCALE 8-10)  0
DPTR FM NORMAL     0

[CDD (BASE 65) ]
TOTAL THIS MO.   476
DPTR FM NORMAL   -16    [PRESSURE DATA]
TOTAL FM JAN 1  1335    HIGHEST SLP M ON M
DPTR FM NORMAL   -14    LOWEST  SLP 29.89 ON M

[REMARKS]
