000
CXUS53 KDLH 280629
CF6DLH
PRELIMINARY LOCAL CLIMATOLOGICAL DATA (WS FORM: F-6)

                                          STATION:   DULUTH MN
                                          MONTH:     FEBRUARY
                                          YEAR:      2015
                                          LATITUDE:   46 49 N
                                          LONGITUDE:  92 11 W

  TEMPERATURE IN F:       :PCPN:    SNOW:  WIND      :SUNSHINE: SKY     :PK WND
================================================================================
1   2   3   4   5  6A  6B    7    8   9   10  11  12  13   14  15   16   17  18
                                     12Z  AVG MX 2MIN
DY MAX MIN AVG DEP HDD CDD  WTR  SNW DPTH SPD SPD DIR MIN PSBL S-S WX    SPD DR
================================================================================

 1  10  -6   2  -9  63   0    T    T    7  9.5 14  20   M    M   2        18  10
 2  15 -12   2 -10  63   0 0.00  0.0    7  9.2 18 230   M    M   3        23 240
 3  14  -3   6  -6  59   0 0.00  0.0    7  6.6 12 290   M    M   4        15 280
 4   9  -7   1 -11  64   0    T  0.1    7 13.0 24 290   M    M   4 8      31 290
 5  23  -8   8  -4  57   0 0.00  0.0    7 14.0 30 240   M    M   2        36 220
 6  19  11  15   3  50   0 0.02  0.2    7  8.1 15 110   M    M   9 8      19 100
 7  24  19  22   9  43   0    T    T    7 15.8 30 110   M    M  10 168    37 110
 8  22  16  19   6  46   0    T  0.4    7 12.9 22  70   M    M  10 168    27  70
 9  27  14  21   8  44   0    T  0.1    7  1.3  8 120   M    M   8 18     10 120
10  24  20  22   9  43   0 0.23  3.4    7 10.5 21 130   M    M   9 126    26 130
11  24  -2  11  -3  54   0    T    T   10 17.1 26 300   M    M   5 1689   36 320
12   7 -12  -2 -16  67   0    T    T   10  7.8 20 350   M    M   1        26 330
13  18   3  11  -3  54   0 0.02  1.3    9 13.4 28 300   M    M   8 189    36 300
14   3 -11  -4 -19  69   0    T    T   10 14.5 25 340   M    M   2 89     37 350
15   3  -9  -3 -18  68   0    T    T    9  7.4 14 120   M    M   7        17 140
16  14   3   9  -6  56   0 0.02  0.6   10  8.4 16 310   M    M   9 8      20 310
17   5  -9  -2 -18  67   0    T  0.1   10 10.4 17 340   M    M   6 8      27 350
18  -5 -17 -11 -27  76   0    T    T   10 12.0 22 310   M    M   2 8      29 310
19   5 -19  -7 -23  72   0 0.00  0.0    9  6.1 15 330   M    M   0        20 330
20  18  -3   8  -9  57   0 0.07  1.7    9 10.0 16 220   M    M   9 8      20 190
21  17  -5   6 -11  59   0    T    T   11 10.5 18 330   M    M   4 8      26 310
22  -3 -17 -10 -27  75   0 0.00  0.0   10 11.8 20 310   M    M   0        25 310
23  22 -19   2 -16  63   0    T    T   10 16.1 28 220   M    M   4        37 220
24  25   1  13  -5  52   0 0.02  0.3   10 17.3 35 290   M    M   4 189    47 300
25  10  -5   3 -15  62   0 0.00  0.0   10  8.3 15 310   M    M   1        20 340
26   8 -15  -3 -22  68   0 0.00  0.0   10  9.3 16 300   M    M   1        21 320
27  18 -11   4 -15  61   0 0.00  0.0   10 10.5 17 260   M    M   0        20 250
================================================================================
SM  376 -103      1612   0  0.38     8.2 291.8          M      124
================================================================================
AV 13.9 -3.8                              10.8 FASTST   M    M   5    MAX(MPH)
                                 MISC ---->  # 35 290               # 47  300
================================================================================
NOTES:
# LAST OF SEVERAL OCCURRENCES

COLUMN 17 PEAK WIND IN M.P.H.

PRELIMINARY LOCAL CLIMATOLOGICAL DATA (WS FORM: F-6) , PAGE 2

                                          STATION:  DULUTH MN
                                          MONTH:    FEBRUARY
                                          YEAR:     2015
                                          LATITUDE:   46 49 N
                                          LONGITUDE:  92 11 W

[TEMPERATURE DATA]      [PRECIPITATION DATA]       SYMBOLS USED IN COLUMN 16

AVERAGE MONTHLY:  5.1   TOTAL FOR MONTH:   0.38    1 = FOG OR MIST
DPTR FM NORMAL:  -9.8   DPTR FM NORMAL:   -0.39    2 = FOG REDUCING VISIBILITY
HIGHEST:    27 ON  9    GRTST 24HR  0.23 ON 10-10      TO 1/4 MILE OR LESS
LOWEST:    -19 ON 23,19                            3 = THUNDER
                        SNOW, ICE PELLETS, HAIL    4 = ICE PELLETS
                        TOTAL MONTH:   8.2 INCHES  5 = HAIL
                        GRTST 24HR   3.4 ON   M    6 = FREEZING RAIN OR DRIZZLE
                        GRTST DEPTH:  11 ON 21     7 = DUSTSTORM OR SANDSTORM:
                                                       VSBY 1/2 MILE OR LESS
                                                   8 = SMOKE OR HAZE
[NO. OF DAYS WITH]      [WEATHER - DAYS WITH]      9 = BLOWING SNOW
                                                   X = TORNADO
MAX 32 OR BELOW:  27    0.01 INCH OR MORE:   6
MAX 90 OR ABOVE:   0    0.10 INCH OR MORE:   1
MIN 32 OR BELOW:  27    0.50 INCH OR MORE:   0
MIN  0 OR BELOW:  19    1.00 INCH OR MORE:   0

[HDD (BASE 65) ]
TOTAL THIS MO.  1612    CLEAR  (SCALE 0-3)  11
DPTR FM NORMAL   258    PTCLDY (SCALE 4-7)  10
TOTAL FM JUL 1  6784    CLOUDY (SCALE 8-10)  6
DPTR FM NORMAL   -38

[CDD (BASE 65) ]
TOTAL THIS MO.     0
DPTR FM NORMAL     0    [PRESSURE DATA]
TOTAL FM JAN 1     0    HIGHEST SLP M ON M
DPTR FM NORMAL     0    LOWEST  SLP 29.54 ON 24

[REMARKS]
