000
CXUS53 KDLH 290642
CF6DLH
PRELIMINARY LOCAL CLIMATOLOGICAL DATA (WS FORM: F-6)

                                          STATION:   DULUTH
                                          MONTH:     APRIL
                                          YEAR:      2016
                                          LATITUDE:   46 49 N
                                          LONGITUDE:  92 11 W

  TEMPERATURE IN F:       :PCPN:    SNOW:  WIND      :SUNSHINE: SKY     :PK WND
================================================================================
1   2   3   4   5  6A  6B    7    8   9   10  11  12  13   14  15   16   17  18
                                     12Z  AVG MX 2MIN
DY MAX MIN AVG DEP HDD CDD  WTR  SNW DPTH SPD SPD DIR MIN PSBL S-S WX    SPD DR
================================================================================

 1  35  24  30  -3  35   0 0.01  0.2    T 13.9 23 300   M    M   6 18     29 310
 2  26  17  22 -11  43   0 0.10  3.3    4 11.9 29 340   M    M   7 189    43 350
 3  29  20  25  -9  40   0    T    T    1 12.8 28  90   M    M  10 4      37 100
 4  32  20  26  -8  39   0    T  0.4    T  5.6 12 130   M    M   6 1      14 140
 5  39  23  31  -4  34   0 0.21  1.5    T 11.4 18 130   M    M   6 126    24 130
 6  35  30  33  -2  32   0 0.31  2.5    2  7.7 14  80   M    M   9 1268   17  50
 7  34  29  32  -4  33   0 0.04  1.3    3  6.6 22 330   M    M  10 18     30 310
 8  30   9  20 -16  45   0    T  0.2    3 14.5 29 330   M    M   6        36 330
 9  30   2  16 -20  49   0    T    T    3  8.5 18 140   M    M   4        22 130
10  49  28  39   2  26   0    T    T    2 15.1 26 290   M    M   6        35 310
11  35  26  31  -7  34   0 0.01    T    T 15.6 31 300   M    M   7        41 290
12  42  17  30  -8  35   0 0.01  0.3    0  6.3 14 160   M    M   3 1      18 160
13  49  31  40   2  25   0 0.02  0.1    T 11.4 16 110   M    M   5 12     22 110
14  57  35  46   7  19   0 0.00  0.0    0 12.3 18 120   M    M   0        21 200
15  68  47  58  19   7   0 0.00  0.0    0 11.4 18 180   M    M   0 8      24 180
16  71  51  61  21   4   0 0.00  0.0    0  9.6 15 120   M    M   5        17 190
17  69  46  58  18   7   0 0.00  0.0    0  9.2 17  80   M    M   5        24  80
18  46  34  40  -1  25   0    T  0.0    0 14.0 22  90   M    M  10 1      28  90
19  49  36  43   2  22   0 0.00  0.0    0 13.0 23  80   M    M   8        28  90
20  64  42  53  11  12   0 0.00  0.0    0  6.4 14 130   M    M   7        16 140
21  68  37  53  11  12   0    T  0.0    0  8.2 20 350   M    M   7 1      25 360
22  44  31  38  -5  27   0    T  0.0    0  7.6 14 140   M    M   4 1      18 140
23  53  30  42  -1  23   0    T  0.0    0 11.0 24  90   M    M   6        30  90
24  41  35  38  -6  27   0 1.37  0.0    0 21.3 32  90   M    M  10 1      44  90
25  36  32  34 -10  31   0 0.32  0.0    0 25.3 35  80   M    M  10 126    47  90
26  44  34  39  -6  26   0    T  0.0    0 16.2 28  70   M    M   5        36 120
27  45  32  39  -6  26   0 0.00  0.0    0 17.4 31  80   M    M   1        40  70
28  49  31  40  -5  25   0 0.00  0.0    0 13.6 26  70   M    M   6        32  60
================================================================================
SM 1269  829       763   0  2.40     9.8 337.8          M      169
================================================================================
AV 45.3 29.6                              12.1 FASTST   M    M   6    MAX(MPH)
                                 MISC ---->  # 35  80               # 47   90
================================================================================
NOTES:
# LAST OF SEVERAL OCCURRENCES

COLUMN 17 PEAK WIND IN M.P.H.

PRELIMINARY LOCAL CLIMATOLOGICAL DATA (WS FORM: F-6) , PAGE 2

                                          STATION:  DULUTH
                                          MONTH:    APRIL
                                          YEAR:     2016
                                          LATITUDE:   46 49 N
                                          LONGITUDE:  92 11 W

[TEMPERATURE DATA]      [PRECIPITATION DATA]       SYMBOLS USED IN COLUMN 16

AVERAGE MONTHLY: 37.5   TOTAL FOR MONTH:   2.40    1 = FOG OR MIST
DPTR FM NORMAL:  -1.7   DPTR FM NORMAL:    0.17    2 = FOG REDUCING VISIBILITY
HIGHEST:    71 ON 16    GRTST 24HR  1.51 ON 24-25      TO 1/4 MILE OR LESS
LOWEST:      2 ON  9                               3 = THUNDER
                        SNOW, ICE PELLETS, HAIL    4 = ICE PELLETS
                        TOTAL MONTH:   9.8 INCHES  5 = HAIL
                        GRTST 24HR   3.3 ON   M    6 = FREEZING RAIN OR DRIZZLE
                        GRTST DEPTH:   4 ON  2     7 = DUSTSTORM OR SANDSTORM:
                                                       VSBY 1/2 MILE OR LESS
                                                   8 = SMOKE OR HAZE
[NO. OF DAYS WITH]      [WEATHER - DAYS WITH]      9 = BLOWING SNOW
                                                   X = TORNADO
MAX 32 OR BELOW:   5    0.01 INCH OR MORE:  10
MAX 90 OR ABOVE:   0    0.10 INCH OR MORE:   5
MIN 32 OR BELOW:  18    0.50 INCH OR MORE:   1
MIN  0 OR BELOW:   0    1.00 INCH OR MORE:   1

[HDD (BASE 65) ]
TOTAL THIS MO.   763    CLEAR  (SCALE 0-3)   3
DPTR FM NORMAL    39    PTCLDY (SCALE 4-7)  19
TOTAL FM JUL 1  7628    CLOUDY (SCALE 8-10)  6
DPTR FM NORMAL -1173

[CDD (BASE 65) ]
TOTAL THIS MO.     0
DPTR FM NORMAL     0    [PRESSURE DATA]
TOTAL FM JAN 1     0    HIGHEST SLP M ON M
DPTR FM NORMAL     0    LOWEST  SLP 29.53 ON  2

[REMARKS]
