000
CXUS53 KDLH 250623
CF6DLH
PRELIMINARY LOCAL CLIMATOLOGICAL DATA (WS FORM: F-6)

                                          STATION:   DULUTH MN
                                          MONTH:     OCTOBER
                                          YEAR:      2014
                                          LATITUDE:   46 49 N
                                          LONGITUDE:  92 11 W

  TEMPERATURE IN F:       :PCPN:    SNOW:  WIND      :SUNSHINE: SKY     :PK WND
================================================================================
1   2   3   4   5  6A  6B    7    8   9   10  11  12  13   14  15   16   17  18
                                     12Z  AVG MX 2MIN
DY MAX MIN AVG DEP HDD CDD  WTR  SNW DPTH SPD SPD DIR MIN PSBL S-S WX    SPD DR
================================================================================

 1  52  47  50   1  15   0 0.64  0.0    0 10.2 17 120   M    M  10 12     21 120
 2  59  51  55   6  10   0 0.22  0.0    0  5.1 12 290   M    M  10 128    14 280
 3  51  35  43  -5  22   0 0.06    T    0 15.7 28 310   M    M  10 18     35 320
 4  45  37  41  -7  24   0 0.02    T    0 15.9 28 300   M    M   8 1      39 310
 5  50  36  43  -5  22   0 0.00  0.0    0 13.4 24 270   M    M   7        31 270
 6  54  32  43  -4  22   0 0.00  0.0    0 12.5 26 250   M    M   4        33 250
 7  49  33  41  -6  24   0 0.00  0.0    0 12.2 30 290   M    M   7        44 280
 8  50  36  43  -3  22   0 0.00  0.0    0 12.8 24 280   M    M   4        35 280
 9  50  32  41  -5  24   0 0.00  0.0    0 10.6 20 310   M    M   3        27 300
10  45  30  38  -8  27   0 0.00  0.0    0  5.3 13 310   M    M   5        16 310
11  56  27  42  -3  23   0 0.00  0.0    0  7.8 17 190   M    M   0        21 200
12  61  40  51   6  14   0 0.00  0.0    0 11.8 23 180   M    M   1        29 180
13  51  47  49   5  16   0 0.09  0.0    0  5.3 12  10   M    M  10 18     16 360
14  64  36  50   6  15   0 0.00  0.0    0  7.6 18  40   M    M   2        24 340
15  58  32  45   1  20   0 0.00  0.0    0  6.1 15  80   M    M   0 12     18 100
16  56  42  49   6  16   0 0.31  0.0    0  9.8 21 100   M    M   7 12     25 100
17  50  41  46   3  19   0 0.26  0.0    0 11.4 21 340   M    M  10 1      27 340
18  49  34  42   0  23   0 0.00  0.0    0  5.9 17  10   M    M   5        26  10
19  63  35  49   7  16   0    T  0.0    0 10.4 20 240   M    M   4        25 240
20  50  42  46   4  19   0 0.00  0.0    0  8.1 15 330   M    M   7 8      20 350
21  47  37  42   1  23   0 0.00  0.0    0 11.8 17 100   M    M   7        22 100
22  57  39  48   7  17   0 0.00  0.0    0 11.0 20 150   M    M   2        26 170
23  57  47  52  12  13   0 0.05  0.0    0  7.9 14 180   M    M   6 12     19 190
24  69  47  58  18   7   0 0.00  0.0    0 12.0 18 290   M    M   2 128    24 290
================================================================================
SM 1293  915       453   0  1.65    T    240.6          M      131
================================================================================
AV 53.9 38.1                              10.0 FASTST   M    M   5    MAX(MPH)
                                 MISC ---->  # 30 290               # 44  280
================================================================================
NOTES:
# LAST OF SEVERAL OCCURRENCES

COLUMN 17 PEAK WIND IN M.P.H.

PRELIMINARY LOCAL CLIMATOLOGICAL DATA (WS FORM: F-6) , PAGE 2

                                          STATION:  DULUTH MN
                                          MONTH:    OCTOBER
                                          YEAR:     2014
                                          LATITUDE:   46 49 N
                                          LONGITUDE:  92 11 W

[TEMPERATURE DATA]      [PRECIPITATION DATA]       SYMBOLS USED IN COLUMN 16

AVERAGE MONTHLY: 46.0   TOTAL FOR MONTH:   1.65    1 = FOG OR MIST
DPTR FM NORMAL:   1.4   DPTR FM NORMAL:   -0.66    2 = FOG REDUCING VISIBILITY
HIGHEST:    69 ON 24    GRTST 24HR  0.64 ON  1- 1      TO 1/4 MILE OR LESS
LOWEST:     27 ON 11                               3 = THUNDER
                        SNOW, ICE PELLETS, HAIL    4 = ICE PELLETS
                        TOTAL MONTH:    T          5 = HAIL
                        GRTST 24HR    T  ON  4- 4  6 = FREEZING RAIN OR DRIZZLE
                        GRTST DEPTH:   0           7 = DUSTSTORM OR SANDSTORM:
                                                       VSBY 1/2 MILE OR LESS
                                                   8 = SMOKE OR HAZE
[NO. OF DAYS WITH]      [WEATHER - DAYS WITH]      9 = BLOWING SNOW
                                                   X = TORNADO
MAX 32 OR BELOW:   0    0.01 INCH OR MORE:   8
MAX 90 OR ABOVE:   0    0.10 INCH OR MORE:   4
MIN 32 OR BELOW:   5    0.50 INCH OR MORE:   1
MIN  0 OR BELOW:   0    1.00 INCH OR MORE:   0

[HDD (BASE 65) ]
TOTAL THIS MO.   453    CLEAR  (SCALE 0-3)   6
DPTR FM NORMAL   -38    PTCLDY (SCALE 4-7)  12
TOTAL FM JUL 1   757    CLOUDY (SCALE 8-10)  6
DPTR FM NORMAL  -181

[CDD (BASE 65) ]
TOTAL THIS MO.     0
DPTR FM NORMAL     0    [PRESSURE DATA]
TOTAL FM JAN 1   179    HIGHEST SLP M ON M
DPTR FM NORMAL   -25    LOWEST  SLP 29.33 ON  6

[REMARKS]
