000
CXUS51 KLWX 220620
CF6DMH
PRELIMINARY LOCAL CLIMATOLOGICAL DATA (WS FORM: F-6)

                                          STATION:   BALTIMORE INNER HARBOR MD
                                          MONTH:     SEPTEMBER
                                          YEAR:      2014
                                          LATITUDE:   39 16 N
                                          LONGITUDE:  76 37 W

  TEMPERATURE IN F:       :PCPN:    SNOW:  WIND      :SUNSHINE: SKY     :PK WND
================================================================================
1   2   3   4   5  6A  6B    7    8   9   10  11  12  13   14  15   16   17  18
                                     12Z  AVG MX 2MIN
DY MAX MIN AVG DEP HDD CDD  WTR  SNW DPTH SPD SPD DIR MIN PSBL S-S WX    SPD DR
================================================================================

 1  91  75  83   6   0  18 0.00    M    M   M   M   M   M    M   M         M  M
 2  94  74  84   7   0  19 0.71    M    M   M   M   M   M    M   M         M  M
 3  85  74  80   4   0  15 0.00    M    M   M   M   M   M    M   M         M  M
 4  86  72  79   3   0  14 0.00    M    M   M   M   M   M    M   M         M  M
 5  89  75  82   6   0  17 0.00    M    M   M   M   M   M    M   M         M  M
 6  95  74  85   9   0  20 0.01    M    M   M   M   M   M    M   M         M  M
 7  80  69  75   0   0  10 0.00    M    M   M   M   M   M    M   M         M  M
 8  76  67  72  -3   0   7 0.00    M    M   M   M   M   M    M   M         M  M
 9  77  67  72  -3   0   7 0.00    M    M   M   M   M   M    M   M         M  M
10  80  68  74   0   0   9 0.00    M    M   M   M   M   M    M   M         M  M
11  90  71  81   7   0  16 0.00    M    M   M   M   M   M    M   M         M  M
12  77  65  71  -3   0   6 0.00    M    M   M   M   M   M    M   M         M  M
13  69  63  66  -7   0   1 0.03    M    M   M   M   M   M    M   M         M  M
14  71  56  64  -9   1   0 0.00    M    M   M   M   M   M    M   M         M  M
15  74  59  67  -6   0   2 0.00    M    M   M   M   M   M    M   M         M  M
16  75  63  69  -3   0   4 0.00    M    M   M   M   M   M    M   M         M  M
17  75  59  67  -5   0   2 0.00    M    M   M   M   M   M    M   M         M  M
18  73  62  68  -3   0   3 0.01    M    M   M   M   M   M    M   M         M  M
19  74  59  67  -4   0   2 0.00    M    M   M   M   M   M    M   M         M  M
20  79  63  71   1   0   6 0.00    M    M   M   M   M   M    M   M         M  M
21  82  65  74   4   0   9 0.00    M    M   M   M   M   M    M   M         M  M
================================================================================
SM 1692 1400         1 187  0.76    M        M          M        M
================================================================================
AV 80.6 66.7                                 M FASTST   M    M   3    MAX(MPH)
                                 MISC ---->     M   M                  M    M
================================================================================
NOTES:
# LAST OF SEVERAL OCCURRENCES

COLUMN 17 PEAK WIND IN M.P.H.

PRELIMINARY LOCAL CLIMATOLOGICAL DATA (WS FORM: F-6) , PAGE 2

                                          STATION:  BALTIMORE INNER HARBOR MD
                                          MONTH:    SEPTEMBER
                                          YEAR:     2014
                                          LATITUDE:   39 16 N
                                          LONGITUDE:  76 37 W

[TEMPERATURE DATA]      [PRECIPITATION DATA]       SYMBOLS USED IN COLUMN 16

AVERAGE MONTHLY: 73.6   TOTAL FOR MONTH:   0.76    1 = FOG OR MIST
DPTR FM NORMAL:  -0.2   DPTR FM NORMAL:   -2.02    2 = FOG REDUCING VISIBILITY
HIGHEST:    95 ON  6    GRTST 24HR  0.71 ON  1- 2      TO 1/4 MILE OR LESS
LOWEST:     56 ON 14                               3 = THUNDER
                        SNOW, ICE PELLETS, HAIL    4 = ICE PELLETS
                        TOTAL MONTH:    M          5 = HAIL
                        GRTST 24HR    M  ON   M    6 = FREEZING RAIN OR DRIZZLE
                        GRTST DEPTH:  M  ON   M    7 = DUSTSTORM OR SANDSTORM:
                                                       VSBY 1/2 MILE OR LESS
                                                   8 = SMOKE OR HAZE
[NO. OF DAYS WITH]      [WEATHER - DAYS WITH]      9 = BLOWING SNOW
                                                   X = TORNADO
MAX 32 OR BELOW:   0    0.01 INCH OR MORE:   4
MAX 90 OR ABOVE:   4    0.10 INCH OR MORE:   1
MIN 32 OR BELOW:   0    0.50 INCH OR MORE:   1
MIN  0 OR BELOW:   0    1.00 INCH OR MORE:   0

[HDD (BASE 65) ]
TOTAL THIS MO.     1    CLEAR  (SCALE 0-3)   0
DPTR FM NORMAL    -2    PTCLDY (SCALE 4-7)   0
TOTAL FM JUL 1     1    CLOUDY (SCALE 8-10)  0
DPTR FM NORMAL    -2

[CDD (BASE 65) ]
TOTAL THIS MO.   187
DPTR FM NORMAL    -1    [PRESSURE DATA]
TOTAL FM JAN 1  1405    HIGHEST SLP M ON M
DPTR FM NORMAL  -179    LOWEST  SLP 29.65 ON 21

[REMARKS]
