000
CXUS55 KEAX 290736
CF6DMO
PRELIMINARY LOCAL CLIMATOLOGICAL DATA (WS FORM: F-6)

                                          STATION:   SEDALIA MO
                                          MONTH:     SEPTEMBER
                                          YEAR:      2014
                                          LATITUDE:   38 42 N
                                          LONGITUDE:  93  6 W

  TEMPERATURE IN F:       :PCPN:    SNOW:  WIND      :SUNSHINE: SKY     :PK WND
================================================================================
1   2   3   4   5  6A  6B    7    8   9   10  11  12  13   14  15   16   17  18
                                     12Z  AVG MX 2MIN
DY MAX MIN AVG DEP HDD CDD  WTR  SNW DPTH SPD SPD DIR MIN PSBL S-S WX    SPD DR
================================================================================

 1  82  66  74  -1   0   9 0.28    M    M  8.0 31 150   M    M   6 13     39 140
 2  81  67  74   0   0   9 0.00    M    M  5.6 15 220   M    M   6 18     17 220
 3  86  67  77   3   0  12 0.17    M    M 11.8 30 190   M    M   0 13     38 200
 4  93  75  84  10   0  19 0.00    M    M 12.9 25 220   M    M   0 18     31 220
 5  91  61  76   3   0  11 0.59    M    M 11.1 24 340   M    M   4 13     31 330
 6  74  58  66  -7   0   1 0.01    M    M  6.7 13  40   M    M   5        17  40
 7  78  55  67  -5   0   2 0.00    M    M  4.4 10 130   M    M   0        19 180
 8  83  58  71  -1   0   6 0.00    M    M  8.2 17 200   M    M   2        22 190
 9  91  71  81   9   0  16 0.00    M    M 13.9 26 180   M    M   1        36 180
10  83  63  73   2   0   8 0.42    M    M 11.4 30 200   M    M   8 138    39 190
11  63  55  59 -12   6   0 0.01    M    M  9.9 16  20   M    M  10 18     21  10
12  56  46  51 -19  14   0    T    M    M  9.4 18 360   M    M  10 18     26 350
13  64  39  52 -18  13   0 0.00    M    M  4.9 13  70   M    M   1 128    20  90
14  71  47  59 -11   6   0 0.00    M    M  5.8 12 140   M    M   6        15 140
15  77  56  67  -2   0   2    T    M    M  9.7 21 230   M    M   7 18     28 220
16  72  57  65  -4   0   0 0.00    M    M  4.7 10  70   M    M   6        12  60
17  74  61  68   0   0   3 0.33    M    M  5.5 12  90   M    M  10 123    14  70
18  72  59  66  -2   0   1 0.00    M    M  5.9 13  60   M    M   9 128    17  70
19  79  59  69   1   0   4 0.00    M    M  7.9 15 150   M    M   6 128    17 160
20  84  66  75   8   0  10 0.00    M    M  9.5 21 220   M    M   1 18     27 210
21  79  56  68   1   0   3 0.00    M    M  8.9 21 330   M    M   0 1      27 340
22  76  49  63  -3   2   0 0.00    M    M  4.0 10  30   M    M   0        14  50
23  76  49  63  -3   2   0 0.00    M    M  7.1 15 150   M    M   0        19 150
24  76  54  65  -1   0   0 0.00    M    M  6.2 13 190   M    M   1        16 190
25  81  59  70   5   0   5 0.00    M    M  5.8 13 180   M    M   5        16 180
26  83  60  72   7   0   7 0.00    M    M  4.6 12 190   M    M   1 8      15 190
27  84  59  72   8   0   7 0.00    M    M  4.1 13 180   M    M   1 18     17 190
28  87  57  72   8   0   7 0.00    M    M  1.8  8 300   M    M   1 18     11 270
================================================================================
SM 2196 1629        43 142  1.81    M    209.7          M      107
================================================================================
AV 78.4 58.2                               7.5 FASTST   M    M   4    MAX(MPH)
                                 MISC ---->  # 31 150               # 39  140
================================================================================
NOTES:
# LAST OF SEVERAL OCCURRENCES

COLUMN 17 PEAK WIND IN M.P.H.

PRELIMINARY LOCAL CLIMATOLOGICAL DATA (WS FORM: F-6) , PAGE 2

                                          STATION:  SEDALIA MO
                                          MONTH:    SEPTEMBER
                                          YEAR:     2014
                                          LATITUDE:   38 42 N
                                          LONGITUDE:  93  6 W

[TEMPERATURE DATA]      [PRECIPITATION DATA]       SYMBOLS USED IN COLUMN 16

AVERAGE MONTHLY: 68.3   TOTAL FOR MONTH:   1.81    1 = FOG OR MIST
DPTR FM NORMAL:  -1.1   DPTR FM NORMAL:   -2.06    2 = FOG REDUCING VISIBILITY
HIGHEST:    93 ON  4    GRTST 24HR  0.60 ON  5- 6      TO 1/4 MILE OR LESS
LOWEST:     39 ON 13                               3 = THUNDER
                        SNOW, ICE PELLETS, HAIL    4 = ICE PELLETS
                        TOTAL MONTH:    M          5 = HAIL
                        GRTST 24HR    M  ON   M    6 = FREEZING RAIN OR DRIZZLE
                        GRTST DEPTH:  M  ON   M    7 = DUSTSTORM OR SANDSTORM:
                                                       VSBY 1/2 MILE OR LESS
                                                   8 = SMOKE OR HAZE
[NO. OF DAYS WITH]      [WEATHER - DAYS WITH]      9 = BLOWING SNOW
                                                   X = TORNADO
MAX 32 OR BELOW:   0    0.01 INCH OR MORE:   7
MAX 90 OR ABOVE:   3    0.10 INCH OR MORE:   5
MIN 32 OR BELOW:   0    0.50 INCH OR MORE:   1
MIN  0 OR BELOW:   0    1.00 INCH OR MORE:   0

[HDD (BASE 65) ]
TOTAL THIS MO.    43    CLEAR  (SCALE 0-3)  14
DPTR FM NORMAL     9    PTCLDY (SCALE 4-7)   9
TOTAL FM JUL 1    43    CLOUDY (SCALE 8-10)  5
DPTR FM NORMAL     8

[CDD (BASE 65) ]
TOTAL THIS MO.   142
DPTR FM NORMAL   -17    [PRESSURE DATA]
TOTAL FM JAN 1  1359    HIGHEST SLP  0.00 ON M
DPTR FM NORMAL   -85    LOWEST  SLP  0.00 ON M

[REMARKS]
