719
CXUS55 KGJT 221000
CF6DRO
PRELIMINARY LOCAL CLIMATOLOGICAL DATA (WS FORM: F-6)

                                          STATION:   DURANGO AIRPORT CO
                                          MONTH:     JANUARY
                                          YEAR:      2018
                                          LATITUDE:   37  9 N
                                          LONGITUDE: 107 45 W

  TEMPERATURE IN F:       :PCPN:    SNOW:  WIND      :SUNSHINE: SKY     :PK WND
================================================================================
1   2   3   4   5  6A  6B    7    8   9   10  11  12  13   14  15   16   17  18
                                     12Z  AVG MX 2MIN
DY MAX MIN AVG DEP HDD CDD  WTR  SNW DPTH SPD SPD DIR MIN PSBL S-S WX    SPD DR
================================================================================

 1  50   9  30   6  35   0 0.00    M    M  5.6 15 250   M    M   0        20 250
 2  48  10  29   5  36   0 0.00    M    M  4.4 14  10   M    M   0        15  10
 3  49   8  29   6  36   0 0.00    M    M  3.8 12  10   M    M   0        13 250
 4  48  12  30   7  35   0 0.00    M    M  4.0 10 230   M    M   0        13 250
 5  43  11  27   4  38   0 0.00    M    M  3.3 10  10   M    M   0        11  90
 6  45  16  31   8  34   0 0.06    M    M  3.1 12 300   M    M   4 1      14 320
 7  43  22  33  10  32   0 0.00    M    M  4.1 12  30   M    M   5 12     13  90
 8  48  16  32   9  33   0    T    M    M  3.3 14  70   M    M   2 1      16  70
 9  56  26  41  18  24   0    T    M    M  3.8  9  70   M    M   5        13  90
10  41  30  36  13  29   0 0.23    M    M  9.7 24 250   M    M   7 1      29 260
11  41  21  31   8  34   0 0.00    M    M  8.8 25 320   M    M   0        32 310
12  48  14  31   8  34   0 0.00    M    M  6.8 23 310   M    M   1        28 330
13  44  11  28   5  37   0 0.00    M    M  3.5 13 200   M    M   0        16 220
14  49  13  31   8  34   0 0.00    M    M  3.6 13  10   M    M   0        14  10
15  47  12  30   7  35   0 0.00    M    M  3.1 12 220   M    M   0        15 260
16  40  14  27   4  38   0 0.00    M    M  4.2 10  30   M    M   0        12 260
17  43  10  27   4  38   0 0.00    M    M  3.2  9 360   M    M   0        12 250
18  47  10  29   5  36   0 0.00    M    M  3.7 10  10   M    M   0        12 220
19  55  14  35  11  30   0 0.00    M    M  3.8 13 250   M    M   0        17 240
20  47  19  33   9  32   0 0.10    M    M  6.4 26 300   M    M   8 1      33 300
21  29  17  23  -1  42   0    T    M    M 11.4 30 270   M    M   4 1      36 270
================================================================================
SM  961  315       722   0  0.39    M    103.6          M       36
================================================================================
AV 45.8 15.0                               4.9 FASTST   M    M   2    MAX(MPH)
                                 MISC ---->  # 30 270               # 36  270
================================================================================
NOTES:
# LAST OF SEVERAL OCCURRENCES

COLUMN 17 PEAK WIND IN M.P.H.

PRELIMINARY LOCAL CLIMATOLOGICAL DATA (WS FORM: F-6) , PAGE 2

                                          STATION:  DURANGO AIRPORT CO
                                          MONTH:    JANUARY
                                          YEAR:     2018
                                          LATITUDE:   37  9 N
                                          LONGITUDE: 107 45 W

[TEMPERATURE DATA]      [PRECIPITATION DATA]       SYMBOLS USED IN COLUMN 16

AVERAGE MONTHLY: 30.4   TOTAL FOR MONTH:   0.39    1 = FOG OR MIST
DPTR FM NORMAL:   7.1   DPTR FM NORMAL:   -0.39    2 = FOG REDUCING VISIBILITY
HIGHEST:    56 ON  9    GRTST 24HR  0.23 ON 10-10      TO 1/4 MILE OR LESS
LOWEST:      8 ON  3                               3 = THUNDER
                        SNOW, ICE PELLETS, HAIL    4 = ICE PELLETS
                        TOTAL MONTH:    M          5 = HAIL
                        GRTST 24HR    M  ON   M    6 = FREEZING RAIN OR DRIZZLE
                        GRTST DEPTH:  M  ON   M    7 = DUSTSTORM OR SANDSTORM:
                                                       VSBY 1/2 MILE OR LESS
                                                   8 = SMOKE OR HAZE
[NO. OF DAYS WITH]      [WEATHER - DAYS WITH]      9 = BLOWING SNOW
                                                   X = TORNADO
MAX 32 OR BELOW:   1    0.01 INCH OR MORE:   3
MAX 90 OR ABOVE:   0    0.10 INCH OR MORE:   2
MIN 32 OR BELOW:  21    0.50 INCH OR MORE:   0
MIN  0 OR BELOW:   0    1.00 INCH OR MORE:   0

[HDD (BASE 65) ]
TOTAL THIS MO.   722    CLEAR  (SCALE 0-3)  15
DPTR FM NORMAL  -156    PTCLDY (SCALE 4-7)   6
TOTAL FM JUL 1  3272    CLOUDY (SCALE 8-10)  0
DPTR FM NORMAL  -480

[CDD (BASE 65) ]
TOTAL THIS MO.     0
DPTR FM NORMAL     0    [PRESSURE DATA]
TOTAL FM JAN 1     0    HIGHEST SLP M ON M
DPTR FM NORMAL     0    LOWEST  SLP 29.39 ON 10

[REMARKS]
