000
CXUS55 KGJT 281000
CF6DRO
PRELIMINARY LOCAL CLIMATOLOGICAL DATA (WS FORM: F-6)

                                          STATION:   DURANGO AIRPORT CO
                                          MONTH:     MARCH
                                          YEAR:      2015
                                          LATITUDE:   37  9 N
                                          LONGITUDE: 107 45 W

  TEMPERATURE IN F:       :PCPN:    SNOW:  WIND      :SUNSHINE: SKY     :PK WND
================================================================================
1   2   3   4   5  6A  6B    7    8   9   10  11  12  13   14  15   16   17  18
                                     12Z  AVG MX 2MIN
DY MAX MIN AVG DEP HDD CDD  WTR  SNW DPTH SPD SPD DIR MIN PSBL S-S WX    SPD DR
================================================================================

 1  37  28  33   0  32   0 0.20    M    M  3.3  9  70   M    M  10 12     10  80
 2  44  31  38   5  27   0 0.23    M    M  7.8 30 270   M    M   9 13     46 250
 3  35  23  29  -5  36   0 0.04    M    M  7.1 22 270   M    M   7 1      27 270
 4  37  14  26  -8  39   0    T    M    M  8.9 26 290   M    M   2        33 270
 5  40   8  24 -10  41   0 0.00    M    M  3.0 13  60   M    M   0        17  90
 6  46  13  30  -5  35   0 0.00    M    M  3.6 10 360   M    M   0        11 360
 7  54  18  36   1  29   0 0.00    M    M  3.8 13  10   M    M   0        14  10
 8  54  23  39   4  26   0 0.00    M    M  3.3 13 260   M    M   0        16 260
 9  54  26  40   4  25   0    T    M    M  3.9 26 310   M    M   0        35 310
10  58  25  42   6  23   0 0.00    M    M  4.2 13 240   M    M   0        17 250
11  59  27  43   7  22   0 0.00    M    M  3.5 12 170   M    M   0        16 170
12  55  32  44   8  21   0 0.00    M    M  4.0 14  10   M    M   4        18 250
13  59  37  48  11  17   0    T    M    M  6.1 23 330   M    M   7        28 340
14  61  32  47  10  18   0 0.00    M    M  4.1 13 260   M    M   3        17 210
15  68  29  49  12  16   0 0.00    M    M  4.1 13 220   M    M   0        16 220
16  68  27  48  10  17   0 0.00    M    M  4.3 12 220   M    M   0        16 260
17  64  29  47   9  18   0    T    M    M  5.5 15 130   M    M   7        21 130
18  62  42  52  14  13   0 0.00    M    M  7.4 25 260   M    M   4        30 250
19  57  32  45   7  20   0 0.08    M    M  6.9 23  10   M    M   3 13     29 360
20  57  36  47   8  18   0 0.01    M    M  4.6 15 300   M    M   5        20 330
21  63  26  45   6  20   0 0.00    M    M  6.9 21 250   M    M   0        27 250
22  65  27  46   7  19   0 0.00    M    M  5.7 24 260   M    M   0        29 250
23  63  32  48   8  17   0 0.00    M    M  7.9 26 260   M    M   0        34 250
24  61  32  47   7  18   0 0.00    M    M  8.8 29 250   M    M   0        37 250
25  57  28  43   3  22   0 0.00    M    M  9.4 33 260   M    M   1        39 260
26  61  21  41   1  24   0 0.00    M    M  5.2 24 210   M    M   0        29 210
27  70  25  48   8  17   0 0.00    M    M  8.9 28 290   M    M   0        35 290
================================================================================
SM 1509  723       630   0  0.56    M    152.2          M       62
================================================================================
AV 55.9 26.8                               5.6 FASTST   M    M   2    MAX(MPH)
                                 MISC ---->  # 33 260               # 46  250
================================================================================
NOTES:
# LAST OF SEVERAL OCCURRENCES

COLUMN 17 PEAK WIND IN M.P.H.

PRELIMINARY LOCAL CLIMATOLOGICAL DATA (WS FORM: F-6) , PAGE 2

                                          STATION:  DURANGO AIRPORT CO
                                          MONTH:    MARCH
                                          YEAR:     2015
                                          LATITUDE:   37  9 N
                                          LONGITUDE: 107 45 W

[TEMPERATURE DATA]      [PRECIPITATION DATA]       SYMBOLS USED IN COLUMN 16

AVERAGE MONTHLY: 41.3   TOTAL FOR MONTH:   0.56    1 = FOG OR MIST
DPTR FM NORMAL:   4.4   DPTR FM NORMAL:   -0.53    2 = FOG REDUCING VISIBILITY
HIGHEST:    70 ON 27    GRTST 24HR  0.23 ON  2- 2      TO 1/4 MILE OR LESS
LOWEST:      8 ON  5                               3 = THUNDER
                        SNOW, ICE PELLETS, HAIL    4 = ICE PELLETS
                        TOTAL MONTH:    M          5 = HAIL
                        GRTST 24HR    M  ON   M    6 = FREEZING RAIN OR DRIZZLE
                        GRTST DEPTH:  M  ON   M    7 = DUSTSTORM OR SANDSTORM:
                                                       VSBY 1/2 MILE OR LESS
                                                   8 = SMOKE OR HAZE
[NO. OF DAYS WITH]      [WEATHER - DAYS WITH]      9 = BLOWING SNOW
                                                   X = TORNADO
MAX 32 OR BELOW:   0    0.01 INCH OR MORE:   5
MAX 90 OR ABOVE:   0    0.10 INCH OR MORE:   2
MIN 32 OR BELOW:  24    0.50 INCH OR MORE:   0
MIN  0 OR BELOW:   0    1.00 INCH OR MORE:   0

[HDD (BASE 65) ]
TOTAL THIS MO.   630    CLEAR  (SCALE 0-3)  18
DPTR FM NORMAL  -129    PTCLDY (SCALE 4-7)   7
TOTAL FM JUL 1  5079    CLOUDY (SCALE 8-10)  2
DPTR FM NORMAL  -855

[CDD (BASE 65) ]
TOTAL THIS MO.     0
DPTR FM NORMAL     0    [PRESSURE DATA]
TOTAL FM JAN 1     0    HIGHEST SLP M ON M
DPTR FM NORMAL     0    LOWEST  SLP 29.43 ON  2

[REMARKS]
