000
CXUS55 KTWC 010855
CF6DUG
PRELIMINARY LOCAL CLIMATOLOGICAL DATA (WS FORM: F-6)

                                          STATION:   DOUGLAS AZ
                                          MONTH:     SEPTEMBER
                                          YEAR:      2014
                                          LATITUDE:   31 28 N
                                          LONGITUDE: 109 36 W

  TEMPERATURE IN F:       :PCPN:    SNOW:  WIND      :SUNSHINE: SKY     :PK WND
================================================================================
1   2   3   4   5  6A  6B    7    8   9   10  11  12  13   14  15   16   17  18
                                     12Z  AVG MX 2MIN
DY MAX MIN AVG DEP HDD CDD  WTR  SNW DPTH SPD SPD DIR MIN PSBL S-S WX    SPD DR
================================================================================

 1  96  56  76  -2   0  11 0.00  0.0    0  5.1 12 320   M    M   0        16 330
 2  97  57  77   0   0  12 0.00  0.0    0  5.0 18 350   M    M   0        23 350
 3  97  62  80   3   0  15 0.03  0.0    0  4.6 25 180   M    M   2 3      34 180
 4  93  67  80   3   0  15    T  0.0    0  6.2 25 310   M    M   2        30 310
 5  89  63  76  -1   0  11 0.00  0.0    0  5.4 16 170   M    M   4        19 170
 6  86  67  77   0   0  12 0.09  0.0    0  6.3 28 120   M    M   4 13     33 120
 7  85  67  76  -1   0  11 0.00  0.0    0 11.0 21  90   M    M   3        29  80
 8  81  67  74  -2   0   9 0.09  0.0    0  5.5 22 180   M    M   5 13     26 180
 9  88  62  75  -1   0  10 0.00  0.0    0  6.5 20 250   M    M   2 12     24 250
10  89  52  71  -5   0   6 0.00  0.0    0  6.2 16 310   M    M   0        24 280
11  92  56  74  -2   0   9 0.00  0.0    0  4.8 16 110   M    M   0        19 110
12  92  58  75  -1   0  10 0.00  0.0    0  9.9 22  90   M    M   1 3      29  90
13  85  64  75   0   0  10 0.00  0.0    0 15.3 24  80   M    M   0        31  80
14  87  61  74  -1   0   9 0.00  0.0    0 11.5 18  80   M    M   0        23  50
15  88  61  75   0   0  10    T  0.0    0  7.4 23 160   M    M   2        27 170
16  78  65  72  -2   0   7 0.23  0.0    0  8.0 20  60   M    M   8 1      24  60
17  75  65  70  -4   0   5 1.27  0.0    0 10.5 20 130   M    M   M 1      26 120
18  78  64  71  -3   0   6 1.63  0.0    0  7.4 20 130   M    M  10 1      23 130
19  85  66  76   2   0  11 0.00  0.0    0  3.3 10 320   M    M   6        13 320
20  86  63  75   2   0  10 0.00  0.0    0  4.6 16 310   M    M   1        25 340
21  86  63  75   2   0  10 0.16  0.0    0  3.7 16 190   M    M   3 13     20 190
22  86  64  75   2   0  10 0.63  0.0    0  5.1 29  30   M    M   4 13     34  40
23  86  62  74   2   0   9 0.00  0.0    0  5.3 15  60   M    M   0        19  60
24  90  62  76   4   0  11 0.00  0.0    0  7.3 17 120   M    M   0        23 110
25  89  62  76   4   0  11    T  0.0    0  4.6 14 150   M    M   1        19 150
26  86  60  73   2   0   8 0.00  0.0    0  4.3 14 210   M    M   M        17 200
27  84  59  72   1   0   7 0.00  0.0    0  7.3 18 180   M    M   M        24 160
28  84  62  73   2   0   8 0.00  0.0    0  9.5 21 250   M    M   M        28 240
29  85  61  73   3   0   8 0.00  0.0    0  8.3 18 210   M    M   1        27 210
30  86  53  70   0   0   5 0.00  0.0    0  6.2 20 250   M    M   0        25 260
================================================================================
SM 2609 1851         0 286  4.13     0.0 206.1          M       59
================================================================================
AV 87.0 61.7                               6.9 FASTST   M    M   2    MAX(MPH)
                                 MISC ---->  # 29  30               # 34  180
================================================================================
NOTES:
# LAST OF SEVERAL OCCURRENCES

COLUMN 17 PEAK WIND IN M.P.H.

PRELIMINARY LOCAL CLIMATOLOGICAL DATA (WS FORM: F-6) , PAGE 2

                                          STATION:  DOUGLAS AZ
                                          MONTH:    SEPTEMBER
                                          YEAR:     2014
                                          LATITUDE:   31 28 N
                                          LONGITUDE: 109 36 W

[TEMPERATURE DATA]      [PRECIPITATION DATA]       SYMBOLS USED IN COLUMN 16

AVERAGE MONTHLY: 74.3   TOTAL FOR MONTH:   4.13    1 = FOG OR MIST
DPTR FM NORMAL:   0.0   DPTR FM NORMAL:    2.59    2 = FOG REDUCING VISIBILITY
HIGHEST:    97 ON  3, 2 GRTST 24HR  2.83 ON 17-18      TO 1/4 MILE OR LESS
LOWEST:     52 ON 10                               3 = THUNDER
                        SNOW, ICE PELLETS, HAIL    4 = ICE PELLETS
                        TOTAL MONTH:   0.0 INCH    5 = HAIL
                        GRTST 24HR     0.0         6 = FREEZING RAIN OR DRIZZLE
                        GRTST DEPTH:   0           7 = DUSTSTORM OR SANDSTORM:
                                                       VSBY 1/2 MILE OR LESS
                                                   8 = SMOKE OR HAZE
[NO. OF DAYS WITH]      [WEATHER - DAYS WITH]      9 = BLOWING SNOW
                                                   X = TORNADO
MAX 32 OR BELOW:   0    0.01 INCH OR MORE:   8
MAX 90 OR ABOVE:   7    0.10 INCH OR MORE:   5
MIN 32 OR BELOW:   0    0.50 INCH OR MORE:   3
MIN  0 OR BELOW:   0    1.00 INCH OR MORE:   2

[HDD (BASE 65) ]
TOTAL THIS MO.     0    CLEAR  (SCALE 0-3)  19
DPTR FM NORMAL    -2    PTCLDY (SCALE 4-7)   6
TOTAL FM JUL 1     0    CLOUDY (SCALE 8-10)  1
DPTR FM NORMAL    -2

[CDD (BASE 65) ]
TOTAL THIS MO.   286
DPTR FM NORMAL     5    [PRESSURE DATA]
TOTAL FM JAN 1  1732    HIGHEST SLP M ON M
DPTR FM NORMAL   -19    LOWEST  SLP 29.60 ON  4

[REMARKS]
#FINAL-09-14#
