000
CXUS55 KTWC 200855
CF6DUG
PRELIMINARY LOCAL CLIMATOLOGICAL DATA (WS FORM: F-6)

                                          STATION:   DOUGLAS AZ
                                          MONTH:     FEBRUARY
                                          YEAR:      2018
                                          LATITUDE:   31 28 N
                                          LONGITUDE: 109 36 W

  TEMPERATURE IN F:       :PCPN:    SNOW:  WIND      :SUNSHINE: SKY     :PK WND
================================================================================
1   2   3   4   5  6A  6B    7    8   9   10  11  12  13   14  15   16   17  18
                                     12Z  AVG MX 2MIN
DY MAX MIN AVG DEP HDD CDD  WTR  SNW DPTH SPD SPD DIR MIN PSBL S-S WX    SPD DR
================================================================================

 1  74  23  49   1  16   0 0.00  0.0    0  4.9 10 120   M    M   M        25 150
 2  75  31  53   5  12   0 0.00  0.0    0  4.3 14 330   M    M   M        17 320
 3  74  36  55   7  10   0 0.00  0.0    0  6.9 20 310   M    M   M        25 330
 4  75  28  52   4  13   0 0.00  0.0    0  3.2 12  20   M    M   M         M  M
 5   M   M   M   M   M   M    M    M    M   M   M   M   M    M   M         M  M
 6  75  32  54   6  11   0 0.00  0.0    M  7.8 22 240   M    M   M        28 240
 7  70  30  50   2  15   0 0.00  0.0    M  5.4 14  20   M    M   M        44 150
 8  75  21  48   0  17   0 0.00  0.0    M  4.2 12  40   M    M   M        27 210
 9  79  27  53   4  12   0 0.00  0.0    M  4.6 16 280   M    M   M        19 280
10  74  39  57   8   8   0 0.00  0.0    M 12.2 28 250   M    M   M        38 220
11  69  47  58   9   7   0 0.00  0.0    M  8.5 21 170   M    M   M        25 170
12  70  45  58   9   7   0 0.00  0.0    M 16.3 29 210   M    M   M        39 170
13  69  36  53   4  12   0 0.00  0.0    M 10.8 25 180   M    M   M        32 220
14  60  50  55   5  10   0 0.01  0.0    M  4.2 14 180   M    M   M        16 210
15  58  52  55   5  10   0 0.48  0.0    M  9.1 20 220   M    M   M 1      23 210
16  58  51  55   5  10   0 0.39  0.0    M  5.5 16 240   M    M   M 1      19 240
17  65  43  54   4  11   0 0.02    M    M  3.9  9 110   M    M   M 1      12 120
18  69  45  57   7   8   0 0.02    M    M  9.5 26 230   M    M   M        34 240
19  64  48  56   6   9   0    T    M    M 14.0 33 240   M    M   M        42 230
================================================================================
SM 1253  684       198   0  0.92     0.0 135.3          M        M
================================================================================
AV 69.6 38.0                               7.5 FASTST   M    M -nan   MAX(MPH)
                                 MISC ---->  # 33 240               # 44  150
================================================================================
NOTES:
# LAST OF SEVERAL OCCURRENCES

COLUMN 17 PEAK WIND IN M.P.H.

PRELIMINARY LOCAL CLIMATOLOGICAL DATA (WS FORM: F-6) , PAGE 2

                                          STATION:  DOUGLAS AZ
                                          MONTH:    FEBRUARY
                                          YEAR:     2018
                                          LATITUDE:   31 28 N
                                          LONGITUDE: 109 36 W

[TEMPERATURE DATA]      [PRECIPITATION DATA]       SYMBOLS USED IN COLUMN 16

AVERAGE MONTHLY: 53.8   TOTAL FOR MONTH:   0.92    1 = FOG OR MIST
DPTR FM NORMAL:   4.9   DPTR FM NORMAL:    0.46    2 = FOG REDUCING VISIBILITY
HIGHEST:    79 ON  9    GRTST 24HR  0.48 ON 15-15      TO 1/4 MILE OR LESS
LOWEST:     21 ON  8                               3 = THUNDER
                        SNOW, ICE PELLETS, HAIL    4 = ICE PELLETS
                        TOTAL MONTH:   0.0 INCH    5 = HAIL
                        GRTST 24HR     0.0         6 = FREEZING RAIN OR DRIZZLE
                        GRTST DEPTH:   0           7 = DUSTSTORM OR SANDSTORM:
                                                       VSBY 1/2 MILE OR LESS
                                                   8 = SMOKE OR HAZE
[NO. OF DAYS WITH]      [WEATHER - DAYS WITH]      9 = BLOWING SNOW
                                                   X = TORNADO
MAX 32 OR BELOW:   0    0.01 INCH OR MORE:   5
MAX 90 OR ABOVE:   0    0.10 INCH OR MORE:   2
MIN 32 OR BELOW:   7    0.50 INCH OR MORE:   0
MIN  0 OR BELOW:   0    1.00 INCH OR MORE:   0

[HDD (BASE 65) ]
TOTAL THIS MO.   198    CLEAR  (SCALE 0-3)   0
DPTR FM NORMAL  -109    PTCLDY (SCALE 4-7)   0
TOTAL FM JUL 1  1476    CLOUDY (SCALE 8-10)  0
DPTR FM NORMAL  -436

[CDD (BASE 65) ]
TOTAL THIS MO.     0
DPTR FM NORMAL     0    [PRESSURE DATA]
TOTAL FM JAN 1     0    HIGHEST SLP M ON M
DPTR FM NORMAL     0    LOWEST  SLP 29.65 ON 19

[REMARKS]
