000
CXUS54 KEWX 210910
CF6DZB
PRELIMINARY LOCAL CLIMATOLOGICAL DATA (WS FORM: F-6)

                                          STATION:   Horseshoe Bay
                                          MONTH:     OCTOBER
                                          YEAR:      2014
                                          LATITUDE:   30 31 N
                                          LONGITUDE:  98 22 W

  TEMPERATURE IN F:       :PCPN:    SNOW:  WIND      :SUNSHINE: SKY     :PK WND
================================================================================
1   2   3   4   5  6A  6B    7    8   9   10  11  12  13   14  15   16   17  18
                                     12Z  AVG MX 2MIN
DY MAX MIN AVG DEP HDD CDD  WTR  SNW DPTH SPD SPD DIR MIN PSBL S-S WX    SPD DR
================================================================================

 1  92  72  82   M   0  17 0.00    M    M  5.4  9 160   M    M   3        17 180
 2  93  73  83   M   0  18 0.00    M    M  4.5 10 190   M    M   5        22 190
 3  84  54  69   M   0   4 0.00    M    M  4.2 12  40   M    M   0        20  10
 4  81  50  66   M   0   1 0.00    M    M  4.3 12 190   M    M   0        25 190
 5  86  65  76   M   0  11 0.00    M    M  7.3 13 190   M    M   5        22 180
 6  91  67  79   M   0  14 0.00    M    M  4.0  9 150   M    M   4        17 150
 7  94  72  83   M   0  18 0.00    M    M  4.7 12 180   M    M   3        16 180
 8  90  69  80   M   0  15 0.00    M    M  7.4 13 180   M    M   4        20 150
 9  91  74  83   M   0  18 0.00    M    M  8.2 14 170   M    M   3        28 180
10  91  74  83   M   0  18 0.00    M    M  6.8 13 170   M    M   5 3      27 200
11  78  57  68   M   0   3 1.50    M    M  6.4 15 350   M    M  10 3      27 350
12  76  60  68   M   0   3 0.02    M    M  3.4 12 170   M    M   8 1      20 170
13  77  57  67   M   0   2 0.17    M    M 12.6 23 180   M    M   3 3      36 180
14  78  51  65   M   0   0 0.00    M    M  5.3 13 330   M    M   0        18 330
15  85  46  66   M   0   1 0.00    M    M  1.1  7 160   M    M   0         M  M
16  87  53  70   M   0   5 0.00    M    M  5.8 12 180   M    M   0        22 190
17  88  56  72   M   0   7 0.00    M    M  3.7 12 190   M    M   0        17 190
18  85  61  73   M   0   8 0.00    M    M  1.8  9 180   M    M   3         M  M
19  82  62  72   M   0   7 0.00    M    M  2.3  8 140   M    M   5         M  M
20  82  57  70   M   0   5 0.00    M    M  1.2  5  20   M    M   2 1       M  M
================================================================================
SM 1711 1230         0 175  1.69    M    100.4          M       63
================================================================================
AV 85.6 61.5                               5.0 FASTST   M    M   3    MAX(MPH)
                                 MISC ---->  # 23 180                 36    M
================================================================================
NOTES:
# LAST OF SEVERAL OCCURRENCES

COLUMN 17 PEAK WIND IN M.P.H.

PRELIMINARY LOCAL CLIMATOLOGICAL DATA (WS FORM: F-6) , PAGE 2

                                          STATION:  Horseshoe Bay
                                          MONTH:    OCTOBER
                                          YEAR:     2014
                                          LATITUDE:   30 31 N
                                          LONGITUDE:  98 22 W

[TEMPERATURE DATA]      [PRECIPITATION DATA]       SYMBOLS USED IN COLUMN 16

AVERAGE MONTHLY: 73.5   TOTAL FOR MONTH:   1.69    1 = FOG OR MIST
DPTR FM NORMAL:     M   DPTR FM NORMAL:       M    2 = FOG REDUCING VISIBILITY
HIGHEST:    94 ON  7    GRTST 24HR  1.50 ON 11-11      TO 1/4 MILE OR LESS
LOWEST:     46 ON 15                               3 = THUNDER
                        SNOW, ICE PELLETS, HAIL    4 = ICE PELLETS
                        TOTAL MONTH:    M          5 = HAIL
                        GRTST 24HR    M  ON   M    6 = FREEZING RAIN OR DRIZZLE
                        GRTST DEPTH:  M  ON   M    7 = DUSTSTORM OR SANDSTORM:
                                                       VSBY 1/2 MILE OR LESS
                                                   8 = SMOKE OR HAZE
[NO. OF DAYS WITH]      [WEATHER - DAYS WITH]      9 = BLOWING SNOW
                                                   X = TORNADO
MAX 32 OR BELOW:   0    0.01 INCH OR MORE:   3
MAX 90 OR ABOVE:   7    0.10 INCH OR MORE:   2
MIN 32 OR BELOW:   0    0.50 INCH OR MORE:   1
MIN  0 OR BELOW:   0    1.00 INCH OR MORE:   1

[HDD (BASE 65) ]
TOTAL THIS MO.     0    CLEAR  (SCALE 0-3)  10
DPTR FM NORMAL     M    PTCLDY (SCALE 4-7)   8
TOTAL FM JUL 1     1    CLOUDY (SCALE 8-10)  2
DPTR FM NORMAL     M

[CDD (BASE 65) ]
TOTAL THIS MO.   175
DPTR FM NORMAL     M    [PRESSURE DATA]
TOTAL FM JAN 1  2741    HIGHEST SLP M ON M
DPTR FM NORMAL     M    LOWEST  SLP M ON M

[REMARKS]
