000
CXUS55 KEAX 250736
CF6EAX
PRELIMINARY LOCAL CLIMATOLOGICAL DATA (WS FORM: F-6)

                                          STATION:   Pleasant Hill NWS MO
                                          MONTH:     JULY
                                          YEAR:      2016
                                          LATITUDE:   38 48 N
                                          LONGITUDE:  94 16 W

  TEMPERATURE IN F:       :PCPN:    SNOW:  WIND      :SUNSHINE: SKY     :PK WND
================================================================================
1   2   3   4   5  6A  6B    7    8   9   10  11  12  13   14  15   16   17  18
                                     12Z  AVG MX 2MIN
DY MAX MIN AVG DEP HDD CDD  WTR  SNW DPTH SPD SPD DIR MIN PSBL S-S WX    SPD DR
================================================================================

 1  81  65  73  -4   0   8 0.00  0.0    0   M   M   M   0    0   0         0   0
 2  70  63  67 -10   0   2 2.00  0.0    0   M   M   M   0    0   0 3       0   0
 3  74  63  69  -8   0   4 0.49  0.0    0   M   M   M   0    0   0         0   0
 4  82  62  72  -5   0   7    T  0.0    0   M   M   M   0    0   0 1       0   0
 5  93  69  81   4   0  16 0.00  0.0    0   M   M   M   M    M   M         M  M
 6  89  75  82   5   0  17 0.00  0.0    0   M   M   M   0    0   0         0   0
 7  86  66  76  -2   0  11 0.78  0.0    0   M   M   M   0    0   0 3       0   0
 8  88  68  78   0   0  13    T  0.0    0   M   M   M   0    0   0         0   0
 9  89  70  80   2   0  15 0.00  0.0    0   M   M   M   0    0   0         0   0
10  90  70  80   2   0  15 0.00  0.0    0   M   M   M   0    0   0         0   0
11  89  71  80   2   0  15 0.00  0.0    0   M   M   M   0    0   0         0   0
12  85  65  75  -3   0  10 1.00  0.0    0   M   M   M   0    0   0         0   0
13  83  68  76  -2   0  11 0.44  0.0    0   M   M   M   0    0   0         0   0
14  83  69  76  -2   0  11 0.00  0.0    0   M   M   M   0    0   0         0   0
15  86  66  76  -2   0  11 0.00  0.0    0   M   M   M   0    0   0         0   0
16  88  68  78   0   0  13 0.00  0.0    0   M   M   M   0    0   0         0   0
17  92  73  83   5   0  18 0.00  0.0    0   M   M   M   0    0   0         0   0
18  90  73  82   4   0  17 0.00  0.0    0   M   M   M   0    0   0         0   0
19  93  74  84   6   0  19 0.00  0.0    0   M   M   M   0    0   0         0   0
20  94  75  85   7   0  20 0.00  0.0    0   M   M   M   0    0   0         0   0
21  94  77  86   8   0  21 0.00  0.0    0   M   M   M   0    0   0         0   0
22  92  77  85   7   0  20 0.00  0.0    0   M   M   M   0    0   0         0   0
23  95  76  86   8   0  21 0.00  0.0    0   M   M   M   0    0   0         0   0
24  97  76  87   9   0  22    T  0.0    0   M   M   M   0    0   0         0   0
================================================================================
SM 2103 1679         0 337  4.71     0.0     M            0      0
================================================================================
AV 87.6 70.0                                 M FASTST    0   0   0    MAX(MPH)
                                 MISC ---->     M   M               #  0    0
================================================================================
NOTES:
# LAST OF SEVERAL OCCURRENCES

COLUMN 17 PEAK WIND IN M.P.H.

PRELIMINARY LOCAL CLIMATOLOGICAL DATA (WS FORM: F-6) , PAGE 2

                                          STATION:  Pleasant Hill NWS MO
                                          MONTH:    JULY
                                          YEAR:     2016
                                          LATITUDE:   38 48 N
                                          LONGITUDE:  94 16 W

[TEMPERATURE DATA]      [PRECIPITATION DATA]       SYMBOLS USED IN COLUMN 16

AVERAGE MONTHLY: 78.8   TOTAL FOR MONTH:   4.71    1 = FOG OR MIST
DPTR FM NORMAL:   1.0   DPTR FM NORMAL:    1.33    2 = FOG REDUCING VISIBILITY
HIGHEST:    97 ON 24    GRTST 24HR  2.00 ON  2- 2      TO 1/4 MILE OR LESS
LOWEST:     62 ON  4                               3 = THUNDER
                        SNOW, ICE PELLETS, HAIL    4 = ICE PELLETS
                        TOTAL MONTH:   0.0 INCH    5 = HAIL
                        GRTST 24HR     0.0         6 = FREEZING RAIN OR DRIZZLE
                        GRTST DEPTH:   0           7 = DUSTSTORM OR SANDSTORM:
                                                       VSBY 1/2 MILE OR LESS
                                                   8 = SMOKE OR HAZE
[NO. OF DAYS WITH]      [WEATHER - DAYS WITH]      9 = BLOWING SNOW
                                                   X = TORNADO
MAX 32 OR BELOW:   0    0.01 INCH OR MORE:   5
MAX 90 OR ABOVE:  10    0.10 INCH OR MORE:   5
MIN 32 OR BELOW:   0    0.50 INCH OR MORE:   3
MIN  0 OR BELOW:   0    1.00 INCH OR MORE:   2

[HDD (BASE 65) ]
TOTAL THIS MO.     0    CLEAR  (SCALE 0-3)  23
DPTR FM NORMAL     0    PTCLDY (SCALE 4-7)   0
TOTAL FM JUL 1     0    CLOUDY (SCALE 8-10)  0
DPTR FM NORMAL     0

[CDD (BASE 65) ]
TOTAL THIS MO.   337
DPTR FM NORMAL    31    [PRESSURE DATA]
TOTAL FM JAN 1   809    HIGHEST SLP  0.00 ON M
DPTR FM NORMAL   154    LOWEST  SLP  0.00 ON M

[REMARKS]
