011
CXUS55 KEAX 170736
CF6EAX
PRELIMINARY LOCAL CLIMATOLOGICAL DATA (WS FORM: F-6)

                                          STATION:   Pleasant Hill NWS MO
                                          MONTH:     JANUARY
                                          YEAR:      2017
                                          LATITUDE:   38 48 N
                                          LONGITUDE:  94 16 W

  TEMPERATURE IN F:       :PCPN:    SNOW:  WIND      :SUNSHINE: SKY     :PK WND
================================================================================
1   2   3   4   5  6A  6B    7    8   9   10  11  12  13   14  15   16   17  18
                                     12Z  AVG MX 2MIN
DY MAX MIN AVG DEP HDD CDD  WTR  SNW DPTH SPD SPD DIR MIN PSBL S-S WX    SPD DR
================================================================================

 1  46  23  35   6  30   0 0.00  0.0    0   M   M   M   0    0   0         0   0
 2  50  38  44  15  21   0 0.13  0.0    0   M   M   M   0    0   0         0   0
 3  46  16  31   3  34   0    T  0.0    0   M   M   M   0    0   0         0   0
 4  22  11  17 -11  48   0 0.02  0.5    1  0.0  0   0   0    0   0         0   0
 5  16   4  10 -18  55   0 0.05  1.1    1   M   M   M   0    0   0         0   0
 6  13  -3   5 -23  60   0 0.00  0.0    1   M   M   M   0    0   0         0   0
 7  26   3  15 -13  50   0 0.00  0.0    1   M   M   M   0    0   0         0   0
 8  33   6  20  -8  45   0 0.00  0.0    1   M   M   M   0    0   0         0   0
 9  49  24  37   9  28   0 0.00  0.0    0   M   M   M   M    M   M         M  M
10  56  33  45  17  20   0    T  0.0    0   M   M   M   M    M   M         M  M
11  66  26  46  18  19   0 0.00  0.0    0   M   M   M   M    M   M         M  M
12  29  18  24  -4  41   0    T  0.0    0   M   M   M   M    M   M         M  M
13  26  20  23  -5  42   0 0.02  0.0    0   M   M   M   M    M   M         M  M
14  29  25  27  -1  38   0    T  0.0    0   M   M   M   M    M   M         M  M
15  33  29  31   3  34   0 0.11  0.0    0   M   M   M   M    M   M         M  M
16  57  33  45  17  20   0 0.00  0.0    0   M   M   M   M    M   M         M  M
================================================================================
SM  597  306       585   0  0.33     1.6   0.0            0      0
================================================================================
AV 37.3 19.1                               0.0 FASTST    0   0   0    MAX(MPH)
                                 MISC ---->  #  0   0               #  0    0
================================================================================
NOTES:
# LAST OF SEVERAL OCCURRENCES

COLUMN 17 PEAK WIND IN M.P.H.

PRELIMINARY LOCAL CLIMATOLOGICAL DATA (WS FORM: F-6) , PAGE 2

                                          STATION:  Pleasant Hill NWS MO
                                          MONTH:    JANUARY
                                          YEAR:     2017
                                          LATITUDE:   38 48 N
                                          LONGITUDE:  94 16 W

[TEMPERATURE DATA]      [PRECIPITATION DATA]       SYMBOLS USED IN COLUMN 16

AVERAGE MONTHLY: 28.2   TOTAL FOR MONTH:   0.33    1 = FOG OR MIST
DPTR FM NORMAL:   0.1   DPTR FM NORMAL:   -0.29    2 = FOG REDUCING VISIBILITY
HIGHEST:    66 ON 11    GRTST 24HR  0.13 ON  2- 2      TO 1/4 MILE OR LESS
LOWEST:     -3 ON  6                               3 = THUNDER
                        SNOW, ICE PELLETS, HAIL    4 = ICE PELLETS
                        TOTAL MONTH:   1.6 INCHES  5 = HAIL
                        GRTST 24HR   1.1 ON   M    6 = FREEZING RAIN OR DRIZZLE
                        GRTST DEPTH:   1 ON  8, 7  7 = DUSTSTORM OR SANDSTORM:
                                                       VSBY 1/2 MILE OR LESS
                                                   8 = SMOKE OR HAZE
[NO. OF DAYS WITH]      [WEATHER - DAYS WITH]      9 = BLOWING SNOW
                                                   X = TORNADO
MAX 32 OR BELOW:   7    0.01 INCH OR MORE:   5
MAX 90 OR ABOVE:   0    0.10 INCH OR MORE:   2
MIN 32 OR BELOW:  13    0.50 INCH OR MORE:   0
MIN  0 OR BELOW:   1    1.00 INCH OR MORE:   0

[HDD (BASE 65) ]
TOTAL THIS MO.   585    CLEAR  (SCALE 0-3)   8
DPTR FM NORMAL    -4    PTCLDY (SCALE 4-7)   0
TOTAL FM JUL 1  2181    CLOUDY (SCALE 8-10)  0
DPTR FM NORMAL  -422

[CDD (BASE 65) ]
TOTAL THIS MO.     0
DPTR FM NORMAL     0    [PRESSURE DATA]
TOTAL FM JAN 1     0    HIGHEST SLP  0.00 ON M
DPTR FM NORMAL     0    LOWEST  SLP  0.00 ON M

[REMARKS]
