392
CXUS55 KVEF 300940
CF6EED
PRELIMINARY LOCAL CLIMATOLOGICAL DATA (WS FORM: F-6)

                                          STATION:   NEEDLES CA
                                          MONTH:     MAY
                                          YEAR:      2016
                                          LATITUDE:   34 46 N
                                          LONGITUDE: 114 37 W

  TEMPERATURE IN F:       :PCPN:    SNOW:  WIND      :SUNSHINE: SKY     :PK WND
================================================================================
1   2   3   4   5  6A  6B    7    8   9   10  11  12  13   14  15   16   17  18
                                     12Z  AVG MX 2MIN
DY MAX MIN AVG DEP HDD CDD  WTR  SNW DPTH SPD SPD DIR MIN PSBL S-S WX    SPD DR
================================================================================

 1  84  59  72  -5   0   7 0.00  0.0    0  5.4 15  10   M    M   1        20  30
 2  89  62  76  -1   0  11    T  0.0    0  5.3 22  80   M    M   1        26  90
 3  94  69  82   4   0  17 0.00  0.0    0  6.8 21  10   M    M   0        25  20
 4 101  68  85   7   0  20 0.00  0.0    0  7.4 23 210   M    M   0        31 210
 5  92  73  83   5   0  18 0.00  0.0    0 13.9 32 200   M    M   0        49 170
 6  81  63  72  -7   0   7 0.01  0.0    0 10.0 28 260   M    M   4 3      33 260
 7  80  60  70  -9   0   5    T  0.0    0  5.7 18 250   M    M   4        23 230
 8  85  61  73  -6   0   8 0.00  0.0    0  6.2 16 260   M    M   3        22 270
 9  90  65  78  -2   0  13 0.00  0.0    0 10.0 21 190   M    M   0        27 190
10  93  68  81   1   0  16 0.00  0.0    0  6.7 16 210   M    M   0        21 180
11  96  71  84   4   0  19 0.00  0.0    0  9.9 23  20   M    M   0        30  30
12 102  75  89   8   0  24 0.00  0.0    0  7.9 18  30   M    M   0        22  30
13 105  71  88   7   0  23 0.00  0.0    0  7.5 21 190   M    M   0        29 200
14 103  78  91  10   0  26 0.00  0.0    0 11.7 24 220   M    M   0        33 220
15  95  76  86   4   0  21 0.00  0.0    0 10.3 23 250   M    M   0        30 200
16  95  70  83   1   0  18 0.00  0.0    0  6.8 21 120   M    M   0        28  60
17  88  74  81  -1   0  16    T  0.0    0 13.3 30  20   M    M   1        37  40
18  95  69  82   0   0  17 0.00  0.0    0  7.5 16  30   M    M   0        22  30
19 100  70  85   2   0  20 0.00  0.0    0 10.1 25 190   M    M   0        32 210
20  96  75  86   3   0  21 0.00  0.0    0 17.1 35 190   M    M   0        44 190
21  86  65  76  -7   0  11 0.00  0.0    0 11.2 24 240   M    M   0        30 240
22  88  64  76  -8   0  11 0.00  0.0    0  7.8 16 280   M    M   0        19 300
23  91  64  78  -6   0  13 0.00  0.0    0 10.2 23 200   M    M   0        29 180
24  89  70  80  -4   0  15 0.00  0.0    0 11.1 24 250   M    M   0        33 240
25  87  66  77  -7   0  12 0.00  0.0    0 10.4 28 280   M    M   0        34 280
26  92  65  79  -6   0  14 0.00  0.0    0  6.4 15  60   M    M   0        19 100
27  96  68  82  -3   0  17 0.00  0.0    0  6.8 18 210   M    M   0        23 220
28  99  72  86   1   0  21 0.00  0.0    0  7.9 23 190   M    M   0        29 180
29  96  74  85   0   0  20 0.00  0.0    0  9.6 25 180   M    M   0        32 190
================================================================================
SM 2688 1985         0 461  0.01     0.0 260.9          M       14
================================================================================
AV 92.7 68.4                               9.0 FASTST   M    M   0    MAX(MPH)
                                 MISC ---->  # 35 190               # 49  170
================================================================================
NOTES:
# LAST OF SEVERAL OCCURRENCES

COLUMN 17 PEAK WIND IN M.P.H.

PRELIMINARY LOCAL CLIMATOLOGICAL DATA (WS FORM: F-6) , PAGE 2

                                          STATION:  NEEDLES CA
                                          MONTH:    MAY
                                          YEAR:     2016
                                          LATITUDE:   34 46 N
                                          LONGITUDE: 114 37 W

[TEMPERATURE DATA]      [PRECIPITATION DATA]       SYMBOLS USED IN COLUMN 16

AVERAGE MONTHLY: 80.6   TOTAL FOR MONTH:   0.01    1 = FOG OR MIST
DPTR FM NORMAL:  -0.8   DPTR FM NORMAL:   -0.08    2 = FOG REDUCING VISIBILITY
HIGHEST:   105 ON 13    GRTST 24HR  0.01 ON  6- 6      TO 1/4 MILE OR LESS
LOWEST:     59 ON  1                               3 = THUNDER
                        SNOW, ICE PELLETS, HAIL    4 = ICE PELLETS
                        TOTAL MONTH:   0.0 INCH    5 = HAIL
                        GRTST 24HR     0.0         6 = FREEZING RAIN OR DRIZZLE
                        GRTST DEPTH:   0           7 = DUSTSTORM OR SANDSTORM:
                                                       VSBY 1/2 MILE OR LESS
                                                   8 = SMOKE OR HAZE
[NO. OF DAYS WITH]      [WEATHER - DAYS WITH]      9 = BLOWING SNOW
                                                   X = TORNADO
MAX 32 OR BELOW:   0    0.01 INCH OR MORE:   1
MAX 90 OR ABOVE:  19    0.10 INCH OR MORE:   0
MIN 32 OR BELOW:   0    0.50 INCH OR MORE:   0
MIN  0 OR BELOW:   0    1.00 INCH OR MORE:   0

[HDD (BASE 65) ]
TOTAL THIS MO.     0    CLEAR  (SCALE 0-3)  27
DPTR FM NORMAL     0    PTCLDY (SCALE 4-7)   2
TOTAL FM JUL 1   968    CLOUDY (SCALE 8-10)  0
DPTR FM NORMAL  -202

[CDD (BASE 65) ]
TOTAL THIS MO.   461
DPTR FM NORMAL   -13    [PRESSURE DATA]
TOTAL FM JAN 1   976    HIGHEST SLP M ON M
DPTR FM NORMAL   190    LOWEST  SLP 29.49 ON 19

[REMARKS]
