000
CXUS55 KGJT 261000
CF6EEO
PRELIMINARY LOCAL CLIMATOLOGICAL DATA (WS FORM: F-6)

                                          STATION:   MEEKER CO
                                          MONTH:     MAY
                                          YEAR:      2017
                                          LATITUDE:   40  2 N
                                          LONGITUDE: 107 53 W

  TEMPERATURE IN F:       :PCPN:    SNOW:  WIND      :SUNSHINE: SKY     :PK WND
================================================================================
1   2   3   4   5  6A  6B    7    8   9   10  11  12  13   14  15   16   17  18
                                     12Z  AVG MX 2MIN
DY MAX MIN AVG DEP HDD CDD  WTR  SNW DPTH SPD SPD DIR MIN PSBL S-S WX    SPD DR
================================================================================

 1  63  30  47   1  18   0 0.00    M    M  4.6 17 290   M    M   5        23 270
 2  59  32  46  -1  19   0    T    M    M  4.6 20  20   M    M   8        26  20
 3  64  29  47   0  18   0 0.00    M    M  4.8 18  10   M    M   1        23  10
 4  74  30  52   5  13   0 0.00    M    M  4.2 13  10   M    M   0        21 210
 5  80  35  58  10   7   0 0.00    M    M  4.4 13 100   M    M   0        24  40
 6  77  37  57   9   8   0    T    M    M  7.6 30 230   M    M   0        38 240
 7  74  48  61  13   4   0 0.04    M    M  6.9 32 180   M    M   4 3      39 190
 8  75  38  57   8   8   0 0.07    M    M  5.1 17  10   M    M   1 13     23 350
 9  70  38  54   5  11   0 0.20    M    M  7.1 33 220   M    M   2 3      40 220
10  59  43  51   2  14   0 0.52    M    M  5.1 14  20   M    M   8 1      19 130
11  70  34  52   2  13   0 0.00    M    M  5.6 15 230   M    M   0        19  10
12  77  35  56   6   9   0 0.00    M    M  7.6 22 180   M    M   1        31 180
13  77  45  61  11   4   0 0.00    M    M 15.2 33 230   M    M   1        44 240
14  75  32  54   3  11   0 0.00    M    M  8.8 28 220   M    M   0        43 180
15  73  36  55   4  10   0    T    M    M  9.2 25 200   M    M   2 3      33 200
16  67  39  53   1  12   0    T    M    M  8.1 23 280   M    M   4        34 200
17  51  33  42 -10  23   0 0.28    M    M  7.4 33 250   M    M   9 1      43 230
18  41  30  36 -16  29   0 0.19    M    M  5.8 15 330   M    M  10 1      19 300
19  45  33  39 -14  26   0 0.02    M    M  5.2 16 320   M    M  10 1      21 270
20  55  27  41 -12  24   0    T    M    M  3.7 16  30   M    M   4        19  30
21  63  34  49  -4  16   0 0.02    M    M  4.8 18 270   M    M   7        29 100
22  66  33  50  -4  15   0 0.03    M    M  5.6 35 340   M    M   5 1      42 340
23  64  30  47  -7  18   0 0.00    M    M  3.5 16 360   M    M   1        26 350
24  80  35  58   4   7   0    T    M    M  8.7 30 260   M    M   1        45 260
25  67  42  55   0  10   0 0.06    M    M  8.7 33 220   M    M   5 3      47 230
================================================================================
SM 1666  878       347   0  1.43    M    162.3          M       89
================================================================================
AV 66.6 35.1                               6.5 FASTST   M    M   4    MAX(MPH)
                                 MISC ---->  # 35 340               # 47  230
================================================================================
NOTES:
# LAST OF SEVERAL OCCURRENCES

COLUMN 17 PEAK WIND IN M.P.H.

PRELIMINARY LOCAL CLIMATOLOGICAL DATA (WS FORM: F-6) , PAGE 2

                                          STATION:  MEEKER CO
                                          MONTH:    MAY
                                          YEAR:     2017
                                          LATITUDE:   40  2 N
                                          LONGITUDE: 107 53 W

[TEMPERATURE DATA]      [PRECIPITATION DATA]       SYMBOLS USED IN COLUMN 16

AVERAGE MONTHLY: 50.9   TOTAL FOR MONTH:   1.43    1 = FOG OR MIST
DPTR FM NORMAL:   0.4   DPTR FM NORMAL:    0.20    2 = FOG REDUCING VISIBILITY
HIGHEST:    80 ON 24, 5 GRTST 24HR  0.52 ON 10-10      TO 1/4 MILE OR LESS
LOWEST:     27 ON 20                               3 = THUNDER
                        SNOW, ICE PELLETS, HAIL    4 = ICE PELLETS
                        TOTAL MONTH:    M          5 = HAIL
                        GRTST 24HR    M  ON   M    6 = FREEZING RAIN OR DRIZZLE
                        GRTST DEPTH:  M  ON   M    7 = DUSTSTORM OR SANDSTORM:
                                                       VSBY 1/2 MILE OR LESS
                                                   8 = SMOKE OR HAZE
[NO. OF DAYS WITH]      [WEATHER - DAYS WITH]      9 = BLOWING SNOW
                                                   X = TORNADO
MAX 32 OR BELOW:   0    0.01 INCH OR MORE:  10
MAX 90 OR ABOVE:   0    0.10 INCH OR MORE:   4
MIN 32 OR BELOW:   8    0.50 INCH OR MORE:   1
MIN  0 OR BELOW:   0    1.00 INCH OR MORE:   0

[HDD (BASE 65) ]
TOTAL THIS MO.   347    CLEAR  (SCALE 0-3)  13
DPTR FM NORMAL   -16    PTCLDY (SCALE 4-7)   9
TOTAL FM JUL 1  6652    CLOUDY (SCALE 8-10)  3
DPTR FM NORMAL -1124

[CDD (BASE 65) ]
TOTAL THIS MO.     0
DPTR FM NORMAL     0    [PRESSURE DATA]
TOTAL FM JAN 1     0    HIGHEST SLP M ON M
DPTR FM NORMAL     0    LOWEST  SLP 29.36 ON 25

[REMARKS]
