000
CXUS55 KGJT 251000
CF6EEO
PRELIMINARY LOCAL CLIMATOLOGICAL DATA (WS FORM: F-6)

                                          STATION:   MEEKER CO
                                          MONTH:     APRIL
                                          YEAR:      2017
                                          LATITUDE:   40  2 N
                                          LONGITUDE: 107 53 W

  TEMPERATURE IN F:       :PCPN:    SNOW:  WIND      :SUNSHINE: SKY     :PK WND
================================================================================
1   2   3   4   5  6A  6B    7    8   9   10  11  12  13   14  15   16   17  18
                                     12Z  AVG MX 2MIN
DY MAX MIN AVG DEP HDD CDD  WTR  SNW DPTH SPD SPD DIR MIN PSBL S-S WX    SPD DR
================================================================================

 1  49  35  42   3  23   0 0.00    M    M  5.2 16 320   M    M   9        20 320
 2  54  32  43   3  22   0 0.27    M    M  3.9 25 230   M    M   8 13     36 240
 3  50  28  39  -1  26   0 0.01    M    M  4.2 24  20   M    M   4 1      30  20
 4  43  22  33  -7  32   0    T    M    M  7.4 24  10   M    M   6        34 350
 5  52  17  35  -5  30   0 0.00    M    M  5.7 16 310   M    M   1        24 300
 6  66  24  45   5  20   0 0.00    M    M  4.3 13 220   M    M   0        16 230
 7  71  34  53  13  12   0 0.00    M    M 12.1 31 240   M    M   3        44 230
 8  65  41  53  12  12   0    T    M    M 15.5 39 190   M    M   3        53 190
 9  47  20  34  -7  31   0 0.02    M    M 10.2 28 200   M    M   6 3      38 290
10  56  15  36  -5  29   0 0.00    M    M  4.4 16 270   M    M   0        18 300
11  64  20  42   1  23   0 0.00    M    M  5.4 21 190   M    M   0        29 220
12  73  27  50   9  15   0 0.00    M    M  2.7 13 240   M    M   1        17 300
13  75  28  52  10  13   0 0.00    M    M  9.6 30 200   M    M   0        41 200
14  70  33  52  10  13   0 0.00    M    M  8.3 26 240   M    M   0        33 250
15  62  29  46   4  19   0 0.00    M    M  5.8 18 320   M    M   0        25 320
16  68  30  49   7  16   0 0.00    M    M  3.3 15 250   M    M   0        20 250
17  71  29  50   8  15   0 0.00    M    M 11.7 33 260   M    M   4        43 250
18  75  32  54  11  11   0 0.00    M    M  8.9 33 230   M    M   1        43 240
19  60  31  46   3  19   0 0.05    M    M  6.4 22 270   M    M   7        28 270
20  64  26  45   2  20   0 0.25    M    M  5.6 32 280   M    M   4 13     47 280
21  49  33  41  -2  24   0 0.10    M    M  4.7 17 310   M    M   8 1      24 310
22  59  28  44   0  21   0 0.00    M    M  3.5 10 290   M    M   2        15 120
23  70  28  49   5  16   0    T    M    M  8.7 31 300   M    M   1        37 290
24  62  37  50   6  15   0 0.36    M    M 10.1 32 220   M    M   7 1      40 220
================================================================================
SM 1475  679       477   0  1.06    M    167.6          M       75
================================================================================
AV 61.5 28.3                               7.0 FASTST   M    M   3    MAX(MPH)
                                 MISC ---->  # 39 190               # 53  190
================================================================================
NOTES:
# LAST OF SEVERAL OCCURRENCES

COLUMN 17 PEAK WIND IN M.P.H.

PRELIMINARY LOCAL CLIMATOLOGICAL DATA (WS FORM: F-6) , PAGE 2

                                          STATION:  MEEKER CO
                                          MONTH:    APRIL
                                          YEAR:     2017
                                          LATITUDE:   40  2 N
                                          LONGITUDE: 107 53 W

[TEMPERATURE DATA]      [PRECIPITATION DATA]       SYMBOLS USED IN COLUMN 16

AVERAGE MONTHLY: 44.9   TOTAL FOR MONTH:   1.06    1 = FOG OR MIST
DPTR FM NORMAL:   3.3   DPTR FM NORMAL:   -0.15    2 = FOG REDUCING VISIBILITY
HIGHEST:    75 ON 18,13 GRTST 24HR  0.36 ON 24-24      TO 1/4 MILE OR LESS
LOWEST:     15 ON 10                               3 = THUNDER
                        SNOW, ICE PELLETS, HAIL    4 = ICE PELLETS
                        TOTAL MONTH:    M          5 = HAIL
                        GRTST 24HR    M  ON   M    6 = FREEZING RAIN OR DRIZZLE
                        GRTST DEPTH:  M  ON   M    7 = DUSTSTORM OR SANDSTORM:
                                                       VSBY 1/2 MILE OR LESS
                                                   8 = SMOKE OR HAZE
[NO. OF DAYS WITH]      [WEATHER - DAYS WITH]      9 = BLOWING SNOW
                                                   X = TORNADO
MAX 32 OR BELOW:   0    0.01 INCH OR MORE:   7
MAX 90 OR ABOVE:   0    0.10 INCH OR MORE:   4
MIN 32 OR BELOW:  18    0.50 INCH OR MORE:   0
MIN  0 OR BELOW:   0    1.00 INCH OR MORE:   0

[HDD (BASE 65) ]
TOTAL THIS MO.   477    CLEAR  (SCALE 0-3)  13
DPTR FM NORMAL   -85    PTCLDY (SCALE 4-7)   9
TOTAL FM JUL 1  6145    CLOUDY (SCALE 8-10)  2
DPTR FM NORMAL -1149

[CDD (BASE 65) ]
TOTAL THIS MO.     0
DPTR FM NORMAL     0    [PRESSURE DATA]
TOTAL FM JAN 1     0    HIGHEST SLP M ON M
DPTR FM NORMAL     0    LOWEST  SLP 29.41 ON 24

[REMARKS]
