000
CXUS54 KBMX 251216
CF6EET
PRELIMINARY LOCAL CLIMATOLOGICAL DATA (WS FORM: F-6)

                                          STATION:   SHELBY COUNTY AIRPORT
                                          MONTH:     APRIL
                                          YEAR:      2017
                                          LATITUDE:   33 10 N
                                          LONGITUDE:  86 47 W

  TEMPERATURE IN F:       :PCPN:    SNOW:  WIND      :SUNSHINE: SKY     :PK WND
================================================================================
1   2   3   4   5  6A  6B    7    8   9   10  11  12  13   14  15   16   17  18
                                     12Z  AVG MX 2MIN
DY MAX MIN AVG DEP HDD CDD  WTR  SNW DPTH SPD SPD DIR MIN PSBL S-S WX    SPD DR
================================================================================

 1  81  50  66   7   0   1 0.00  0.0    0  2.6 13 320   M    M   0        16 310
 2  84  55  70  11   0   5 0.00  0.0    0  3.4 14 160   M    M   0 3      19 160
 3  75  59  67   7   0   2 1.93  0.0    0  7.1 26 320   M    M   5 13     39 310
 4  83  55  69   9   0   4 0.00  0.0    0  2.6 12 180   M    M   0 1      18 200
 5  84  56  70  10   0   5 1.62  0.0    0  7.6 25 290   M    M   5 13     40 290
 6  64  50  57  -3   8   0    T  0.0    0 10.5 23 310   M    M   4        39 290
 7  67  43  55  -5  10   0 0.00  0.0    0  6.7 18 300   M    M   0        27 310
 8  74  39  57  -4   8   0 0.00  0.0    0  0.8  9 350   M    M   0        12 350
 9  80  44  62   1   3   0 0.00  0.0    0  4.0 14 160   M    M   0        18 140
10  80  50  65   4   0   0 0.00  0.0    0  3.7 13 180   M    M   0        24 150
11  80  57  69   8   0   4 0.00  0.0    0  2.6 13 190   M    M   0        17 180
12  83  60  72  10   0   7 0.00  0.0    0  1.8  9 310   M    M   2        13 300
13  87  57  72  10   0   7 0.00  0.0    0  1.4  8 170   M    M   2        12 150
14  85  60  73  11   0   8 0.00  0.0    0  3.0 13 150   M    M   0 1      23 140
15  83  59  71   9   0   6 0.00  0.0    0  4.6 15 160   M    M   1        21 170
16  82  58  70   7   0   5 0.00  0.0    0  2.7 16 180   M    M   1 18     20 210
17  83  61  72   9   0   7    T  0.0    0  2.4  9 290   M    M   5 1      15 210
18  87  64  76  13   0  11 0.00  0.0    0  3.0 13 180   M    M   3        19 160
19  86  62  74  11   0   9 0.00  0.0    0  3.0 12 180   M    M   1        17 140
20  87  62  75  11   0  10 0.00  0.0    0  2.3 13 180   M    M   2 18     17 180
21  88  61  75  11   0  10 0.00  0.0    0  4.1 14 170   M    M   1        20 170
22  83  61  72   8   0   7 0.32  0.0    0  5.8 14 190   M    M   4 138    21 210
23  66  52  59  -5   6   0 0.47  0.0    0  6.3 16 290   M    M  10 13     22 320
24  73  51  62  -3   3   0 0.00  0.0    0  5.7 13 300   M    M   6        19 310
================================================================================
SM 1925 1326        38 108  4.34     0.0  97.7          M       52
================================================================================
AV 80.2 55.3                               4.1 FASTST   M    M   2    MAX(MPH)
                                 MISC ---->  # 26 320               # 40  290
================================================================================
NOTES:
# LAST OF SEVERAL OCCURRENCES

COLUMN 17 PEAK WIND IN M.P.H.

PRELIMINARY LOCAL CLIMATOLOGICAL DATA (WS FORM: F-6) , PAGE 2

                                          STATION:  SHELBY COUNTY AIRPORT
                                          MONTH:    APRIL
                                          YEAR:     2017
                                          LATITUDE:   33 10 N
                                          LONGITUDE:  86 47 W

[TEMPERATURE DATA]      [PRECIPITATION DATA]       SYMBOLS USED IN COLUMN 16

AVERAGE MONTHLY: 67.7   TOTAL FOR MONTH:   4.34    1 = FOG OR MIST
DPTR FM NORMAL:   5.9   DPTR FM NORMAL:    1.20    2 = FOG REDUCING VISIBILITY
HIGHEST:    88 ON 21    GRTST 24HR  1.93 ON  3- 3      TO 1/4 MILE OR LESS
LOWEST:     39 ON  8                               3 = THUNDER
                        SNOW, ICE PELLETS, HAIL    4 = ICE PELLETS
                        TOTAL MONTH:   0.0 INCH    5 = HAIL
                        GRTST 24HR     0.0         6 = FREEZING RAIN OR DRIZZLE
                        GRTST DEPTH:   0           7 = DUSTSTORM OR SANDSTORM:
                                                       VSBY 1/2 MILE OR LESS
                                                   8 = SMOKE OR HAZE
[NO. OF DAYS WITH]      [WEATHER - DAYS WITH]      9 = BLOWING SNOW
                                                   X = TORNADO
MAX 32 OR BELOW:   0    0.01 INCH OR MORE:   4
MAX 90 OR ABOVE:   0    0.10 INCH OR MORE:   4
MIN 32 OR BELOW:   0    0.50 INCH OR MORE:   2
MIN  0 OR BELOW:   0    1.00 INCH OR MORE:   2

[HDD (BASE 65) ]
TOTAL THIS MO.    38    CLEAR  (SCALE 0-3)  16
DPTR FM NORMAL   -78    PTCLDY (SCALE 4-7)   7
TOTAL FM JUL 1  1585    CLOUDY (SCALE 8-10)  1
DPTR FM NORMAL  -969

[CDD (BASE 65) ]
TOTAL THIS MO.   108
DPTR FM NORMAL    68    [PRESSURE DATA]
TOTAL FM JAN 1   173    HIGHEST SLP M ON M
DPTR FM NORMAL   116    LOWEST  SLP 29.64 ON  3

[REMARKS]
