000
CXUS56 KLKN 271009
CF6EKO
PRELIMINARY LOCAL CLIMATOLOGICAL DATA (WS FORM: F-6)

                                          STATION:   ELKO AIRPORT NV
                                          MONTH:     MARCH
                                          YEAR:      2015
                                          LATITUDE:   40 49 N
                                          LONGITUDE: 115 47 W

  TEMPERATURE IN F:       :PCPN:    SNOW:  WIND      :SUNSHINE: SKY     :PK WND
================================================================================
1   2   3   4   5  6A  6B    7    8   9   10  11  12  13   14  15   16   17  18
                                     12Z  AVG MX 2MIN
DY MAX MIN AVG DEP HDD CDD  WTR  SNW DPTH SPD SPD DIR MIN PSBL S-S WX    SPD DR
================================================================================

 1  46  25  36   1  29   0 0.00  0.0    T  6.4 17  40   M    M   4        21  40
 2  47  21  34  -1  31   0    T    T    0  5.2 30 270   M    M   6 1      38 260
 3  37  18  28  -7  37   0 0.05  0.7    1  7.7 21 330   M    M   5 18     27 330
 4  45  12  29  -7  36   0 0.00  0.0    0  3.8 16 210   M    M   0        20 210
 5  55  14  35  -1  30   0 0.00  0.0    0  4.3 13 270   M    M   0        17 220
 6  62  16  39   3  26   0 0.00  0.0    0  3.0 10  50   M    M   0        13  60
 7  65  20  43   6  22   0 0.00  0.0    0  2.3 14 270   M    M   0        17 260
 8  64  17  41   4  24   0 0.00  0.0    0  5.0 16 340   M    M   0        21 290
 9  64  19  42   5  23   0 0.00  0.0    0  3.1 12 200   M    M   0        15 180
10  70  19  45   7  20   0 0.00  0.0    0  3.2 10  70   M    M   0        15  40
11  58  43  51  13  14   0 0.00  0.0    0  7.6 24 250   M    M   7        29 270
12  62  33  48  10  17   0 0.00  0.0    0  5.4 17 340   M    M   6        21 340
13  66  24  45   7  20   0 0.00  0.0    0  2.9  8 330   M    M   0        12 220
14  72  35  54  15  11   0 0.00  0.0    0  6.4 22 250   M    M   4        26 240
15  71  41  56  17   9   0 0.00  0.0    0  7.1 24 200   M    M   0        32 200
16  72  36  54  15  11   0 0.00  0.0    0  4.4 15  30   M    M   0        18  40
17  65  35  50  10  15   0 0.00  0.0    0  5.9 18 280   M    M   3        23 260
18  62  30  46   6  19   0 0.00  0.0    0  4.1 16 340   M    M   1        19 340
19  64  19  42   2  23   0 0.00  0.0    0  2.2  9 280   M    M   0        11 290
20  72  19  46   6  19   0 0.00  0.0    0  4.3 17 260   M    M   0        23 250
21  66  31  49   9  16   0 0.00  0.0    0  7.0 24 270   M    M   2        30 250
22  63  28  46   6  19   0 0.00  0.0    0  4.8 21 260   M    M   1        30 260
23  53  28  41   0  24   0 0.11    T    0 11.6 32 280   M    M   5 15     41 270
24  54  27  41   0  24   0    T  0.0    0 10.4 28 260   M    M   5        34 260
25  58  23  41   0  24   0 0.00  0.0    0  3.6 15 270   M    M   2        25 220
26  67  27  47   6  18   0 0.00  0.0    0  3.2  8  80   M    M   0        13 240
================================================================================
SM 1580  660       561   0  0.16     0.7 134.9          M       51
================================================================================
AV 60.8 25.4                               5.2 FASTST   M    M   2    MAX(MPH)
                                 MISC ---->  # 32 280               # 41  270
================================================================================
NOTES:
# LAST OF SEVERAL OCCURRENCES

COLUMN 17 PEAK WIND IN M.P.H.

PRELIMINARY LOCAL CLIMATOLOGICAL DATA (WS FORM: F-6) , PAGE 2

                                          STATION:  ELKO AIRPORT NV
                                          MONTH:    MARCH
                                          YEAR:     2015
                                          LATITUDE:   40 49 N
                                          LONGITUDE: 115 47 W

[TEMPERATURE DATA]      [PRECIPITATION DATA]       SYMBOLS USED IN COLUMN 16

AVERAGE MONTHLY: 43.1   TOTAL FOR MONTH:   0.16    1 = FOG OR MIST
DPTR FM NORMAL:   4.7   DPTR FM NORMAL:   -0.68    2 = FOG REDUCING VISIBILITY
HIGHEST:    72 ON 20,16 GRTST 24HR  0.11 ON 23-23      TO 1/4 MILE OR LESS
LOWEST:     12 ON  4                               3 = THUNDER
                        SNOW, ICE PELLETS, HAIL    4 = ICE PELLETS
                        TOTAL MONTH:   0.7 INCH    5 = HAIL
                        GRTST 24HR   0.7 ON   M    6 = FREEZING RAIN OR DRIZZLE
                        GRTST DEPTH:   1 ON  3     7 = DUSTSTORM OR SANDSTORM:
                                                       VSBY 1/2 MILE OR LESS
                                                   8 = SMOKE OR HAZE
[NO. OF DAYS WITH]      [WEATHER - DAYS WITH]      9 = BLOWING SNOW
                                                   X = TORNADO
MAX 32 OR BELOW:   0    0.01 INCH OR MORE:   2
MAX 90 OR ABOVE:   0    0.10 INCH OR MORE:   1
MIN 32 OR BELOW:  20    0.50 INCH OR MORE:   0
MIN  0 OR BELOW:   0    1.00 INCH OR MORE:   0

[HDD (BASE 65) ]
TOTAL THIS MO.   561    CLEAR  (SCALE 0-3)  18
DPTR FM NORMAL  -133    PTCLDY (SCALE 4-7)   8
TOTAL FM JUL 1  4569    CLOUDY (SCALE 8-10)  0
DPTR FM NORMAL -1293

[CDD (BASE 65) ]
TOTAL THIS MO.     0
DPTR FM NORMAL     0    [PRESSURE DATA]
TOTAL FM JAN 1     0    HIGHEST SLP M ON M
DPTR FM NORMAL     0    LOWEST  SLP 29.68 ON  2

[REMARKS]
