000
CXUS56 KLKN 201009
CF6ELY
PRELIMINARY LOCAL CLIMATOLOGICAL DATA (WS FORM: F-6)

                                          STATION:   ELY AIRPORT NV
                                          MONTH:     FEBRUARY
                                          YEAR:      2018
                                          LATITUDE:   39 16 N
                                          LONGITUDE: 114 51 W

  TEMPERATURE IN F:       :PCPN:    SNOW:  WIND      :SUNSHINE: SKY     :PK WND
================================================================================
1   2   3   4   5  6A  6B    7    8   9   10  11  12  13   14  15   16   17  18
                                     12Z  AVG MX 2MIN
DY MAX MIN AVG DEP HDD CDD  WTR  SNW DPTH SPD SPD DIR MIN PSBL S-S WX    SPD DR
================================================================================

 1  53  26  40  14  25   0 0.00  0.0    4  6.5 16 170   M    M   5        23 300
 2  55  24  40  14  25   0 0.00  0.0    3  6.7 14 170   M    M   0        21 160
 3  52  23  38  12  27   0 0.00  0.0    2  7.9 17 310   M    M   1        27 340
 4  55  25  40  13  25   0 0.00  0.0    T  6.5 13 170   M    M   0        16 270
 5  50  24  37  10  28   0 0.00  0.0    T  6.5 20 290   M    M   4        29 280
 6  46  22  34   7  31   0 0.00  0.0    0  6.9 16  40   M    M   0        25 230
 7  55  19  37  10  28   0 0.00  0.0    0  6.5 14 170   M    M   0        23 230
 8  62  22  42  15  23   0 0.00  0.0    0  9.2 16 190   M    M   0        22 210
 9  56  24  40  12  25   0 0.00  0.0    0  8.1 18 260   M    M   0        30 270
10  41  12  27  -1  38   0    T    T    0  9.9 29 320   M    M   2        40 340
11  45   8  27  -1  38   0 0.00  0.0    0 12.3 25 170   M    M   3        36 190
12  38  20  29   1  36   0 0.02  0.4    0  8.6 20 360   M    M   8 1      24 350
13  43  12  28   0  37   0 0.00  0.0    0  6.9 17  20   M    M   3        21  20
14  46  17  32   3  33   0    T    T    0  9.0 22 200   M    M   6        29 200
15  36  10  23  -6  42   0 0.00  0.0    T  8.5 21 320   M    M   3        28 280
16  49   8  29   0  36   0 0.00  0.0    0  8.8 17 290   M    M   0        24 240
17  56  15  36   7  29   0 0.00  0.0    0 13.2 25 150   M    M   0        32 150
18  55  28  42  12  23   0 0.00  0.0    0 15.4 40 200   M    M   4 8      55 190
19  29  -3  13 -17  52   0 0.05  0.3    T 10.0 22 360   M    M   6        26  10
================================================================================
SM  922  336       601   0  0.07     0.7 167.4          M       45
================================================================================
AV 48.5 17.7                               8.8 FASTST   M    M   2    MAX(MPH)
                                 MISC ---->  # 40 200               # 55  190
================================================================================
NOTES:
# LAST OF SEVERAL OCCURRENCES

COLUMN 17 PEAK WIND IN M.P.H.

PRELIMINARY LOCAL CLIMATOLOGICAL DATA (WS FORM: F-6) , PAGE 2

                                          STATION:  ELY AIRPORT NV
                                          MONTH:    FEBRUARY
                                          YEAR:     2018
                                          LATITUDE:   39 16 N
                                          LONGITUDE: 114 51 W

[TEMPERATURE DATA]      [PRECIPITATION DATA]       SYMBOLS USED IN COLUMN 16

AVERAGE MONTHLY: 33.1   TOTAL FOR MONTH:   0.07    1 = FOG OR MIST
DPTR FM NORMAL:   5.3   DPTR FM NORMAL:   -0.42    2 = FOG REDUCING VISIBILITY
HIGHEST:    62 ON  8    GRTST 24HR  0.05 ON 19-19      TO 1/4 MILE OR LESS
LOWEST:     -3 ON 19                               3 = THUNDER
                        SNOW, ICE PELLETS, HAIL    4 = ICE PELLETS
                        TOTAL MONTH:   0.7 INCH    5 = HAIL
                        GRTST 24HR   0.4 ON 12-12  6 = FREEZING RAIN OR DRIZZLE
                        GRTST DEPTH:   4 ON  1     7 = DUSTSTORM OR SANDSTORM:
                                                       VSBY 1/2 MILE OR LESS
                                                   8 = SMOKE OR HAZE
[NO. OF DAYS WITH]      [WEATHER - DAYS WITH]      9 = BLOWING SNOW
                                                   X = TORNADO
MAX 32 OR BELOW:   1    0.01 INCH OR MORE:   2
MAX 90 OR ABOVE:   0    0.10 INCH OR MORE:   0
MIN 32 OR BELOW:  19    0.50 INCH OR MORE:   0
MIN  0 OR BELOW:   1    1.00 INCH OR MORE:   0

[HDD (BASE 65) ]
TOTAL THIS MO.   601    CLEAR  (SCALE 0-3)  12
DPTR FM NORMAL  -104    PTCLDY (SCALE 4-7)   6
TOTAL FM JUL 1  4395    CLOUDY (SCALE 8-10)  1
DPTR FM NORMAL  -639

[CDD (BASE 65) ]
TOTAL THIS MO.     0
DPTR FM NORMAL     0    [PRESSURE DATA]
TOTAL FM JAN 1     0    HIGHEST SLP M ON M
DPTR FM NORMAL     0    LOWEST  SLP 29.52 ON 18

[REMARKS]
