000
CXUS56 KOTX 260900
CF6EPH
PRELIMINARY LOCAL CLIMATOLOGICAL DATA (WS FORM: F-6)

                                          STATION:   EPHRATA WA AIRPORT
                                          MONTH:     FEBRUARY
                                          YEAR:      2017
                                          LATITUDE:   47 18 N
                                          LONGITUDE: 119 31 W

  TEMPERATURE IN F:       :PCPN:    SNOW:  WIND      :SUNSHINE: SKY     :PK WND
================================================================================
1   2   3   4   5  6A  6B    7    8   9   10  11  12  13   14  15   16   17  18
                                     12Z  AVG MX 2MIN
DY MAX MIN AVG DEP HDD CDD  WTR  SNW DPTH SPD SPD DIR MIN PSBL S-S WX    SPD DR
================================================================================

 1  30  16  23  -8  42   0 0.00  0.0    0 15.1 23 350   M    M   0        27 340
 2  27  15  21 -11  44   0 0.00    M    M 11.5 17 350   M    M   1        20 350
 3  25  20  23  -9  42   0 0.11    M    M  9.1 14  20   M    M  10 8      19  20
 4  28  23  26  -6  39   0    T    M    M  1.9  6 290   M    M   9 18      6 300
 5  31  19  25  -7  40   0 0.10    M    M  8.9 22 350   M    M  10 128    26 350
 6  28   4  16 -16  49   0 0.01    M    M 10.0 22 320   M    M   4        27 330
 7  24   2  13 -19  52   0 0.00    M    M 14.3 28 340   M    M   3 8      32 330
 8  26  18  22 -10  43   0 0.06    M    M 13.6 20 350   M    M  10 68     24 330
 9  30  26  28  -5  37   0 0.04    M    M  3.4 10 190   M    M  10 1268   13 310
10  41  26  34   1  31   0 0.00    M    M  7.9 22 260   M    M   5 28     26 220
11  39  21  30  -3  35   0 0.00    M    M  7.7 20 230   M    M   0        21 230
12  36  17  27  -6  38   0 0.00    M    M  8.1 14 310   M    M   0        15 300
13  39  18  29  -5  36   0 0.00    M    M  7.4 14 310   M    M   0        17 310
14  31  12  22 -12  43   0 0.00    M    M  3.3 12 310   M    M   1 28     14 310
15  35  22  29  -5  36   0 0.60    M    M  2.6 13 240   M    M   9 1268   14 240
16  36  33  35   1  30   0 0.03    M    M  3.6  9 330   M    M  10 128    11 350
17  38  32  35   1  30   0 0.00    M    M 11.5 20 330   M    M   7 128    26 320
18  38  34  36   1  29   0 0.05    M    M  6.4 17 350   M    M   9 12     21 340
19  38  31  35   0  30   0 0.04    M    M  4.2 14  10   M    M   9 128    14  10
20  39  29  34  -1  31   0 0.18    M    M  8.3 14 350   M    M   7 128    17 350
21  41  31  36   0  29   0 0.03    M    M  6.2 15 350   M    M   9 128    17 360
22  41  28  35  -1  30   0 0.00    M    M  4.2 16 310   M    M   5 128    19 310
23  42  23  33  -3  32   0 0.00    M    M  7.5 18 340   M    M   0        24 320
24  37  16  27  -9  38   0 0.00    M    M  7.7 13 300   M    M   1        15 300
25  38  16  27 -10  38   0 0.00    M    M  6.3 14 300   M    M   2        16 300
================================================================================
SM  858  532       924   0  1.25     0.0 190.7          M      131
================================================================================
AV 34.3 21.3                               7.6 FASTST   M    M   5    MAX(MPH)
                                 MISC ---->  # 28 340               # 32  330
================================================================================
NOTES:
# LAST OF SEVERAL OCCURRENCES

COLUMN 17 PEAK WIND IN M.P.H.

PRELIMINARY LOCAL CLIMATOLOGICAL DATA (WS FORM: F-6) , PAGE 2

                                          STATION:  EPHRATA WA AIRPORT
                                          MONTH:    FEBRUARY
                                          YEAR:     2017
                                          LATITUDE:   47 18 N
                                          LONGITUDE: 119 31 W

[TEMPERATURE DATA]      [PRECIPITATION DATA]       SYMBOLS USED IN COLUMN 16

AVERAGE MONTHLY: 27.8   TOTAL FOR MONTH:   1.25    1 = FOG OR MIST
DPTR FM NORMAL:  -5.9   DPTR FM NORMAL:    0.59    2 = FOG REDUCING VISIBILITY
HIGHEST:    42 ON 23    GRTST 24HR  0.60 ON 15-15      TO 1/4 MILE OR LESS
LOWEST:      2 ON  7                               3 = THUNDER
                        SNOW, ICE PELLETS, HAIL    4 = ICE PELLETS
                        TOTAL MONTH:   0.0 INCH    5 = HAIL
                        GRTST 24HR     0.0         6 = FREEZING RAIN OR DRIZZLE
                        GRTST DEPTH:   0           7 = DUSTSTORM OR SANDSTORM:
                                                       VSBY 1/2 MILE OR LESS
                                                   8 = SMOKE OR HAZE
[NO. OF DAYS WITH]      [WEATHER - DAYS WITH]      9 = BLOWING SNOW
                                                   X = TORNADO
MAX 32 OR BELOW:  10    0.01 INCH OR MORE:  11
MAX 90 OR ABOVE:   0    0.10 INCH OR MORE:   4
MIN 32 OR BELOW:  23    0.50 INCH OR MORE:   1
MIN  0 OR BELOW:   0    1.00 INCH OR MORE:   0

[HDD (BASE 65) ]
TOTAL THIS MO.   924    CLEAR  (SCALE 0-3)  10
DPTR FM NORMAL   143    PTCLDY (SCALE 4-7)   5
TOTAL FM JUL 1  4678    CLOUDY (SCALE 8-10) 10
DPTR FM NORMAL   189

[CDD (BASE 65) ]
TOTAL THIS MO.     0
DPTR FM NORMAL     0    [PRESSURE DATA]
TOTAL FM JAN 1     0    HIGHEST SLP M ON M
DPTR FM NORMAL     0    LOWEST  SLP 29.20 ON  6

[REMARKS]
