000
CXUS56 KOTX 160900
CF6EPH
PRELIMINARY LOCAL CLIMATOLOGICAL DATA (WS FORM: F-6)

                                          STATION:   EPHRATA WA AIRPORT
                                          MONTH:     JANUARY
                                          YEAR:      2017
                                          LATITUDE:   47 18 N
                                          LONGITUDE: 119 31 W

  TEMPERATURE IN F:       :PCPN:    SNOW:  WIND      :SUNSHINE: SKY     :PK WND
================================================================================
1   2   3   4   5  6A  6B    7    8   9   10  11  12  13   14  15   16   17  18
                                     12Z  AVG MX 2MIN
DY MAX MIN AVG DEP HDD CDD  WTR  SNW DPTH SPD SPD DIR MIN PSBL S-S WX    SPD DR
================================================================================

 1  30  15  23  -3  42   0 0.02    M    M 12.4 28  20   M    M  10 8      31  20
 2  24  19  22  -5  43   0    T    M    M 16.1 25  30   M    M  10 8      31  30
 3  20  10  15 -12  50   0 0.00    M    M 12.6 20 350   M    M   8        23 350
 4  22  10  16 -11  49   0 0.00    M    M 16.9 28 350   M    M   0        31 350
 5  14  -5   5 -22  60   0 0.00    M    M  5.2 16 350   M    M   1 8      20 340
 6  17   5  11 -16  54   0    T    M    M  7.6 14 340   M    M   2        16 340
 7  22   2  12 -15  53   0 0.01    M    M  7.5 14 350   M    M   5        15 350
 8  28  19  24  -3  41   0 0.08    M    M 11.0 24 330   M    M  10        29 330
 9  26  21  24  -4  41   0    T    M    M  5.3 15 350   M    M  10 18     17 350
10  25  15  20  -8  45   0    T    M    M 18.2 31  10   M    M  10 8      37  10
11  20   4  12 -16  53   0 0.00    M    M 14.2 35 340   M    M   9 89     42 340
12  17  -3   7 -21  58   0 0.00  0.0    0  5.6 10 310   M    M   0        13 310
13  11  -8   2 -26  63   0 0.00    M    M  2.8  8 220   M    M   7 8      10 220
14  14   1   8 -20  57   0 0.00    M    M  1.2  6  80   M    M   8 18      6  80
15  12   7  10 -19  55   0    T    M    M  3.4  7 150   M    M  10 8       8  20
================================================================================
SM  302  112       764   0  0.11     0.0 140.0          M      100
================================================================================
AV 20.1  7.5                               9.3 FASTST   M    M   7    MAX(MPH)
                                 MISC ---->  # 35 340               # 42  340
================================================================================
NOTES:
# LAST OF SEVERAL OCCURRENCES

COLUMN 17 PEAK WIND IN M.P.H.

PRELIMINARY LOCAL CLIMATOLOGICAL DATA (WS FORM: F-6) , PAGE 2

                                          STATION:  EPHRATA WA AIRPORT
                                          MONTH:    JANUARY
                                          YEAR:     2017
                                          LATITUDE:   47 18 N
                                          LONGITUDE: 119 31 W

[TEMPERATURE DATA]      [PRECIPITATION DATA]       SYMBOLS USED IN COLUMN 16

AVERAGE MONTHLY: 13.8   TOTAL FOR MONTH:   0.11    1 = FOG OR MIST
DPTR FM NORMAL: -13.7   DPTR FM NORMAL:   -0.38    2 = FOG REDUCING VISIBILITY
HIGHEST:    30 ON  1    GRTST 24HR  0.08 ON  8- 8      TO 1/4 MILE OR LESS
LOWEST:     -8 ON 13                               3 = THUNDER
                        SNOW, ICE PELLETS, HAIL    4 = ICE PELLETS
                        TOTAL MONTH:   0.0 INCH    5 = HAIL
                        GRTST 24HR     0.0         6 = FREEZING RAIN OR DRIZZLE
                        GRTST DEPTH:   0           7 = DUSTSTORM OR SANDSTORM:
                                                       VSBY 1/2 MILE OR LESS
                                                   8 = SMOKE OR HAZE
[NO. OF DAYS WITH]      [WEATHER - DAYS WITH]      9 = BLOWING SNOW
                                                   X = TORNADO
MAX 32 OR BELOW:  15    0.01 INCH OR MORE:   3
MAX 90 OR ABOVE:   0    0.10 INCH OR MORE:   0
MIN 32 OR BELOW:  15    0.50 INCH OR MORE:   0
MIN  0 OR BELOW:   3    1.00 INCH OR MORE:   0

[HDD (BASE 65) ]
TOTAL THIS MO.   764    CLEAR  (SCALE 0-3)   4
DPTR FM NORMAL   201    PTCLDY (SCALE 4-7)   2
TOTAL FM JUL 1  3177    CLOUDY (SCALE 8-10)  9
DPTR FM NORMAL    28

[CDD (BASE 65) ]
TOTAL THIS MO.     0
DPTR FM NORMAL     0    [PRESSURE DATA]
TOTAL FM JAN 1     0    HIGHEST SLP M ON M
DPTR FM NORMAL     0    LOWEST  SLP 29.51 ON 11

[REMARKS]
