000
CXUS53 KDMX 190920
CF6EST
PRELIMINARY LOCAL CLIMATOLOGICAL DATA (WS FORM: F-6)

                                          STATION:   ESTHERVILLE IA
                                          MONTH:     JANUARY
                                          YEAR:      2018
                                          LATITUDE:   43 24 N
                                          LONGITUDE:  94 45 W

  TEMPERATURE IN F:       :PCPN:    SNOW:  WIND      :SUNSHINE: SKY     :PK WND
================================================================================
1   2   3   4   5  6A  6B    7    8   9   10  11  12  13   14  15   16   17  18
                                     12Z  AVG MX 2MIN
DY MAX MIN AVG DEP HDD CDD  WTR  SNW DPTH SPD SPD DIR MIN PSBL S-S WX    SPD DR
================================================================================

 1  -5 -26 -15 -31  80   0 0.00  0.0    M  8.0 13 300   M    M   0        15 300
 2  16 -20  -2 -18  67   0    T    M    M 17.4 30 330   M    M   2 18     35 230
 3  12 -10   1 -15  64   0    T    M    M 15.0 35 330   M    M   4 18     42 330
 4   4  -9  -2 -18  67   0    T    M    M  5.4 10 340   M    M  10 18     12 340
 5   3 -18  -7 -23  72   0 0.00  0.0    M  6.2 10  30   M    M   2        13  30
 6  13 -18  -2 -18  67   0 0.00  0.0    M 14.3 28 170   M    M   3        33 170
 7  32  12  22   7  43   0 0.00  0.0    M 13.2 22 180   M    M   4 1      27 170
 8  37  17  27  12  38   0 0.00  0.0    M  7.9 15 270   M    M   0        17 270
 9  39  26  33  18  32   0 0.00  0.0    M 14.0 28 170   M    M   0        32 160
10  37  26  32  17  33   0 0.00  0.0    M 16.7 28 330   M    M  10 12     33 170
11  27  -5  11  -4  54   0    T    M    M 26.4 36 330   M    M   8 18     45 320
12   4 -10  -3 -18  68   0 0.00  0.0    M 15.3 28 330   M    M   3        32 330
13   7 -12  -2 -17  67   0 0.00  0.0    M  7.0 15 330   M    M   1        18 330
14  22   1  12  -3  53   0 0.02    M    M 16.5 31 330   M    M  10 12     41 320
15   6 -11  -2 -17  67   0    T    M    M 23.7 33 330   M    M   9 18     43 320
16   6 -10  -2 -17  67   0    T    M    M 12.9 25 330   M    M   6 18     30 330
17  28  -2  13  -2  52   0 0.00  0.0    M 17.9 30 230   M    M   0        36 220
18  39  18  29  13  36   0 0.00  0.0    0 12.1 21 220   M    M   0        26 220
================================================================================
SM  327  -51      1027   0  0.02     0.0 249.9          M       72
================================================================================
AV 18.2 -2.8                              13.9 FASTST   M    M   4    MAX(MPH)
                                 MISC ---->  # 36 330               # 45  320
================================================================================
NOTES:
# LAST OF SEVERAL OCCURRENCES

COLUMN 17 PEAK WIND IN M.P.H.

PRELIMINARY LOCAL CLIMATOLOGICAL DATA (WS FORM: F-6) , PAGE 2

                                          STATION:  ESTHERVILLE IA
                                          MONTH:    JANUARY
                                          YEAR:     2018
                                          LATITUDE:   43 24 N
                                          LONGITUDE:  94 45 W

[TEMPERATURE DATA]      [PRECIPITATION DATA]       SYMBOLS USED IN COLUMN 16

AVERAGE MONTHLY:  7.7   TOTAL FOR MONTH:   0.02    1 = FOG OR MIST
DPTR FM NORMAL:  -7.7   DPTR FM NORMAL:   -0.17    2 = FOG REDUCING VISIBILITY
HIGHEST:    39 ON 18, 9 GRTST 24HR  0.02 ON 14-14      TO 1/4 MILE OR LESS
LOWEST:    -26 ON  1                               3 = THUNDER
                        SNOW, ICE PELLETS, HAIL    4 = ICE PELLETS
                        TOTAL MONTH:   0.0 INCH    5 = HAIL
                        GRTST 24HR     0.0         6 = FREEZING RAIN OR DRIZZLE
                        GRTST DEPTH:   0           7 = DUSTSTORM OR SANDSTORM:
                                                       VSBY 1/2 MILE OR LESS
                                                   8 = SMOKE OR HAZE
[NO. OF DAYS WITH]      [WEATHER - DAYS WITH]      9 = BLOWING SNOW
                                                   X = TORNADO
MAX 32 OR BELOW:  14    0.01 INCH OR MORE:   1
MAX 90 OR ABOVE:   0    0.10 INCH OR MORE:   0
MIN 32 OR BELOW:  18    0.50 INCH OR MORE:   0
MIN  0 OR BELOW:  12    1.00 INCH OR MORE:   0

[HDD (BASE 65) ]
TOTAL THIS MO.  1027    CLEAR  (SCALE 0-3)   9
DPTR FM NORMAL   132    PTCLDY (SCALE 4-7)   5
TOTAL FM JUL 1  4046    CLOUDY (SCALE 8-10)  4
DPTR FM NORMAL     8

[CDD (BASE 65) ]
TOTAL THIS MO.     0
DPTR FM NORMAL     0    [PRESSURE DATA]
TOTAL FM JAN 1     0    HIGHEST SLP M ON M
DPTR FM NORMAL     0    LOWEST  SLP 29.52 ON 10

[REMARKS]
