000
CXUS56 KPQR 291200
CF6EUG
PRELIMINARY LOCAL CLIMATOLOGICAL DATA (WS FORM: F-6)

                                          STATION:   EUGENE OR
                                          MONTH:     JULY
                                          YEAR:      2015
                                          LATITUDE:   44  7 N
                                          LONGITUDE: 123 13 W

  TEMPERATURE IN F:       :PCPN:    SNOW:  WIND      :SUNSHINE: SKY     :PK WND
================================================================================
1   2   3   4   5  6A  6B    7    8   9   10  11  12  13   14  15   16   17  18
                                     12Z  AVG MX 2MIN
DY MAX MIN AVG DEP HDD CDD  WTR  SNW DPTH SPD SPD DIR MIN PSBL S-S WX    SPD DR
================================================================================

 1  99  59  79  15   0  14 0.00  0.0    0  9.2 18  30   M    M   1 8      23  20
 2 101  58  80  16   0  15 0.00  0.0    0  6.5 18 350   M    M   1        25 360
 3 100  58  79  15   0  14 0.00  0.0    0  4.6 16  10   M    M   1        19  10
 4  91  55  73   8   0   8 0.00  0.0    0  4.2 10 260   M    M   6        20 230
 5  93  59  76  11   0  11 0.00  0.0    0  9.5 21 260   M    M   5        26 260
 6  83  57  70   5   0   5 0.00  0.0    0 10.2 21 240   M    M   5        25 250
 7  92  53  73   7   0   8 0.00  0.0    0  6.9 16 230   M    M   4        19 230
 8  93  55  74   8   0   9 0.00  0.0    0  7.0 20 250   M    M   2        23 250
 9  75  58  67   1   0   2 0.03  0.0    0 11.0 20 240   M    M   7        25 240
10  79  58  69   3   0   4 0.01  0.0    0  6.8 17 260   M    M   8        20 250
11  74  62  68   2   0   3 0.00  0.0    0  6.0 17 260   M    M  10        22 270
12  85  59  72   5   0   7 0.00  0.0    0  5.6 17 280   M    M   7        22 280
13  86  56  71   4   0   6 0.00  0.0    0  5.1 16 320   M    M   5        18 320
14  87  54  71   4   0   6 0.00  0.0    0  6.7 17  20   M    M   2        23  20
15  88  50  69   2   0   4 0.00  0.0    0  6.5 18 340   M    M   3        26 360
16  83  51  67   0   0   2 0.00  0.0    0  9.2 21  10   M    M   5        31  20
17  86  50  68   1   0   3 0.00  0.0    0 11.1 21  30   M    M   4        26 360
18 100  53  77   9   0  12 0.00  0.0    0  8.0 16  10   M    M   1        21  40
19  94  59  77   9   0  12 0.00  0.0    0 11.9 18 250   M    M   0        24 230
20  92  56  74   6   0   9 0.00  0.0    0  5.5 15 360   M    M   1        17 350
21  80  51  66  -2   0   1 0.00  0.0    0  8.3 17 330   M    M   5        23 350
22  78  47  63  -5   2   0 0.00  0.0    0  9.0 20 360   M    M   3        24  10
23  85  50  68   0   0   3 0.00  0.0    0  4.1 16 310   M    M   2 8      21 300
24  86  50  68   0   0   3 0.00  0.0    0  6.4 17 230   M    M   1 8      23 240
25  75  57  66  -2   0   1 0.00  0.0    0  7.3 15 300   M    M   7        22 280
26  75  49  62  -6   3   0 0.01    M    0  4.1 13 330   M    M   7        20 230
27  80  53  67  -1   0   2 0.00  0.0    0  7.5 18  20   M    M   5        24  30
28  87  53  70   2   0   5 0.00  0.0    0 13.3 24  10   M    M   0        30  20
================================================================================
SM 2427 1530         5 169  0.05     0.0 211.5          M      108
================================================================================
AV 86.7 54.6                               7.6 FASTST   M    M   4    MAX(MPH)
                                 MISC ---->  # 24  10               # 31   20
================================================================================
NOTES:
# LAST OF SEVERAL OCCURRENCES

COLUMN 17 PEAK WIND IN M.P.H.

PRELIMINARY LOCAL CLIMATOLOGICAL DATA (WS FORM: F-6) , PAGE 2

                                          STATION:  EUGENE OR
                                          MONTH:    JULY
                                          YEAR:     2015
                                          LATITUDE:   44  7 N
                                          LONGITUDE: 123 13 W

[TEMPERATURE DATA]      [PRECIPITATION DATA]       SYMBOLS USED IN COLUMN 16

AVERAGE MONTHLY: 70.7   TOTAL FOR MONTH:   0.05    1 = FOG OR MIST
DPTR FM NORMAL:   4.0   DPTR FM NORMAL:   -0.46    2 = FOG REDUCING VISIBILITY
HIGHEST:   101 ON  2    GRTST 24HR  0.04 ON  9-10      TO 1/4 MILE OR LESS
LOWEST:     47 ON 22                               3 = THUNDER
                        SNOW, ICE PELLETS, HAIL    4 = ICE PELLETS
                        TOTAL MONTH:   0.0 INCH    5 = HAIL
                        GRTST 24HR     0.0         6 = FREEZING RAIN OR DRIZZLE
                        GRTST DEPTH:   0           7 = DUSTSTORM OR SANDSTORM:
                                                       VSBY 1/2 MILE OR LESS
                                                   8 = SMOKE OR HAZE
[NO. OF DAYS WITH]      [WEATHER - DAYS WITH]      9 = BLOWING SNOW
                                                   X = TORNADO
MAX 32 OR BELOW:   0    0.01 INCH OR MORE:   3
MAX 90 OR ABOVE:  10    0.10 INCH OR MORE:   0
MIN 32 OR BELOW:   0    0.50 INCH OR MORE:   0
MIN  0 OR BELOW:   0    1.00 INCH OR MORE:   0

[HDD (BASE 65) ]
TOTAL THIS MO.     5    CLEAR  (SCALE 0-3)  13
DPTR FM NORMAL   -32    PTCLDY (SCALE 4-7)  14
TOTAL FM JUL 1     5    CLOUDY (SCALE 8-10)  1
DPTR FM NORMAL   -32

[CDD (BASE 65) ]
TOTAL THIS MO.   169
DPTR FM NORMAL    84    [PRESSURE DATA]
TOTAL FM JAN 1   287    HIGHEST SLP M ON M
DPTR FM NORMAL   178    LOWEST  SLP 29.66 ON  9

[REMARKS]
