000
CXUS53 KPAH 250634
CF6EVV
PRELIMINARY LOCAL CLIMATOLOGICAL DATA (WS FORM: F-6)

                                          STATION:   EVANSVILLE IN
                                          MONTH:     APRIL
                                          YEAR:      2014
                                          LATITUDE:   38  2 N
                                          LONGITUDE:  87 32 W

  TEMPERATURE IN F:       :PCPN:    SNOW:  WIND      :SUNSHINE: SKY     :PK WND
================================================================================
1   2   3   4   5  6A  6B    7    8   9   10  11  12  13   14  15   16   17  18
                                     12Z  AVG MX 2MIN
DY MAX MIN AVG DEP HDD CDD  WTR  SNW DPTH SPD SPD DIR MIN PSBL S-S WX    SPD DR
================================================================================

 1  72  52  62  11   3   0 0.02  0.0    0  9.2 20 220   M    M   4 8      27 230
 2  65  50  58   6   7   0 0.51  0.0    0  8.4 22  40   M    M   7 13     25  40
 3  65  57  61   9   4   0 4.96  0.0    0  8.0 24 320   M    M   8 13     30 320
 4  63  44  54   2  11   0 0.75  0.0    0 12.0 25 270   M    M   9 13     48 230
 5  53  40  47  -6  18   0 0.00  0.0    0  5.7 15  40   M    M   5 8      18 290
 6  61  38  50  -3  15   0 0.00  0.0    0  5.7 16  70   M    M   0        20  70
 7  55  44  50  -3  15   0 0.73  0.0    0  9.0 25  40   M    M  10 13     31  50
 8  61  43  52  -2  13   0 0.02  0.0    0  6.9 15 320   M    M   6 138    22 320
 9  62  45  54   0  11   0 0.00  0.0    0  7.5 17 240   M    M   0 8      22 250
10  78  50  64  10   1   0 0.00  0.0    0 14.0 29 210   M    M   0 8      42 210
11  73  53  63   8   2   0 0.00  0.0    0  3.9 12 250   M    M   3 8      14 250
12  80  50  65  10   0   0 0.00  0.0    0 11.1 25 210   M    M   1 18     34 220
13  78  62  70  15   0   5 0.42  0.0    0 13.5 30 220   M    M   5 1      38 220
14  63  37  50  -6  15   0 0.62  0.0    0 12.2 21 330   M    M   9 18     28 330
15  45  34  40 -16  25   0 0.00  0.0    0  9.6 21 360   M    M   6        28 360
16  55  32  44 -12  21   0 0.00  0.0    0  6.3 16 140   M    M   0        23 120
17  68  38  53  -4  12   0 0.00  0.0    0  5.5 20 220   M    M   0 8      24 230
18  73  43  58   1   7   0 0.00  0.0    0  3.3 13 340   M    M   0        17 340
19  77  51  64   7   1   0 0.00  0.0    0  6.7 15  90   M    M   0        20  70
20  79  47  63   5   2   0 0.00  0.0    0  2.2  9 150   M    M   0        11 160
21  77  53  65   7   0   0 0.02  0.0    0  5.8 18 230   M    M   4 8      22 240
22  70  54  62   4   3   0 0.00  0.0    0  9.0 18 330   M    M   2 8      26 340
23  67  44  56  -3   9   0 0.00  0.0    0  6.8 15  30   M    M   0        18  40
24  77  50  64   5   1   0 0.09  0.0    0  6.9 17 190   M    M   2 18     23 200
================================================================================
SM 1617 1111       196   5  8.14     0.0 189.2          M       81
================================================================================
AV 67.4 46.3                               7.9 FASTST   M    M   3    MAX(MPH)
                                 MISC ---->  # 30 220               # 48  230
================================================================================
NOTES:
# LAST OF SEVERAL OCCURRENCES

COLUMN 17 PEAK WIND IN M.P.H.

PRELIMINARY LOCAL CLIMATOLOGICAL DATA (WS FORM: F-6) , PAGE 2

                                          STATION:  EVANSVILLE IN
                                          MONTH:    APRIL
                                          YEAR:     2014
                                          LATITUDE:   38  2 N
                                          LONGITUDE:  87 32 W

[TEMPERATURE DATA]      [PRECIPITATION DATA]       SYMBOLS USED IN COLUMN 16

AVERAGE MONTHLY: 56.8   TOTAL FOR MONTH:   8.14    1 = FOG OR MIST
DPTR FM NORMAL:   1.7   DPTR FM NORMAL:    4.74    2 = FOG REDUCING VISIBILITY
HIGHEST:    80 ON 12    GRTST 24HR  5.50 ON  3- 4      TO 1/4 MILE OR LESS
LOWEST:     32 ON 16                               3 = THUNDER
                        SNOW, ICE PELLETS, HAIL    4 = ICE PELLETS
                        TOTAL MONTH:   0.0 INCH    5 = HAIL
                        GRTST 24HR     0.0         6 = FREEZING RAIN OR DRIZZLE
                        GRTST DEPTH:   0           7 = DUSTSTORM OR SANDSTORM:
                                                       VSBY 1/2 MILE OR LESS
                                                   8 = SMOKE OR HAZE
[NO. OF DAYS WITH]      [WEATHER - DAYS WITH]      9 = BLOWING SNOW
                                                   X = TORNADO
MAX 32 OR BELOW:   0    0.01 INCH OR MORE:  10
MAX 90 OR ABOVE:   0    0.10 INCH OR MORE:   6
MIN 32 OR BELOW:   1    0.50 INCH OR MORE:   5
MIN  0 OR BELOW:   0    1.00 INCH OR MORE:   1

[HDD (BASE 65) ]
TOTAL THIS MO.   196    CLEAR  (SCALE 0-3)  13
DPTR FM NORMAL   -56    PTCLDY (SCALE 4-7)   7
TOTAL FM JUL 1  4871    CLOUDY (SCALE 8-10)  4
DPTR FM NORMAL   453

[CDD (BASE 65) ]
TOTAL THIS MO.     5
DPTR FM NORMAL   -11    [PRESSURE DATA]
TOTAL FM JAN 1     5    HIGHEST SLP M ON M
DPTR FM NORMAL   -14    LOWEST  SLP 29.46 ON  7

[REMARKS]
