000
CXUS56 KSLC 211233
CF6EVW
PRELIMINARY LOCAL CLIMATOLOGICAL DATA (WS FORM: F-6)

                                          STATION:   EVANSTON WY
                                          MONTH:     JANUARY
                                          YEAR:      2018
                                          LATITUDE:   41 16 N
                                          LONGITUDE: 111  2 W

  TEMPERATURE IN F:       :PCPN:    SNOW:  WIND      :SUNSHINE: SKY     :PK WND
================================================================================
1   2   3   4   5  6A  6B    7    8   9   10  11  12  13   14  15   16   17  18
                                     12Z  AVG MX 2MIN
DY MAX MIN AVG DEP HDD CDD  WTR  SNW DPTH SPD SPD DIR MIN PSBL S-S WX    SPD DR
================================================================================

 1  38  17  28   7  37   0 0.00  0.0    0  9.4 26 250   M    M   1        33 250
 2  36  14  25   4  40   0 0.00  0.0    0  5.8 15 220   M    M   0        17 220
 3  39  17  28   7  37   0 0.00  0.0    0  4.1  9 200   M    M   0        11 230
 4  43  19  31  10  34   0 0.00  0.0    0  4.9 13 230   M    M   2        15 220
 5  47  29  38  17  27   0 0.00  0.0    0  7.5 17 240   M    M   2        22 240
 6  41  27  34  13  31   0    T    M    0 10.3 18 230   M    M   7 1      24 240
 7  37  23  30   9  35   0 0.00  0.0    0 12.5 23 250   M    M   1        27 250
 8  47  23  35  14  30   0 0.00  0.0    0  6.9 18 240   M    M   3        24 230
 9  39  33  36  15  29   0    T    M    0 11.1 15 200   M    M  10 12     20 230
10  35  21  28   6  37   0 0.02    M    0 15.6 28 290   M    M   6 12     35 280
11  35  18  27   5  38   0    T    M    0 16.1 29 230   M    M   6 1      34 240
12  36  24  30   8  35   0 0.01    M    0 12.1 37 260   M    M   8 1      47 260
13  38  24  31   9  34   0 0.00  0.0    0 10.4 22 240   M    M   4        25 240
14  43  18  31   9  34   0 0.00  0.0    0  5.2 15 220   M    M   0        17 220
15  38  19  29   7  36   0 0.00  0.0    0  7.8 18  80   M    M   0        24  90
16  36  10  23   1  42   0 0.00  0.0    0  5.4 14  80   M    M   1        16  80
17  41  20  31   9  34   0 0.00  0.0    0  5.9 14 260   M    M   3        17 270
18  48  26  37  15  28   0 0.00  0.0    0  9.7 17 220   M    M   0        23 230
19  44  23  34  12  31   0 0.09    M    0 18.1 33 230   M    M   7 1      43 230
20  23  17  20  -2  45   0 0.05    M    0 12.4 24 350   M    M  10 1      27 350
================================================================================
SM  784  422       694   0  0.17     0.0 191.2          M       71
================================================================================
AV 39.2 21.1                               9.6 FASTST   M    M   4    MAX(MPH)
                                 MISC ---->  # 37 260               # 47  260
================================================================================
NOTES:
# LAST OF SEVERAL OCCURRENCES

COLUMN 17 PEAK WIND IN M.P.H.

PRELIMINARY LOCAL CLIMATOLOGICAL DATA (WS FORM: F-6) , PAGE 2

                                          STATION:  EVANSTON WY
                                          MONTH:    JANUARY
                                          YEAR:     2018
                                          LATITUDE:   41 16 N
                                          LONGITUDE: 111  2 W

[TEMPERATURE DATA]      [PRECIPITATION DATA]       SYMBOLS USED IN COLUMN 16

AVERAGE MONTHLY: 30.2   TOTAL FOR MONTH:   0.17    1 = FOG OR MIST
DPTR FM NORMAL:   8.6   DPTR FM NORMAL:   -0.19    2 = FOG REDUCING VISIBILITY
HIGHEST:    48 ON 18    GRTST 24HR  0.14 ON 19-20      TO 1/4 MILE OR LESS
LOWEST:     10 ON 16                               3 = THUNDER
                        SNOW, ICE PELLETS, HAIL    4 = ICE PELLETS
                        TOTAL MONTH:   0.0 INCH    5 = HAIL
                        GRTST 24HR     0.0         6 = FREEZING RAIN OR DRIZZLE
                        GRTST DEPTH:   0           7 = DUSTSTORM OR SANDSTORM:
                                                       VSBY 1/2 MILE OR LESS
                                                   8 = SMOKE OR HAZE
[NO. OF DAYS WITH]      [WEATHER - DAYS WITH]      9 = BLOWING SNOW
                                                   X = TORNADO
MAX 32 OR BELOW:   1    0.01 INCH OR MORE:   4
MAX 90 OR ABOVE:   0    0.10 INCH OR MORE:   0
MIN 32 OR BELOW:  19    0.50 INCH OR MORE:   0
MIN  0 OR BELOW:   0    1.00 INCH OR MORE:   0

[HDD (BASE 65) ]
TOTAL THIS MO.   694    CLEAR  (SCALE 0-3)  12
DPTR FM NORMAL  -176    PTCLDY (SCALE 4-7)   6
TOTAL FM JUL 1  3622    CLOUDY (SCALE 8-10)  2
DPTR FM NORMAL  -727

[CDD (BASE 65) ]
TOTAL THIS MO.     0
DPTR FM NORMAL     0    [PRESSURE DATA]
TOTAL FM JAN 1     0    HIGHEST SLP M ON M
DPTR FM NORMAL     0    LOWEST  SLP 29.55 ON 10

[REMARKS]
