000
CXUS56 KSLC 201248
CF6EVW
PRELIMINARY LOCAL CLIMATOLOGICAL DATA (WS FORM: F-6)

                                          STATION:   EVANSTON WY
                                          MONTH:     DECEMBER
                                          YEAR:      2014
                                          LATITUDE:   41 16 N
                                          LONGITUDE: 111  2 W

  TEMPERATURE IN F:       :PCPN:    SNOW:  WIND      :SUNSHINE: SKY     :PK WND
================================================================================
1   2   3   4   5  6A  6B    7    8   9   10  11  12  13   14  15   16   17  18
                                     12Z  AVG MX 2MIN
DY MAX MIN AVG DEP HDD CDD  WTR  SNW DPTH SPD SPD DIR MIN PSBL S-S WX    SPD DR
================================================================================

 1  39  22  31   8  34   0    T    M    0 12.2 26 240   M    M   8 12     33 240
 2  43  30  37  14  28   0 0.00  0.0    0  8.4 18 210   M    M   1        25 210
 3  40  29  35  13  30   0    T    M    0  8.7 21 230   M    M   8 18     24 230
 4  46  31  39  17  26   0 0.00  0.0    0  7.1 15 250   M    M   5        18 240
 5  47  31  39  17  26   0 0.00  0.0    0  5.8 12 260   M    M   3        14 250
 6  48  32  40  18  25   0 0.00  0.0    0  8.0 23 220   M    M   3        30 210
 7  47  30  39  18  26   0 0.00  0.0    0  8.3 16 250   M    M   2        21 240
 8  49  23  36  15  29   0 0.00  0.0    0  4.6 15 250   M    M   0        18 250
 9  50  29  40  19  25   0 0.00  0.0    0  3.5  8 160   M    M   0         9 270
10  52  30  41  20  24   0 0.00  0.0    0  4.4 10 110   M    M   0        12  90
11  51  29  40  19  25   0 0.00  0.0    0  5.4 12 110   M    M   1        15 210
12  48  33  41  21  24   0 0.00  0.0    0  7.3 20 190   M    M   0        28 150
13  42  27  35  15  30   0 0.01    M    0 10.0 22 250   M    M   9 1      26 240
14  30  22  26   6  39   0    T    M    0  8.8 17 290   M    M  10 1      21 290
15  32  15  24   4  41   0    T    M    0  6.2 12 240   M    M   3 1      14  80
16  34  19  27   7  38   0    T    M    0  8.1 16  90   M    M   7        20  90
17  37  22  30  10  35   0 0.00  0.0    0  5.4 12 280   M    M   6        13 270
18  34  20  27   7  38   0    T    M    0  7.8 16 250   M    M   6        19 250
19  37  19  28   8  37   0    T    M    0 10.8 21 230   M    M   7        26 240
================================================================================
SM  806  493       580   0  0.01     0.0 140.8          M       79
================================================================================
AV 42.4 25.9                               7.4 FASTST   M    M   4    MAX(MPH)
                                 MISC ---->  # 26 240               # 33  240
================================================================================
NOTES:
# LAST OF SEVERAL OCCURRENCES

COLUMN 17 PEAK WIND IN M.P.H.

PRELIMINARY LOCAL CLIMATOLOGICAL DATA (WS FORM: F-6) , PAGE 2

                                          STATION:  EVANSTON WY
                                          MONTH:    DECEMBER
                                          YEAR:     2014
                                          LATITUDE:   41 16 N
                                          LONGITUDE: 111  2 W

[TEMPERATURE DATA]      [PRECIPITATION DATA]       SYMBOLS USED IN COLUMN 16

AVERAGE MONTHLY: 34.2   TOTAL FOR MONTH:   0.01    1 = FOG OR MIST
DPTR FM NORMAL:  13.2   DPTR FM NORMAL:   -0.37    2 = FOG REDUCING VISIBILITY
HIGHEST:    52 ON 10    GRTST 24HR  0.25 ON 30- 1      TO 1/4 MILE OR LESS
LOWEST:     15 ON 15                               3 = THUNDER
                        SNOW, ICE PELLETS, HAIL    4 = ICE PELLETS
                        TOTAL MONTH:   0.0 INCH    5 = HAIL
                        GRTST 24HR     0.0         6 = FREEZING RAIN OR DRIZZLE
                        GRTST DEPTH:   0           7 = DUSTSTORM OR SANDSTORM:
                                                       VSBY 1/2 MILE OR LESS
                                                   8 = SMOKE OR HAZE
[NO. OF DAYS WITH]      [WEATHER - DAYS WITH]      9 = BLOWING SNOW
                                                   X = TORNADO
MAX 32 OR BELOW:   2    0.01 INCH OR MORE:   1
MAX 90 OR ABOVE:   0    0.10 INCH OR MORE:   0
MIN 32 OR BELOW:  18    0.50 INCH OR MORE:   0
MIN  0 OR BELOW:   0    1.00 INCH OR MORE:   0

[HDD (BASE 65) ]
TOTAL THIS MO.   580    CLEAR  (SCALE 0-3)   9
DPTR FM NORMAL  -255    PTCLDY (SCALE 4-7)   6
TOTAL FM JUL 1  2376    CLOUDY (SCALE 8-10)  4
DPTR FM NORMAL  -568

[CDD (BASE 65) ]
TOTAL THIS MO.     0
DPTR FM NORMAL     0    [PRESSURE DATA]
TOTAL FM JAN 1   219    HIGHEST SLP M ON M
DPTR FM NORMAL    57    LOWEST  SLP 29.72 ON 13

[REMARKS]
