000
CXUS52 KMHX 160806
CF6EWN
PRELIMINARY LOCAL CLIMATOLOGICAL DATA (WS FORM: F-6)

                                          STATION:   NEW BERN NC
                                          MONTH:     APRIL
                                          YEAR:      2014
                                          LATITUDE:   35  4 N
                                          LONGITUDE:  77  3 W

  TEMPERATURE IN F:       :PCPN:    SNOW:  WIND      :SUNSHINE: SKY     :PK WND
================================================================================
1   2   3   4   5  6A  6B    7    8   9   10  11  12  13   14  15   16   17  18
                                     12Z  AVG MX 2MIN
DY MAX MIN AVG DEP HDD CDD  WTR  SNW DPTH SPD SPD DIR MIN PSBL S-S WX    SPD DR
================================================================================

 1  80  37  59   1   6   0 0.00  0.0    0  4.4 14 170   M    M   0        18 250
 2  89  53  71  13   0   6 0.00  0.0    0  7.9 17 180   M    M   0        23 180
 3  86  58  72  13   0   7 0.00  0.0    0  7.5 14 260   M    M   0        18 280
 4  90  59  75  16   0  10 0.00  0.0    0 10.9 23 260   M    M   0        30 230
 5  81  55  68   9   0   3 0.00  0.0    0  7.2 14 250   M    M   2        18 280
 6  61  51  56  -3   9   0 0.00  0.0    0 11.7 21  50   M    M   7        26  50
 7  79  54  67   7   0   2    T  0.0    0  9.6 23 190   M    M   8        32 170
 8  73  60  67   7   0   2 0.10  0.0    0  9.2 20 190   M    M   7 1      31 180
 9  71  49  60   0   5   0 0.01    M    0  6.5 18 300   M    M   4        26 340
10  77  42  60   0   5   0 0.00  0.0    0  5.5 18 210   M    M   0 1      24 210
11  82  54  68   7   0   3 0.00  0.0    0 10.2 22 210   M    M   0        29 180
12  84  56  70   9   0   5 0.00  0.0    0  6.4 14 170   M    M   2        20 160
13  83  51  67   6   0   2 0.00  0.0    0  6.3 18 210   M    M   1 1      24 150
14  82  53  68   6   0   3    T  0.0    0  7.1 21 210   M    M   4 12     26 210
15  78  47  63   1   2   0 1.33    M    0 14.4 26  10   M    M   8 1      38 360
================================================================================
SM 1196  779        27  43  1.44     0.0 124.8          M       43
================================================================================
AV 79.7 51.9                               8.3 FASTST   M    M   3    MAX(MPH)
                                 MISC ---->  # 26  10               # 38  360
================================================================================
NOTES:
# LAST OF SEVERAL OCCURRENCES

COLUMN 17 PEAK WIND IN M.P.H.

PRELIMINARY LOCAL CLIMATOLOGICAL DATA (WS FORM: F-6) , PAGE 2

                                          STATION:  NEW BERN NC
                                          MONTH:    APRIL
                                          YEAR:     2014
                                          LATITUDE:   35  4 N
                                          LONGITUDE:  77  3 W

[TEMPERATURE DATA]      [PRECIPITATION DATA]       SYMBOLS USED IN COLUMN 16

AVERAGE MONTHLY: 65.8   TOTAL FOR MONTH:   1.44    1 = FOG OR MIST
DPTR FM NORMAL:   5.9   DPTR FM NORMAL:   -0.14    2 = FOG REDUCING VISIBILITY
HIGHEST:    90 ON  4    GRTST 24HR  1.33 ON 15-15      TO 1/4 MILE OR LESS
LOWEST:     37 ON  1                               3 = THUNDER
                        SNOW, ICE PELLETS, HAIL    4 = ICE PELLETS
                        TOTAL MONTH:   0.0 INCH    5 = HAIL
                        GRTST 24HR     0.0         6 = FREEZING RAIN OR DRIZZLE
                        GRTST DEPTH:   0           7 = DUSTSTORM OR SANDSTORM:
                                                       VSBY 1/2 MILE OR LESS
                                                   8 = SMOKE OR HAZE
[NO. OF DAYS WITH]      [WEATHER - DAYS WITH]      9 = BLOWING SNOW
                                                   X = TORNADO
MAX 32 OR BELOW:   0    0.01 INCH OR MORE:   3
MAX 90 OR ABOVE:   1    0.10 INCH OR MORE:   2
MIN 32 OR BELOW:   0    0.50 INCH OR MORE:   1
MIN  0 OR BELOW:   0    1.00 INCH OR MORE:   1

[HDD (BASE 65) ]
TOTAL THIS MO.    27    CLEAR  (SCALE 0-3)   9
DPTR FM NORMAL   -70    PTCLDY (SCALE 4-7)   5
TOTAL FM JUL 1  2559    CLOUDY (SCALE 8-10)  1
DPTR FM NORMAL   -53

[CDD (BASE 65) ]
TOTAL THIS MO.    43
DPTR FM NORMAL    23    [PRESSURE DATA]
TOTAL FM JAN 1    51    HIGHEST SLP M ON M
DPTR FM NORMAL    17    LOWEST  SLP 29.55 ON  8

[REMARKS]
